--
-- Host: localhost    Database: itorrea
-- ------------------------------------------------------


--
-- Table structure for table `aplicaciones`
--

CREATE TABLE `aplicaciones` (
  `id` int(10) unsigned NOT NULL AUTO_INCREMENT,
  `codigo` char(2) COLLATE utf8_unicode_ci DEFAULT NULL,
  `nombre` varchar(40) COLLATE utf8_unicode_ci NOT NULL,
  `serial` char(48) COLLATE utf8_unicode_ci NOT NULL,
  `tipo` char(1) COLLATE utf8_unicode_ci DEFAULT 'F',
  `instalada` char(1) COLLATE utf8_unicode_ci NOT NULL,
  PRIMARY KEY (`id`)
) ENGINE=InnoDB AUTO_INCREMENT=11 DEFAULT CHARSET=utf8 COLLATE=utf8_unicode_ci;

--
-- Dumping data for table `aplicaciones`
--

INSERT INTO `aplicaciones` VALUES (1,'CO','Contabilidad','','B','S'),(2,'IN','Inventarios','','B','S'),(3,'NO','Nomina','','B','N'),(4,'FO','Front-Office','','F','N'),(5,'PV','Punto de Venta','','F','N'),(6,'IM','Administracion','','B','S'),(7,'FC','Facturador','','B','N'),(8,'TC','Tiempo Compartido','','B','S'),(9,'SO','Socios','','B','S'),(10,'CN','Consecutivos','','B','S');

--
-- Table structure for table `aplicativos`
--

CREATE TABLE `aplicativos` (
  `id` int(10) unsigned NOT NULL AUTO_INCREMENT,
  `nombre` varchar(40) COLLATE utf8_unicode_ci NOT NULL,
  `serial` char(48) COLLATE utf8_unicode_ci NOT NULL,
  PRIMARY KEY (`id`)
) ENGINE=InnoDB AUTO_INCREMENT=6 DEFAULT CHARSET=utf8 COLLATE=utf8_unicode_ci;

--
-- Dumping data for table `aplicativos`
--

INSERT INTO `aplicativos` VALUES (1,'Contabilidad',''),(2,'Inventarios',''),(3,'Nomina',''),(4,'Front-Office',''),(5,'Punto de Venta','');

--
-- Table structure for table `perfiles`
--

CREATE TABLE `perfiles` (
  `id` int(10) unsigned NOT NULL AUTO_INCREMENT,
  `nombre` varchar(70) COLLATE utf8_unicode_ci NOT NULL,
  `aplicaciones_id` int(11) NOT NULL,
  PRIMARY KEY (`id`)
) ENGINE=InnoDB AUTO_INCREMENT=15 DEFAULT CHARSET=utf8 COLLATE=utf8_unicode_ci;

--
-- Dumping data for table `perfiles`
--

INSERT INTO `perfiles` VALUES (1,'Administrador del Sistema',1),(2,'Administrador Inventarios',2),(3,'Administrador del Sistema',6),(4,'Administrador Nomina',3),(5,'Auxiliar Contable',1),(6,'Administrador Front',4),(7,'Administrador del Facturador',7),(8,'Administrador Tiempo Compartido',8),(9,'Administrador Socios',9),(10,'Administrador Consecutivos',10),(11,'Registro Socios',9),(13,'Pedidos al Almacen',2),(14,'reembolsos',1);

--
-- Table structure for table `perfiles_permisos`
--

CREATE TABLE `perfiles_permisos` (
  `id` int(10) unsigned NOT NULL AUTO_INCREMENT,
  `perfiles_id` int(10) unsigned NOT NULL,
  `permisos_id` int(10) unsigned DEFAULT NULL,
  `aplicaciones_id` int(10) unsigned NOT NULL,
  `controller` varchar(100) COLLATE utf8_unicode_ci NOT NULL,
  `action` varchar(100) COLLATE utf8_unicode_ci NOT NULL,
  PRIMARY KEY (`id`),
  UNIQUE KEY `perfiles_id` (`perfiles_id`,`permisos_id`),
  KEY `aplicaciones_id` (`aplicaciones_id`),
  CONSTRAINT `perfiles_permisos_ibfk_1` FOREIGN KEY (`aplicaciones_id`) REFERENCES `aplicaciones` (`id`)
) ENGINE=InnoDB AUTO_INCREMENT=22343 DEFAULT CHARSET=utf8 COLLATE=utf8_unicode_ci;

--
-- Dumping data for table `perfiles_permisos`
--

INSERT INTO `perfiles_permisos` VALUES (369,1,NULL,2,'ordenes','new'),(370,1,NULL,2,'ordenes','edit'),(371,1,NULL,2,'ordenes','search'),(5894,4,NULL,3,'liquidacion','index'),(5895,4,NULL,3,'empleados','index'),(5896,4,NULL,3,'empleados','save'),(5897,4,NULL,3,'empleados','delete'),(5898,4,NULL,3,'empleados','search'),(5899,4,NULL,3,'empleados','rcs'),(5900,4,NULL,3,'contratos','index'),(5901,4,NULL,3,'contratos','save'),(5902,4,NULL,3,'contratos','delete'),(5903,4,NULL,3,'contratos','search'),(5904,4,NULL,3,'contratos','rcs'),(5905,4,NULL,3,'cargos','index'),(5906,4,NULL,3,'cargos','save'),(5907,4,NULL,3,'cargos','delete'),(5908,4,NULL,3,'cargos','search'),(5909,4,NULL,3,'cargos','rcs'),(5910,4,NULL,3,'ubicacion','index'),(5911,4,NULL,3,'ubicacion','save'),(5912,4,NULL,3,'ubicacion','delete'),(5913,4,NULL,3,'ubicacion','search'),(5914,4,NULL,3,'ubicacion','rcs'),(5915,4,NULL,3,'fondos','index'),(5916,4,NULL,3,'fondos','save'),(5917,4,NULL,3,'fondos','delete'),(5918,4,NULL,3,'fondos','search'),(5919,4,NULL,3,'fondos','rcs'),(5920,4,NULL,3,'conceptos_basicos','index'),(5921,4,NULL,3,'conceptos_basicos','save'),(5922,4,NULL,3,'conceptos_basicos','delete'),(5923,4,NULL,3,'conceptos_basicos','search'),(5924,4,NULL,3,'conceptos_basicos','rcs'),(5925,4,NULL,3,'conceptos_devengos','index'),(5926,4,NULL,3,'conceptos_devengos','save'),(5927,4,NULL,3,'conceptos_devengos','delete'),(5928,4,NULL,3,'conceptos_devengos','search'),(5929,4,NULL,3,'conceptos_devengos','rcs'),(5930,4,NULL,3,'conceptos_descuentos','index'),(5931,4,NULL,3,'conceptos_descuentos','save'),(5932,4,NULL,3,'conceptos_descuentos','delete'),(5933,4,NULL,3,'conceptos_descuentos','search'),(5934,4,NULL,3,'conceptos_descuentos','rcs'),(5935,4,NULL,3,'conceptos_licencias','index'),(5936,4,NULL,3,'conceptos_licencias','save'),(5937,4,NULL,3,'conceptos_licencias','delete'),(5938,4,NULL,3,'conceptos_licencias','search'),(5939,4,NULL,3,'conceptos_licencias','rcs'),(5940,4,NULL,3,'retencion','index'),(5941,4,NULL,3,'retencion','save'),(5942,4,NULL,3,'retencion','delete'),(5943,4,NULL,3,'retencion','search'),(5944,4,NULL,3,'retencion','rcs'),(5945,4,NULL,3,'concentro','index'),(5946,4,NULL,3,'concentro','save'),(5947,4,NULL,3,'concentro','delete'),(5948,4,NULL,3,'concentro','search'),(5949,4,NULL,3,'concentro','rcs'),(5950,4,NULL,3,'settings','index'),(5951,4,NULL,3,'settings','save'),(11947,8,NULL,8,'reservas','index'),(11948,8,NULL,8,'reservas','save'),(11949,8,NULL,8,'reservas','delete'),(11950,8,NULL,8,'reservas','search'),(11951,8,NULL,8,'reservas','rcs'),(11952,8,NULL,8,'contratos','index'),(11953,8,NULL,8,'contratos','save'),(11954,8,NULL,8,'contratos','delete'),(11955,8,NULL,8,'contratos','search'),(11956,8,NULL,8,'contratos','rcs'),(11957,8,NULL,8,'proyeccion','index'),(11958,8,NULL,8,'proyeccion','generar'),(11959,8,NULL,8,'abono_reserva','index'),(11960,8,NULL,8,'abono_reserva','abono'),(11961,8,NULL,8,'abono_contrato','index'),(11962,8,NULL,8,'abono_contrato','abono'),(11963,8,NULL,8,'socios_aldia','index'),(11964,8,NULL,8,'socios_aldia','generar'),(11965,8,NULL,8,'cartera_edades','index'),(11966,8,NULL,8,'cartera_edades','generar'),(11967,8,NULL,8,'proyeccion_cartera','index'),(11968,8,NULL,8,'proyeccion_cartera','generar'),(11969,8,NULL,8,'cartera_consolidada','index'),(11970,8,NULL,8,'cartera_consolidada','generar'),(11971,8,NULL,8,'propietarios','index'),(11972,8,NULL,8,'propietarios','generar'),(11973,8,NULL,8,'empresa','index'),(11974,8,NULL,8,'empresa','save'),(11975,8,NULL,8,'empresa','delete'),(11976,8,NULL,8,'empresa','search'),(11977,8,NULL,8,'empresa','rcs'),(11978,8,NULL,8,'cuentas','index'),(11979,8,NULL,8,'cuentas','save'),(11980,8,NULL,8,'cuentas','delete'),(11981,8,NULL,8,'cuentas','search'),(11982,8,NULL,8,'cuentas','rcs'),(11983,8,NULL,8,'tipo_contrato','index'),(11984,8,NULL,8,'tipo_contrato','save'),(11985,8,NULL,8,'tipo_contrato','delete'),(11986,8,NULL,8,'tipo_contrato','search'),(11987,8,NULL,8,'tipo_contrato','rcs'),(11988,8,NULL,8,'interes_usura','index'),(11989,8,NULL,8,'interes_usura','save'),(11990,8,NULL,8,'interes_usura','delete'),(11991,8,NULL,8,'interes_usura','search'),(11992,8,NULL,8,'interes_usura','rcs'),(11993,8,NULL,8,'estado_civil','index'),(11994,8,NULL,8,'estado_civil','save'),(11995,8,NULL,8,'estado_civil','delete'),(11996,8,NULL,8,'estado_civil','search'),(11997,8,NULL,8,'estado_civil','rcs'),(11998,8,NULL,8,'tipo_documento','index'),(11999,8,NULL,8,'tipo_documento','save'),(12000,8,NULL,8,'tipo_documento','delete'),(12001,8,NULL,8,'tipo_documento','search'),(12002,8,NULL,8,'tipo_documento','rcs'),(12003,8,NULL,8,'profesion','index'),(12004,8,NULL,8,'profesion','save'),(12005,8,NULL,8,'profesion','delete'),(12006,8,NULL,8,'profesion','search'),(12007,8,NULL,8,'profesion','rcs'),(12008,8,NULL,8,'membresia','index'),(12009,8,NULL,8,'membresia','save'),(12010,8,NULL,8,'membresia','delete'),(12011,8,NULL,8,'membresia','search'),(12012,8,NULL,8,'membresia','rcs'),(12013,8,NULL,8,'tipo_socios','index'),(12014,8,NULL,8,'tipo_socios','save'),(12015,8,NULL,8,'tipo_socios','delete'),(12016,8,NULL,8,'tipo_socios','search'),(12017,8,NULL,8,'tipo_socios','rcs'),(12018,8,NULL,8,'temporada','index'),(12019,8,NULL,8,'temporada','save'),(12020,8,NULL,8,'temporada','delete'),(12021,8,NULL,8,'temporada','search'),(12022,8,NULL,8,'temporada','rcs'),(12023,8,NULL,8,'premio','index'),(12024,8,NULL,8,'premio','save'),(12025,8,NULL,8,'premio','delete'),(12026,8,NULL,8,'premio','search'),(12027,8,NULL,8,'premio','rcs'),(12028,8,NULL,8,'motivo_desistimiento','index'),(12029,8,NULL,8,'motivo_desistimiento','save'),(12030,8,NULL,8,'motivo_desistimiento','delete'),(12031,8,NULL,8,'motivo_desistimiento','search'),(12032,8,NULL,8,'motivo_desistimiento','rcs'),(12033,8,NULL,8,'formas_pago','index'),(12034,8,NULL,8,'formas_pago','save'),(12035,8,NULL,8,'formas_pago','delete'),(12036,8,NULL,8,'formas_pago','search'),(12037,8,NULL,8,'formas_pago','rcs'),(12038,8,NULL,8,'derecho_afiliacion','index'),(12039,8,NULL,8,'derecho_afiliacion','save'),(12040,8,NULL,8,'derecho_afiliacion','delete'),(12041,8,NULL,8,'derecho_afiliacion','search'),(12042,8,NULL,8,'derecho_afiliacion','rcs'),(12043,8,NULL,8,'settings','index'),(12044,8,NULL,8,'settings','save'),(12045,8,NULL,8,'migrar','index'),(12401,10,NULL,10,'consecutivo','index'),(12402,10,NULL,10,'consecutivo','save'),(12403,10,NULL,10,'consecutivo','delete'),(12404,10,NULL,10,'consecutivo','search'),(12405,10,NULL,10,'consecutivo','rcs'),(14009,12,NULL,2,'salidas','index'),(14010,12,NULL,2,'salidas','new'),(14011,12,NULL,2,'salidas','edit'),(14012,12,NULL,2,'salidas','delete'),(14013,12,NULL,2,'salidas','search'),(14014,12,NULL,2,'salidas','report'),(14015,2,NULL,2,'ordenes','index'),(14016,2,NULL,2,'ordenes','new'),(14017,2,NULL,2,'ordenes','edit'),(14018,2,NULL,2,'ordenes','delete'),(14019,2,NULL,2,'ordenes','search'),(14020,2,NULL,2,'ordenes','report'),(14021,2,NULL,2,'ordenes','puedeReAbrir'),(14022,2,NULL,2,'entradas','index'),(14023,2,NULL,2,'entradas','new'),(14024,2,NULL,2,'entradas','edit'),(14025,2,NULL,2,'entradas','delete'),(14026,2,NULL,2,'entradas','search'),(14027,2,NULL,2,'entradas','report'),(14028,2,NULL,2,'salidas','index'),(14029,2,NULL,2,'salidas','new'),(14030,2,NULL,2,'salidas','edit'),(14031,2,NULL,2,'salidas','delete'),(14032,2,NULL,2,'salidas','search'),(14033,2,NULL,2,'salidas','report'),(14034,2,NULL,2,'ajustes','index'),(14035,2,NULL,2,'ajustes','new'),(14036,2,NULL,2,'ajustes','edit'),(14037,2,NULL,2,'ajustes','delete'),(14038,2,NULL,2,'ajustes','search'),(14039,2,NULL,2,'ajustes','report'),(14040,2,NULL,2,'traslados','index'),(14041,2,NULL,2,'traslados','new'),(14042,2,NULL,2,'traslados','edit'),(14043,2,NULL,2,'traslados','delete'),(14044,2,NULL,2,'traslados','search'),(14045,2,NULL,2,'traslados','report'),(14046,2,NULL,2,'fisico','index'),(14047,2,NULL,2,'fisico','consultar'),(14048,2,NULL,2,'salidas','index'),(14049,2,NULL,2,'salidas','new'),(14050,2,NULL,2,'salidas','edit'),(14051,2,NULL,2,'salidas','delete'),(14052,2,NULL,2,'salidas','search'),(14053,2,NULL,2,'salidas','report'),(14054,2,NULL,2,'pedidos','index'),(14055,2,NULL,2,'pedidos','new'),(14056,2,NULL,2,'pedidos','edit'),(14057,2,NULL,2,'pedidos','delete'),(14058,2,NULL,2,'pedidos','search'),(14059,2,NULL,2,'pedidos','report'),(14060,2,NULL,2,'transformaciones','index'),(14061,2,NULL,2,'transformaciones','new'),(14062,2,NULL,2,'transformaciones','edit'),(14063,2,NULL,2,'transformaciones','delete'),(14064,2,NULL,2,'transformaciones','search'),(14065,2,NULL,2,'transformaciones','report'),(14066,2,NULL,2,'kardex','index'),(14067,2,NULL,2,'saldos_almacen','index'),(14068,2,NULL,2,'saldos_almacen_consolidado','index'),(14069,2,NULL,2,'stocks','index'),(14070,2,NULL,2,'comportamiento','index'),(14071,2,NULL,2,'movimientos','index'),(14072,2,NULL,2,'consecutivos','index'),(14073,2,NULL,2,'trasunto','index'),(14074,2,NULL,2,'consumos','index'),(14075,2,NULL,2,'listado_referencias','index'),(14076,2,NULL,2,'listado_proveedores','index'),(14077,2,NULL,2,'horti','index'),(14078,2,NULL,2,'impresion','index'),(14079,2,NULL,2,'cerrar','index'),(14080,2,NULL,2,'reabrir','index'),(14081,2,NULL,2,'referencias','index'),(14082,2,NULL,2,'referencias','queryByItemAction'),(14083,2,NULL,2,'referencias','queryByNameAction'),(14084,2,NULL,2,'referencias','new'),(14085,2,NULL,2,'referencias','edit'),(14086,2,NULL,2,'referencias','delete'),(14087,2,NULL,2,'referencias','search'),(14088,2,NULL,2,'referencias','report'),(14089,2,NULL,2,'lineas','index'),(14090,2,NULL,2,'lineas','new'),(14091,2,NULL,2,'lineas','edit'),(14092,2,NULL,2,'lineas','delete'),(14093,2,NULL,2,'lineas','search'),(14094,2,NULL,2,'lineas','report'),(14095,2,NULL,2,'producto','index'),(14096,2,NULL,2,'producto','new'),(14097,2,NULL,2,'producto','edit'),(14098,2,NULL,2,'producto','delete'),(14099,2,NULL,2,'producto','search'),(14100,2,NULL,2,'producto','report'),(14101,2,NULL,2,'almacenes','index'),(14102,2,NULL,2,'almacenes','new'),(14103,2,NULL,2,'almacenes','edit'),(14104,2,NULL,2,'almacenes','delete'),(14105,2,NULL,2,'almacenes','search'),(14106,2,NULL,2,'almacenes','report'),(14107,2,NULL,2,'almacenes','import'),(14108,2,NULL,2,'centros','index'),(14109,2,NULL,2,'centros','new'),(14110,2,NULL,2,'centros','edit'),(14111,2,NULL,2,'centros','delete'),(14112,2,NULL,2,'centros','search'),(14113,2,NULL,2,'centros','report'),(14114,2,NULL,2,'centros','import'),(14115,2,NULL,2,'formapago','index'),(14116,2,NULL,2,'formapago','new'),(14117,2,NULL,2,'formapago','edit'),(14118,2,NULL,2,'formapago','delete'),(14119,2,NULL,2,'formapago','search'),(14120,2,NULL,2,'formapago','report'),(14121,2,NULL,2,'formapago','import'),(14122,2,NULL,2,'terceros','index'),(14123,2,NULL,2,'terceros','new'),(14124,2,NULL,2,'terceros','edit'),(14125,2,NULL,2,'terceros','delete'),(14126,2,NULL,2,'terceros','search'),(14127,2,NULL,2,'terceros','report'),(14128,2,NULL,2,'terceros','import'),(14129,2,NULL,2,'matriz_proveedores','index'),(14130,2,NULL,2,'criterios','index'),(14131,2,NULL,2,'criterios','new'),(14132,2,NULL,2,'criterios','edit'),(14133,2,NULL,2,'criterios','delete'),(14134,2,NULL,2,'criterios','search'),(14135,2,NULL,2,'criterios','report'),(14136,2,NULL,2,'criterios','import'),(14137,2,NULL,2,'unidades','index'),(14138,2,NULL,2,'unidades','new'),(14139,2,NULL,2,'unidades','edit'),(14140,2,NULL,2,'unidades','delete'),(14141,2,NULL,2,'unidades','search'),(14142,2,NULL,2,'unidades','report'),(14143,2,NULL,2,'unidades','import'),(14144,2,NULL,2,'magnitudes','index'),(14145,2,NULL,2,'magnitudes','new'),(14146,2,NULL,2,'magnitudes','edit'),(14147,2,NULL,2,'magnitudes','delete'),(14148,2,NULL,2,'magnitudes','search'),(14149,2,NULL,2,'magnitudes','report'),(14150,2,NULL,2,'magnitudes','import'),(14151,2,NULL,2,'conversion','index'),(14152,2,NULL,2,'conversion','new'),(14153,2,NULL,2,'conversion','edit'),(14154,2,NULL,2,'conversion','delete'),(14155,2,NULL,2,'conversion','search'),(14156,2,NULL,2,'conversion','report'),(14157,2,NULL,2,'conversion','import'),(14158,2,NULL,2,'cuentas','index'),(14159,2,NULL,2,'cuentas','queryCuenta'),(14160,2,NULL,2,'settings','index'),(14161,2,NULL,2,'settings','save'),(16478,11,NULL,9,'socios','index'),(16479,11,NULL,9,'socios','search'),(16480,11,NULL,9,'socios','rcs'),(16481,11,NULL,9,'socios','queryCuenta'),(16482,11,NULL,9,'rechazos','index'),(16483,11,NULL,9,'rechazos','save'),(16484,11,NULL,9,'rechazos','delete'),(16485,11,NULL,9,'rechazos','search'),(16486,11,NULL,9,'rechazos','rcs'),(16487,11,NULL,9,'cambio_accion','index'),(16488,11,NULL,9,'cambio_accion','queryCuenta'),(16489,11,NULL,9,'asignacion_cargos','index'),(16490,11,NULL,9,'asignacion_cargos','save'),(16491,11,NULL,9,'asignacion_cargos_grupo','index'),(16492,11,NULL,9,'asignacion_cargos_grupo','asignar'),(16493,11,NULL,9,'asignacion_cargos_grupo','borrar'),(16494,11,NULL,9,'estados_socios','index'),(16495,11,NULL,9,'estados_socios','save'),(16496,11,NULL,9,'estados_socios','delete'),(16497,11,NULL,9,'estados_socios','search'),(16498,11,NULL,9,'estados_socios','rcs'),(16499,11,NULL,9,'asignacion_estados','index'),(16500,11,NULL,9,'asignacion_estados','save'),(16501,11,NULL,9,'asignacion_estados','delete'),(16502,11,NULL,9,'asignacion_estados','search'),(16503,11,NULL,9,'asignacion_estados','rcs'),(16504,11,NULL,9,'pagos_automaticos','index'),(16505,11,NULL,9,'pagos_automaticos','save'),(16506,11,NULL,9,'pagos_automaticos','delete'),(16507,11,NULL,9,'pagos_automaticos','search'),(16508,11,NULL,9,'pagos_automaticos','rcs'),(16509,11,NULL,9,'tipo_asociacion_socio','index'),(16510,11,NULL,9,'tipo_asociacion_socio','save'),(16511,11,NULL,9,'tipo_asociacion_socio','delete'),(16512,11,NULL,9,'tipo_asociacion_socio','search'),(16513,11,NULL,9,'tipo_asociacion_socio','rcs'),(16514,11,NULL,9,'proyeccion','index'),(16515,11,NULL,9,'proyeccion','generar'),(16516,11,NULL,9,'prestamos_socios','index'),(16517,11,NULL,9,'prestamos_socios','save'),(16518,11,NULL,9,'prestamos_socios','delete'),(16519,11,NULL,9,'prestamos_socios','search'),(16520,11,NULL,9,'prestamos_socios','rcs'),(16521,11,NULL,9,'ajuste_saldos','index'),(16522,11,NULL,9,'ajuste_saldos','generar'),(16523,11,NULL,9,'ajuste_prestamos','index'),(16524,11,NULL,9,'ajuste_prestamos','generar'),(16525,11,NULL,9,'ajuste_pagos','index'),(16526,11,NULL,9,'ajuste_pagos','generar'),(16527,11,NULL,9,'ajuste_consumos','index'),(16528,11,NULL,9,'ajuste_consumos','generar'),(16529,11,NULL,9,'cargos_socios','index'),(16530,11,NULL,9,'cargos_socios','save'),(16531,11,NULL,9,'movimiento_cargos','index'),(16532,11,NULL,9,'movimiento_cargos','save'),(16533,11,NULL,9,'facturar','index'),(16534,11,NULL,9,'facturar','save'),(16535,11,NULL,9,'facturar_personal','index'),(16536,11,NULL,9,'facturar_personal','save'),(16537,11,NULL,9,'invoicing','index'),(16538,11,NULL,9,'invoicing','save'),(16539,11,NULL,9,'consulta_socios','index'),(16540,11,NULL,9,'consulta_socios','generar'),(16541,11,NULL,9,'suspendidos_mora','index'),(16542,11,NULL,9,'suspendidos_mora','generar'),(16543,11,NULL,9,'facturas_generadas','index'),(16544,11,NULL,9,'facturas_generadas','generar'),(16545,11,NULL,9,'conceptos_causados','index'),(16546,11,NULL,9,'conceptos_causados','generar'),(16547,11,NULL,9,'informe_cartera','index'),(16548,11,NULL,9,'informe_cartera','generar'),(16549,11,NULL,9,'informe_convenios','index'),(16550,11,NULL,9,'informe_convenios','generar'),(16551,11,NULL,9,'cierre_periodo','index'),(16552,11,NULL,9,'cierre_periodo','cierre'),(16553,11,NULL,9,'reabrir_periodo','index'),(16554,11,NULL,9,'reabrir_periodo','reabrir'),(16555,11,NULL,9,'cargos_fijos','index'),(16556,11,NULL,9,'cargos_fijos','save'),(16557,11,NULL,9,'cargos_fijos','delete'),(16558,11,NULL,9,'cargos_fijos','search'),(16559,11,NULL,9,'cargos_fijos','rcs'),(16560,11,NULL,9,'periodo','index'),(16561,11,NULL,9,'periodo','save'),(16562,11,NULL,9,'periodo','delete'),(16563,11,NULL,9,'periodo','search'),(16564,11,NULL,9,'periodo','rcs'),(16565,11,NULL,9,'tipo_documentos','index'),(16566,11,NULL,9,'tipo_documentos','save'),(16567,11,NULL,9,'tipo_documentos','delete'),(16568,11,NULL,9,'tipo_documentos','search'),(16569,11,NULL,9,'tipo_documentos','rcs'),(16570,11,NULL,9,'hobbies','index'),(16571,11,NULL,9,'hobbies','save'),(16572,11,NULL,9,'hobbies','delete'),(16573,11,NULL,9,'hobbies','search'),(16574,11,NULL,9,'hobbies','rcs'),(16575,11,NULL,9,'parentescos','index'),(16576,11,NULL,9,'parentescos','save'),(16577,11,NULL,9,'parentescos','delete'),(16578,11,NULL,9,'parentescos','search'),(16579,11,NULL,9,'parentescos','rcs'),(16580,11,NULL,9,'estados_civiles','index'),(16581,11,NULL,9,'estados_civiles','save'),(16582,11,NULL,9,'estados_civiles','delete'),(16583,11,NULL,9,'estados_civiles','search'),(16584,11,NULL,9,'estados_civiles','rcs'),(16585,11,NULL,9,'formas_pago','index'),(16586,11,NULL,9,'formas_pago','save'),(16587,11,NULL,9,'formas_pago','delete'),(16588,11,NULL,9,'formas_pago','search'),(16589,11,NULL,9,'formas_pago','rcs'),(16590,11,NULL,9,'tipo_socios','index'),(16591,11,NULL,9,'tipo_socios','save'),(16592,11,NULL,9,'tipo_socios','delete'),(16593,11,NULL,9,'tipo_socios','search'),(16594,11,NULL,9,'tipo_socios','rcs'),(16595,11,NULL,9,'tipo_titularidad','index'),(16596,11,NULL,9,'tipo_titularidad','save'),(16597,11,NULL,9,'tipo_titularidad','delete'),(16598,11,NULL,9,'tipo_titularidad','search'),(16599,11,NULL,9,'tipo_titularidad','rcs'),(16600,11,NULL,9,'clubes','index'),(16601,11,NULL,9,'clubes','save'),(16602,11,NULL,9,'clubes','delete'),(16603,11,NULL,9,'clubes','search'),(16604,11,NULL,9,'clubes','rcs'),(16605,11,NULL,9,'interes_mora','index'),(16606,11,NULL,9,'interes_mora','save'),(16607,11,NULL,9,'interes_mora','delete'),(16608,11,NULL,9,'interes_mora','search'),(16609,11,NULL,9,'interes_mora','rcs'),(16610,11,NULL,9,'tipos_pago','index'),(16611,11,NULL,9,'tipos_pago','save'),(16612,11,NULL,9,'tipos_pago','delete'),(16613,11,NULL,9,'tipos_pago','search'),(16614,11,NULL,9,'tipos_pago','rcs'),(16615,11,NULL,9,'tipo_asociacion_socio','index'),(16616,11,NULL,9,'tipo_asociacion_socio','save'),(16617,11,NULL,9,'tipo_asociacion_socio','delete'),(16618,11,NULL,9,'tipo_asociacion_socio','search'),(16619,11,NULL,9,'tipo_asociacion_socio','rcs'),(16620,11,NULL,9,'bancos','index'),(16621,11,NULL,9,'bancos','save'),(16622,11,NULL,9,'bancos','delete'),(16623,11,NULL,9,'bancos','search'),(16624,11,NULL,9,'bancos','rcs'),(16625,11,NULL,9,'parametros_basicos_cartera','index'),(16626,11,NULL,9,'parametros_basicos_cartera','save'),(16627,11,NULL,9,'parametros_basicos_cartera','delete'),(16628,11,NULL,9,'parametros_basicos_cartera','search'),(16629,11,NULL,9,'parametros_basicos_cartera','rcs'),(16630,11,NULL,9,'datos_club','index'),(16631,11,NULL,9,'datos_club','save'),(16632,11,NULL,9,'datos_club','delete'),(16633,11,NULL,9,'datos_club','search'),(16634,11,NULL,9,'datos_club','rcs'),(16635,11,NULL,9,'settings','index'),(16636,11,NULL,9,'settings','save'),(16637,11,NULL,9,'cuentas','index'),(16638,11,NULL,9,'cuentas','queryByName'),(16639,11,NULL,9,'tipo_correspondencia','index'),(16640,11,NULL,9,'tipo_correspondencia','save'),(16641,11,NULL,9,'tipo_correspondencia','delete'),(16642,11,NULL,9,'tipo_correspondencia','search'),(16643,11,NULL,9,'tipo_correspondencia','rcs'),(17186,7,NULL,7,'facturas','index'),(17187,7,NULL,7,'reimprimir','index'),(17188,7,NULL,7,'terceros','index'),(17189,7,NULL,7,'terceros','crear'),(17190,7,NULL,7,'referencias','index'),(17191,7,NULL,7,'referencias','queryByName'),(17192,7,NULL,7,'invoicing','index'),(17193,7,NULL,7,'invoicing','save'),(17194,7,NULL,7,'consecutivos','index'),(17195,7,NULL,7,'consecutivos','save'),(17196,7,NULL,7,'consecutivos','delete'),(17197,7,NULL,7,'consecutivos','search'),(17198,7,NULL,7,'consecutivos','rcs'),(17199,7,NULL,7,'lista_precios','index'),(17200,7,NULL,7,'lista_precios','save'),(17201,7,NULL,7,'lista_precios','delete'),(17202,7,NULL,7,'lista_precios','search'),(17203,7,NULL,7,'lista_precios','rcs'),(17204,7,NULL,7,'settings','index'),(17205,7,NULL,7,'settings','save'),(17206,9,NULL,9,'socios','index'),(17207,9,NULL,9,'socios','save'),(17208,9,NULL,9,'socios','delete'),(17209,9,NULL,9,'socios','search'),(17210,9,NULL,9,'socios','rcs'),(17211,9,NULL,9,'socios','queryCuenta'),(17212,9,NULL,9,'rechazos','index'),(17213,9,NULL,9,'rechazos','save'),(17214,9,NULL,9,'rechazos','delete'),(17215,9,NULL,9,'rechazos','search'),(17216,9,NULL,9,'rechazos','rcs'),(17217,9,NULL,9,'cambio_accion','index'),(17218,9,NULL,9,'cambio_accion','queryCuenta'),(17219,9,NULL,9,'asignacion_cargos','index'),(17220,9,NULL,9,'asignacion_cargos','save'),(17221,9,NULL,9,'asignacion_cargos_grupo','index'),(17222,9,NULL,9,'asignacion_cargos_grupo','asignar'),(17223,9,NULL,9,'asignacion_cargos_grupo','borrar'),(17224,9,NULL,9,'estados_socios','index'),(17225,9,NULL,9,'estados_socios','save'),(17226,9,NULL,9,'estados_socios','delete'),(17227,9,NULL,9,'estados_socios','search'),(17228,9,NULL,9,'estados_socios','rcs'),(17229,9,NULL,9,'asignacion_estados','index'),(17230,9,NULL,9,'asignacion_estados','save'),(17231,9,NULL,9,'asignacion_estados','delete'),(17232,9,NULL,9,'asignacion_estados','search'),(17233,9,NULL,9,'asignacion_estados','rcs'),(17234,9,NULL,9,'pagos_automaticos','index'),(17235,9,NULL,9,'pagos_automaticos','save'),(17236,9,NULL,9,'pagos_automaticos','delete'),(17237,9,NULL,9,'pagos_automaticos','search'),(17238,9,NULL,9,'pagos_automaticos','rcs'),(17239,9,NULL,9,'tipo_asociacion_socio','index'),(17240,9,NULL,9,'tipo_asociacion_socio','save'),(17241,9,NULL,9,'tipo_asociacion_socio','delete'),(17242,9,NULL,9,'tipo_asociacion_socio','search'),(17243,9,NULL,9,'tipo_asociacion_socio','rcs'),(17244,9,NULL,9,'proyeccion','index'),(17245,9,NULL,9,'proyeccion','generar'),(17246,9,NULL,9,'prestamos_socios','index'),(17247,9,NULL,9,'prestamos_socios','save'),(17248,9,NULL,9,'prestamos_socios','delete'),(17249,9,NULL,9,'prestamos_socios','search'),(17250,9,NULL,9,'prestamos_socios','rcs'),(17251,9,NULL,9,'ajuste_saldos','index'),(17252,9,NULL,9,'ajuste_saldos','generar'),(17253,9,NULL,9,'ajuste_prestamos','index'),(17254,9,NULL,9,'ajuste_prestamos','generar'),(17255,9,NULL,9,'ajuste_pagos','index'),(17256,9,NULL,9,'ajuste_pagos','generar'),(17257,9,NULL,9,'ajuste_consumos','index'),(17258,9,NULL,9,'ajuste_consumos','generar'),(17259,9,NULL,9,'cargos_socios','index'),(17260,9,NULL,9,'cargos_socios','save'),(17261,9,NULL,9,'movimiento_cargos','index'),(17262,9,NULL,9,'movimiento_cargos','save'),(17263,9,NULL,9,'facturar','index'),(17264,9,NULL,9,'facturar','save'),(17265,9,NULL,9,'facturar_personal','index'),(17266,9,NULL,9,'facturar_personal','save'),(17267,9,NULL,9,'invoicing','index'),(17268,9,NULL,9,'invoicing','save'),(17269,9,NULL,9,'consulta_socios','index'),(17270,9,NULL,9,'consulta_socios','generar'),(17271,9,NULL,9,'suspendidos_mora','index'),(17272,9,NULL,9,'suspendidos_mora','generar'),(17273,9,NULL,9,'facturas_generadas','index'),(17274,9,NULL,9,'facturas_generadas','generar'),(17275,9,NULL,9,'conceptos_causados','index'),(17276,9,NULL,9,'conceptos_causados','generar'),(17277,9,NULL,9,'informe_cartera','index'),(17278,9,NULL,9,'informe_cartera','generar'),(17279,9,NULL,9,'informe_convenios','index'),(17280,9,NULL,9,'informe_convenios','generar'),(17281,9,NULL,9,'cierre_periodo','index'),(17282,9,NULL,9,'cierre_periodo','cierre'),(17283,9,NULL,9,'reabrir_periodo','index'),(17284,9,NULL,9,'reabrir_periodo','reabrir'),(17285,9,NULL,9,'cargos_fijos','index'),(17286,9,NULL,9,'cargos_fijos','save'),(17287,9,NULL,9,'cargos_fijos','delete'),(17288,9,NULL,9,'cargos_fijos','search'),(17289,9,NULL,9,'cargos_fijos','rcs'),(17290,9,NULL,9,'periodo','index'),(17291,9,NULL,9,'periodo','save'),(17292,9,NULL,9,'periodo','delete'),(17293,9,NULL,9,'periodo','search'),(17294,9,NULL,9,'periodo','rcs'),(17295,9,NULL,9,'tipo_documentos','index'),(17296,9,NULL,9,'tipo_documentos','save'),(17297,9,NULL,9,'tipo_documentos','delete'),(17298,9,NULL,9,'tipo_documentos','search'),(17299,9,NULL,9,'tipo_documentos','rcs'),(17300,9,NULL,9,'hobbies','index'),(17301,9,NULL,9,'hobbies','save'),(17302,9,NULL,9,'hobbies','delete'),(17303,9,NULL,9,'hobbies','search'),(17304,9,NULL,9,'hobbies','rcs'),(17305,9,NULL,9,'parentescos','index'),(17306,9,NULL,9,'parentescos','save'),(17307,9,NULL,9,'parentescos','delete'),(17308,9,NULL,9,'parentescos','search'),(17309,9,NULL,9,'parentescos','rcs'),(17310,9,NULL,9,'estados_civiles','index'),(17311,9,NULL,9,'estados_civiles','save'),(17312,9,NULL,9,'estados_civiles','delete'),(17313,9,NULL,9,'estados_civiles','search'),(17314,9,NULL,9,'estados_civiles','rcs'),(17315,9,NULL,9,'formas_pago','index'),(17316,9,NULL,9,'formas_pago','save'),(17317,9,NULL,9,'formas_pago','delete'),(17318,9,NULL,9,'formas_pago','search'),(17319,9,NULL,9,'formas_pago','rcs'),(17320,9,NULL,9,'tipo_socios','index'),(17321,9,NULL,9,'tipo_socios','save'),(17322,9,NULL,9,'tipo_socios','delete'),(17323,9,NULL,9,'tipo_socios','search'),(17324,9,NULL,9,'tipo_socios','rcs'),(17325,9,NULL,9,'tipo_titularidad','index'),(17326,9,NULL,9,'tipo_titularidad','save'),(17327,9,NULL,9,'tipo_titularidad','delete'),(17328,9,NULL,9,'tipo_titularidad','search'),(17329,9,NULL,9,'tipo_titularidad','rcs'),(17330,9,NULL,9,'clubes','index'),(17331,9,NULL,9,'clubes','save'),(17332,9,NULL,9,'clubes','delete'),(17333,9,NULL,9,'clubes','search'),(17334,9,NULL,9,'clubes','rcs'),(17335,9,NULL,9,'interes_mora','index'),(17336,9,NULL,9,'interes_mora','save'),(17337,9,NULL,9,'interes_mora','delete'),(17338,9,NULL,9,'interes_mora','search'),(17339,9,NULL,9,'interes_mora','rcs'),(17340,9,NULL,9,'tipos_pago','index'),(17341,9,NULL,9,'tipos_pago','save'),(17342,9,NULL,9,'tipos_pago','delete'),(17343,9,NULL,9,'tipos_pago','search'),(17344,9,NULL,9,'tipos_pago','rcs'),(17345,9,NULL,9,'tipo_asociacion_socio','index'),(17346,9,NULL,9,'tipo_asociacion_socio','save'),(17347,9,NULL,9,'tipo_asociacion_socio','delete'),(17348,9,NULL,9,'tipo_asociacion_socio','search'),(17349,9,NULL,9,'tipo_asociacion_socio','rcs'),(17350,9,NULL,9,'bancos','index'),(17351,9,NULL,9,'bancos','save'),(17352,9,NULL,9,'bancos','delete'),(17353,9,NULL,9,'bancos','search'),(17354,9,NULL,9,'bancos','rcs'),(17355,9,NULL,9,'parametros_basicos_cartera','index'),(17356,9,NULL,9,'parametros_basicos_cartera','save'),(17357,9,NULL,9,'parametros_basicos_cartera','delete'),(17358,9,NULL,9,'parametros_basicos_cartera','search'),(17359,9,NULL,9,'parametros_basicos_cartera','rcs'),(17360,9,NULL,9,'datos_club','index'),(17361,9,NULL,9,'datos_club','save'),(17362,9,NULL,9,'datos_club','delete'),(17363,9,NULL,9,'datos_club','search'),(17364,9,NULL,9,'datos_club','rcs'),(17365,9,NULL,9,'settings','index'),(17366,9,NULL,9,'settings','save'),(17367,9,NULL,9,'cuentas','index'),(17368,9,NULL,9,'cuentas','queryByName'),(17369,9,NULL,9,'tipo_correspondencia','index'),(17370,9,NULL,9,'tipo_correspondencia','save'),(17371,9,NULL,9,'tipo_correspondencia','delete'),(17372,9,NULL,9,'tipo_correspondencia','search'),(17373,9,NULL,9,'tipo_correspondencia','rcs'),(17374,9,NULL,9,'accion_estados','index'),(17375,9,NULL,9,'accion_estados','save'),(17376,9,NULL,9,'accion_estados','delete'),(17377,9,NULL,9,'accion_estados','search'),(17378,9,NULL,9,'accion_estados','rcs'),(17955,14,NULL,1,'movimiento','index'),(17956,14,NULL,1,'movimiento','buscar'),(17957,14,NULL,1,'movimiento','guardar'),(17958,14,NULL,1,'cuentas','index'),(17959,14,NULL,1,'cuentas','queryCuenta'),(17960,14,NULL,1,'terceros','index'),(17961,14,NULL,1,'terceros','save'),(17962,14,NULL,1,'comprobantes','index'),(17963,14,NULL,1,'comprobantes','save'),(20667,13,NULL,2,'salidas','index'),(20668,13,NULL,2,'salidas','new'),(20669,13,NULL,2,'salidas','edit'),(20670,13,NULL,2,'salidas','search'),(20671,13,NULL,2,'salidas','report'),(20672,13,NULL,2,'salidas','index'),(20673,13,NULL,2,'salidas','new'),(20674,13,NULL,2,'salidas','edit'),(20675,13,NULL,2,'salidas','search'),(20676,13,NULL,2,'salidas','report'),(20677,13,NULL,2,'pedidos','index'),(20678,13,NULL,2,'pedidos','new'),(20679,13,NULL,2,'pedidos','edit'),(20680,13,NULL,2,'pedidos','search'),(20681,13,NULL,2,'pedidos','report'),(20687,6,NULL,4,'departamentos','index'),(20688,6,NULL,4,'departamentos','save'),(20689,6,NULL,4,'departamentos','delete'),(20690,6,NULL,4,'departamentos','search'),(20691,6,NULL,4,'departamentos','rcs'),(20879,5,NULL,1,'movimiento','index'),(20880,5,NULL,1,'movimiento','buscar'),(20881,5,NULL,1,'movimiento','guardar'),(20882,5,NULL,1,'movimiento','eliminar'),(20883,5,NULL,1,'movimiento','cambiarFecha'),(20884,5,NULL,1,'movimiento','copiar'),(20885,5,NULL,1,'consultas','index'),(20886,5,NULL,1,'cambio_nit','index'),(20887,5,NULL,1,'incluir','index'),(20888,5,NULL,1,'excluir','index'),(20889,5,NULL,1,'aura','index'),(20890,5,NULL,1,'aura','save'),(20891,5,NULL,1,'aura','getComprobByDate'),(20892,5,NULL,1,'balance','index'),(20893,5,NULL,1,'libro_auxiliar','index'),(20894,5,NULL,1,'consecutivos','index'),(20895,5,NULL,1,'movimiento_terceros','index'),(20896,5,NULL,1,'movimiento_centros','index'),(20897,5,NULL,1,'balance_centros','index'),(20898,5,NULL,1,'comprobante_diario','index'),(20899,5,NULL,1,'listado_movimiento','index'),(20900,5,NULL,1,'listado_retencion','index'),(20901,5,NULL,1,'listado_comprob','index'),(20902,5,NULL,1,'retencion','index'),(20903,5,NULL,1,'balance_general','index'),(20904,5,NULL,1,'libro_diario','index'),(20905,5,NULL,1,'libro_mayor','index'),(20906,5,NULL,1,'libro_terceros','index'),(20907,5,NULL,1,'numeracion','index'),(20908,5,NULL,1,'certificado_retencion','index'),(20909,5,NULL,1,'certificado_ica','index'),(20910,5,NULL,1,'pyg','index'),(20911,5,NULL,1,'caratulas','index'),(20912,5,NULL,1,'movimiento_documentos','index'),(20913,5,NULL,1,'cartera_edades','index'),(20914,5,NULL,1,'activos','index'),(20915,5,NULL,1,'activos','save'),(20916,5,NULL,1,'activos','delete'),(20917,5,NULL,1,'activos','search'),(20918,5,NULL,1,'activos','rcs'),(20919,5,NULL,1,'grupos','index'),(20920,5,NULL,1,'grupos','save'),(20921,5,NULL,1,'grupos','delete'),(20922,5,NULL,1,'grupos','search'),(20923,5,NULL,1,'grupos','rcs'),(20924,5,NULL,1,'tipos_activos','index'),(20925,5,NULL,1,'tipos_activos','save'),(20926,5,NULL,1,'tipos_activos','delete'),(20927,5,NULL,1,'tipos_activos','search'),(20928,5,NULL,1,'tipos_activos','rcs'),(20929,5,NULL,1,'ubicacion','index'),(20930,5,NULL,1,'ubicacion','save'),(20931,5,NULL,1,'ubicacion','delete'),(20932,5,NULL,1,'ubicacion','search'),(20933,5,NULL,1,'ubicacion','rcs'),(20934,5,NULL,1,'depreciacion','index'),(20935,5,NULL,1,'anular_depreciacion','index'),(20936,5,NULL,1,'traslado_activos','index'),(20937,5,NULL,1,'novedad_activos','index'),(20938,5,NULL,1,'consulta_depreciacion','index'),(20939,5,NULL,1,'ordenes','index'),(20940,5,NULL,1,'refe','index'),(20941,5,NULL,1,'refe','save'),(20942,5,NULL,1,'refe','delete'),(20943,5,NULL,1,'refe','search'),(20944,5,NULL,1,'refe','rcs'),(20945,5,NULL,1,'lineaser','index'),(20946,5,NULL,1,'lineaser','save'),(20947,5,NULL,1,'lineaser','delete'),(20948,5,NULL,1,'lineaser','search'),(20949,5,NULL,1,'lineaser','rcs'),(20950,5,NULL,1,'presupuesto','index'),(20951,5,NULL,1,'ejecucion_pres','index'),(20952,5,NULL,1,'recibo_caja','index'),(20953,5,NULL,1,'cheque','index'),(20954,5,NULL,1,'chequeras','index'),(20955,5,NULL,1,'chequeras','save'),(20956,5,NULL,1,'chequeras','delete'),(20957,5,NULL,1,'chequeras','search'),(20958,5,NULL,1,'chequeras','rcs'),(20959,5,NULL,1,'cuentas_bancos','index'),(20960,5,NULL,1,'cuentas_bancos','save'),(20961,5,NULL,1,'cuentas_bancos','delete'),(20962,5,NULL,1,'cuentas_bancos','search'),(20963,5,NULL,1,'cuentas_bancos','rcs'),(20964,5,NULL,1,'banco','index'),(20965,5,NULL,1,'banco','save'),(20966,5,NULL,1,'banco','delete'),(20967,5,NULL,1,'banco','search'),(20968,5,NULL,1,'banco','rcs'),(20969,5,NULL,1,'formato_cheque','index'),(20970,5,NULL,1,'medios','index'),(20971,5,NULL,1,'campos_medios','index'),(20972,5,NULL,1,'codigos_medios','index'),(20973,5,NULL,1,'codigos_medios','save'),(20974,5,NULL,1,'codigos_medios','delete'),(20975,5,NULL,1,'codigos_medios','search'),(20976,5,NULL,1,'codigos_medios','rcs'),(20977,5,NULL,1,'formatos_medios','index'),(20978,5,NULL,1,'formatos_medios','save'),(20979,5,NULL,1,'formatos_medios','delete'),(20980,5,NULL,1,'formatos_medios','search'),(20981,5,NULL,1,'formatos_medios','rcs'),(20982,5,NULL,1,'diferidos','index'),(20983,5,NULL,1,'diferidos','save'),(20984,5,NULL,1,'diferidos','delete'),(20985,5,NULL,1,'diferidos','search'),(20986,5,NULL,1,'diferidos','rcs'),(20987,5,NULL,1,'grupos_diferidos','index'),(20988,5,NULL,1,'grupos_diferidos','save'),(20989,5,NULL,1,'grupos_diferidos','delete'),(20990,5,NULL,1,'grupos_diferidos','search'),(20991,5,NULL,1,'grupos_diferidos','rcs'),(20992,5,NULL,1,'amortizacion','index'),(20993,5,NULL,1,'consulta_causacion','index'),(20994,5,NULL,1,'interface_siigo','index'),(20995,5,NULL,1,'cierre_contable','index'),(20996,5,NULL,1,'reabrir_mes','index'),(20997,5,NULL,1,'cierre_cuentas','index'),(20998,5,NULL,1,'reabrir_cuentas','index'),(20999,5,NULL,1,'comprobante_cierre','index'),(21000,5,NULL,1,'cierre_anual','index'),(21001,5,NULL,1,'reabrir_ano','index'),(21002,5,NULL,1,'cuentas','index'),(21003,5,NULL,1,'cuentas','queryCuenta'),(21004,5,NULL,1,'terceros','index'),(21005,5,NULL,1,'terceros','save'),(21006,5,NULL,1,'terceros','delete'),(21007,5,NULL,1,'terceros','search'),(21008,5,NULL,1,'terceros','rcs'),(21009,5,NULL,1,'tipodoc','index'),(21010,5,NULL,1,'tipodoc','save'),(21011,5,NULL,1,'tipodoc','delete'),(21012,5,NULL,1,'tipodoc','search'),(21013,5,NULL,1,'tipodoc','rcs'),(21014,5,NULL,1,'comprobantes','index'),(21015,5,NULL,1,'comprobantes','save'),(21016,5,NULL,1,'comprobantes','delete'),(21017,5,NULL,1,'comprobantes','search'),(21018,5,NULL,1,'comprobantes','rcs'),(21019,5,NULL,1,'diarios','index'),(21020,5,NULL,1,'diarios','save'),(21021,5,NULL,1,'diarios','delete'),(21022,5,NULL,1,'diarios','search'),(21023,5,NULL,1,'diarios','rcs'),(21024,5,NULL,1,'documentos','index'),(21025,5,NULL,1,'documentos','save'),(21026,5,NULL,1,'documentos','delete'),(21027,5,NULL,1,'documentos','search'),(21028,5,NULL,1,'documentos','rcs'),(21029,5,NULL,1,'formapago','index'),(21030,5,NULL,1,'formapago','save'),(21031,5,NULL,1,'formapago','delete'),(21032,5,NULL,1,'formapago','search'),(21033,5,NULL,1,'formapago','rcs'),(21034,5,NULL,1,'regimen_cuentas','index'),(21035,5,NULL,1,'regimen_cuentas','save'),(21036,5,NULL,1,'regimen_cuentas','delete'),(21037,5,NULL,1,'regimen_cuentas','search'),(21038,5,NULL,1,'regimen_cuentas','rcs'),(21039,5,NULL,1,'ica','index'),(21040,5,NULL,1,'ica','save'),(21041,5,NULL,1,'ica','delete'),(21042,5,NULL,1,'ica','search'),(21043,5,NULL,1,'ica','rcs'),(21044,5,NULL,1,'comcier','index'),(21045,5,NULL,1,'comcier','save'),(21046,5,NULL,1,'comcier','delete'),(21047,5,NULL,1,'comcier','search'),(21048,5,NULL,1,'comcier','rcs'),(21049,5,NULL,1,'cuentas_cree','index'),(21050,5,NULL,1,'cuentas_cree','save'),(21051,5,NULL,1,'cuentas_cree','delete'),(21052,5,NULL,1,'cuentas_cree','search'),(21053,5,NULL,1,'cuentas_cree','rcs'),(21054,5,NULL,1,'centros','index'),(21055,5,NULL,1,'centros','save'),(21056,5,NULL,1,'centros','delete'),(21057,5,NULL,1,'centros','search'),(21058,5,NULL,1,'centros','rcs'),(21059,5,NULL,1,'consolidados','index'),(21060,5,NULL,1,'consolidados','save'),(21061,5,NULL,1,'consolidados','delete'),(21062,5,NULL,1,'consolidados','search'),(21063,5,NULL,1,'consolidados','rcs'),(21064,5,NULL,1,'settings','index'),(21065,5,NULL,1,'settings','save'),(22091,3,NULL,6,'usuarios','index'),(22092,3,NULL,6,'usuarios','save'),(22093,3,NULL,6,'usuarios','delete'),(22094,3,NULL,6,'usuarios','search'),(22095,3,NULL,6,'usuarios','rcs'),(22096,3,NULL,6,'usuarios','config'),(22097,3,NULL,6,'sucursal','index'),(22098,3,NULL,6,'sucursal','save'),(22099,3,NULL,6,'sucursal','delete'),(22100,3,NULL,6,'sucursal','search'),(22101,3,NULL,6,'sucursal','rcs'),(22102,3,NULL,6,'perfiles','index'),(22103,3,NULL,6,'perfiles','save'),(22104,3,NULL,6,'perfiles','delete'),(22105,3,NULL,6,'perfiles','search'),(22106,3,NULL,6,'perfiles','rcs'),(22107,3,NULL,6,'perfiles_usuarios','index'),(22108,3,NULL,6,'perfiles_usuarios','save'),(22109,3,NULL,6,'perfiles_usuarios','delete'),(22110,3,NULL,6,'perfiles_usuarios','search'),(22111,3,NULL,6,'perfiles_usuarios','rcs'),(22112,3,NULL,6,'permisos_perfiles','index'),(22113,3,NULL,6,'permisos_perfiles','save'),(22114,3,NULL,6,'permisos_perfiles','delete'),(22115,3,NULL,6,'permisos_perfiles','search'),(22116,3,NULL,6,'permisos_perfiles','rcs'),(22117,3,NULL,6,'permisos_comprob','index'),(22118,3,NULL,6,'permisos_centros','index'),(22119,3,NULL,6,'magenta','index'),(22120,3,NULL,6,'console','index'),(22121,2,NULL,2,'movinventario','index'),(22122,13,NULL,2,'movinventario','index'),(22123,2,NULL,2,'docsop_resolucion','index'),(22124,13,NULL,2,'docsop_resolucion','index'),(22125,1,NULL,1,'movimiento','index'),(22126,1,NULL,1,'movimiento','buscar'),(22127,1,NULL,1,'movimiento','guardar'),(22128,1,NULL,1,'movimiento','eliminar'),(22129,1,NULL,1,'movimiento','cambiarFecha'),(22130,1,NULL,1,'movimiento','copiar'),(22131,1,NULL,1,'movimiento_niif','index'),(22132,1,NULL,1,'movimiento_niif','buscar'),(22133,1,NULL,1,'movimiento_niif','guardar'),(22134,1,NULL,1,'movimiento_niif','eliminar'),(22135,1,NULL,1,'movimiento_niif','cambiarFecha'),(22136,1,NULL,1,'movimiento_niif','copiar'),(22137,1,NULL,1,'consultas','index'),(22138,1,NULL,1,'cambio_nit','index'),(22139,1,NULL,1,'incluir','index'),(22140,1,NULL,1,'excluir','index'),(22141,1,NULL,1,'aura','index'),(22142,1,NULL,1,'aura','save'),(22143,1,NULL,1,'aura','getComprobByDate'),(22144,1,NULL,1,'movimiento_dian','index'),(22145,1,NULL,1,'balance','index'),(22146,1,NULL,1,'informe_balance_consolidado','index'),(22147,1,NULL,1,'libro_auxiliar','index'),(22148,1,NULL,1,'consecutivos','index'),(22149,1,NULL,1,'movimiento_terceros','index'),(22150,1,NULL,1,'movimiento_centros','index'),(22151,1,NULL,1,'balance_centros','index'),(22152,1,NULL,1,'comprobante_diario','index'),(22153,1,NULL,1,'listado_movimiento','index'),(22154,1,NULL,1,'listado_retencion','index'),(22155,1,NULL,1,'listado_comprob','index'),(22156,1,NULL,1,'retencion','index'),(22157,1,NULL,1,'balance_general','index'),(22158,1,NULL,1,'libro_diario','index'),(22159,1,NULL,1,'libro_mayor','index'),(22160,1,NULL,1,'libro_terceros','index'),(22161,1,NULL,1,'numeracion','index'),(22162,1,NULL,1,'certificado_retencion','index'),(22163,1,NULL,1,'certificado_iva','index'),(22164,1,NULL,1,'certificado_ica','index'),(22165,1,NULL,1,'pyg','index'),(22166,1,NULL,1,'caratulas','index'),(22167,1,NULL,1,'movimiento_documentos','index'),(22168,1,NULL,1,'cartera_edades','index'),(22169,1,NULL,1,'corregir_cartera','index'),(22170,1,NULL,1,'activos','index'),(22171,1,NULL,1,'activos','save'),(22172,1,NULL,1,'activos','delete'),(22173,1,NULL,1,'activos','search'),(22174,1,NULL,1,'activos','rcs'),(22175,1,NULL,1,'grupos','index'),(22176,1,NULL,1,'grupos','save'),(22177,1,NULL,1,'grupos','delete'),(22178,1,NULL,1,'grupos','search'),(22179,1,NULL,1,'grupos','rcs'),(22180,1,NULL,1,'tipos_activos','index'),(22181,1,NULL,1,'tipos_activos','save'),(22182,1,NULL,1,'tipos_activos','delete'),(22183,1,NULL,1,'tipos_activos','search'),(22184,1,NULL,1,'tipos_activos','rcs'),(22185,1,NULL,1,'ubicacion','index'),(22186,1,NULL,1,'ubicacion','save'),(22187,1,NULL,1,'ubicacion','delete'),(22188,1,NULL,1,'ubicacion','search'),(22189,1,NULL,1,'ubicacion','rcs'),(22190,1,NULL,1,'depreciacion','index'),(22191,1,NULL,1,'anular_depreciacion','index'),(22192,1,NULL,1,'traslado_activos','index'),(22193,1,NULL,1,'novedad_activos','index'),(22194,1,NULL,1,'consulta_depreciacion','index'),(22195,1,NULL,1,'ordenes','index'),(22196,1,NULL,1,'refe','index'),(22197,1,NULL,1,'refe','save'),(22198,1,NULL,1,'refe','delete'),(22199,1,NULL,1,'refe','search'),(22200,1,NULL,1,'refe','rcs'),(22201,1,NULL,1,'lineaser','index'),(22202,1,NULL,1,'lineaser','save'),(22203,1,NULL,1,'lineaser','delete'),(22204,1,NULL,1,'lineaser','search'),(22205,1,NULL,1,'lineaser','rcs'),(22206,1,NULL,1,'presupuesto','index'),(22207,1,NULL,1,'ejecucion_pres','index'),(22208,1,NULL,1,'recibo_caja','index'),(22209,1,NULL,1,'recibo_caja','buscar'),(22210,1,NULL,1,'recibo_caja','ver'),(22211,1,NULL,1,'recibo_caja','nuevo'),(22212,1,NULL,1,'recibo_caja','generar'),(22213,1,NULL,1,'recibo_caja','anular'),(22214,1,NULL,1,'recibo_caja','imprimir'),(22215,1,NULL,1,'cheque','index'),(22216,1,NULL,1,'chequeras','index'),(22217,1,NULL,1,'chequeras','save'),(22218,1,NULL,1,'chequeras','delete'),(22219,1,NULL,1,'chequeras','search'),(22220,1,NULL,1,'chequeras','rcs'),(22221,1,NULL,1,'cuentas_bancos','index'),(22222,1,NULL,1,'cuentas_bancos','save'),(22223,1,NULL,1,'cuentas_bancos','delete'),(22224,1,NULL,1,'cuentas_bancos','search'),(22225,1,NULL,1,'cuentas_bancos','rcs'),(22226,1,NULL,1,'banco','index'),(22227,1,NULL,1,'banco','save'),(22228,1,NULL,1,'banco','delete'),(22229,1,NULL,1,'banco','search'),(22230,1,NULL,1,'banco','rcs'),(22231,1,NULL,1,'formato_cheque','index'),(22232,1,NULL,1,'medios','index'),(22233,1,NULL,1,'campos_medios','index'),(22234,1,NULL,1,'codigos_medios','index'),(22235,1,NULL,1,'codigos_medios','save'),(22236,1,NULL,1,'codigos_medios','delete'),(22237,1,NULL,1,'codigos_medios','search'),(22238,1,NULL,1,'codigos_medios','rcs'),(22239,1,NULL,1,'nuevos_formatos_medios','index'),(22240,1,NULL,1,'nuevos_formatos_medios','save'),(22241,1,NULL,1,'nuevos_formatos_medios','delete'),(22242,1,NULL,1,'nuevos_formatos_medios','search'),(22243,1,NULL,1,'nuevos_formatos_medios','rcs'),(22244,1,NULL,1,'diferidos','index'),(22245,1,NULL,1,'diferidos','save'),(22246,1,NULL,1,'diferidos','delete'),(22247,1,NULL,1,'diferidos','search'),(22248,1,NULL,1,'diferidos','rcs'),(22249,1,NULL,1,'grupos_diferidos','index'),(22250,1,NULL,1,'grupos_diferidos','save'),(22251,1,NULL,1,'grupos_diferidos','delete'),(22252,1,NULL,1,'grupos_diferidos','search'),(22253,1,NULL,1,'grupos_diferidos','rcs'),(22254,1,NULL,1,'amortizacion','index'),(22255,1,NULL,1,'consulta_causacion','index'),(22256,1,NULL,1,'interface_siigo','index'),(22257,1,NULL,1,'interface_sinco','index'),(22258,1,NULL,1,'cierre_contable','index'),(22259,1,NULL,1,'reabrir_mes','index'),(22260,1,NULL,1,'cierre_cuentas','index'),(22261,1,NULL,1,'reabrir_cuentas','index'),(22262,1,NULL,1,'comprobante_cierre','index'),(22263,1,NULL,1,'cierre_anual','index'),(22264,1,NULL,1,'reabrir_ano','index'),(22265,1,NULL,1,'niif','index'),(22266,1,NULL,1,'niif','save'),(22267,1,NULL,1,'niif','delete'),(22268,1,NULL,1,'niif','search'),(22269,1,NULL,1,'niif','rcs'),(22270,1,NULL,1,'nic','index'),(22271,1,NULL,1,'nic','save'),(22272,1,NULL,1,'nic','delete'),(22273,1,NULL,1,'nic','search'),(22274,1,NULL,1,'nic','rcs'),(22275,1,NULL,1,'cuentas','index'),(22276,1,NULL,1,'cuentas','queryCuenta'),(22277,1,NULL,1,'terceros','index'),(22278,1,NULL,1,'terceros','save'),(22279,1,NULL,1,'terceros','delete'),(22280,1,NULL,1,'terceros','search'),(22281,1,NULL,1,'terceros','rcs'),(22282,1,NULL,1,'tipodoc','index'),(22283,1,NULL,1,'tipodoc','save'),(22284,1,NULL,1,'tipodoc','delete'),(22285,1,NULL,1,'tipodoc','search'),(22286,1,NULL,1,'tipodoc','rcs'),(22287,1,NULL,1,'comprobantes','index'),(22288,1,NULL,1,'comprobantes','save'),(22289,1,NULL,1,'comprobantes','delete'),(22290,1,NULL,1,'comprobantes','search'),(22291,1,NULL,1,'comprobantes','rcs'),(22292,1,NULL,1,'diarios','index'),(22293,1,NULL,1,'diarios','save'),(22294,1,NULL,1,'diarios','delete'),(22295,1,NULL,1,'diarios','search'),(22296,1,NULL,1,'diarios','rcs'),(22297,1,NULL,1,'documentos','index'),(22298,1,NULL,1,'documentos','save'),(22299,1,NULL,1,'documentos','delete'),(22300,1,NULL,1,'documentos','search'),(22301,1,NULL,1,'documentos','rcs'),(22302,1,NULL,1,'formapago','index'),(22303,1,NULL,1,'formapago','save'),(22304,1,NULL,1,'formapago','delete'),(22305,1,NULL,1,'formapago','search'),(22306,1,NULL,1,'formapago','rcs'),(22307,1,NULL,1,'regimen_cuentas','index'),(22308,1,NULL,1,'regimen_cuentas','save'),(22309,1,NULL,1,'regimen_cuentas','delete'),(22310,1,NULL,1,'regimen_cuentas','search'),(22311,1,NULL,1,'regimen_cuentas','rcs'),(22312,1,NULL,1,'ica','index'),(22313,1,NULL,1,'ica','save'),(22314,1,NULL,1,'ica','delete'),(22315,1,NULL,1,'ica','search'),(22316,1,NULL,1,'ica','rcs'),(22317,1,NULL,1,'comcier','index'),(22318,1,NULL,1,'comcier','save'),(22319,1,NULL,1,'comcier','delete'),(22320,1,NULL,1,'comcier','search'),(22321,1,NULL,1,'comcier','rcs'),(22322,1,NULL,1,'cuentas_cree','index'),(22323,1,NULL,1,'cuentas_cree','save'),(22324,1,NULL,1,'cuentas_cree','delete'),(22325,1,NULL,1,'cuentas_cree','search'),(22326,1,NULL,1,'cuentas_cree','rcs'),(22327,1,NULL,1,'centros','index'),(22328,1,NULL,1,'centros','save'),(22329,1,NULL,1,'centros','delete'),(22330,1,NULL,1,'centros','search'),(22331,1,NULL,1,'centros','rcs'),(22332,1,NULL,1,'consolidados','index'),(22333,1,NULL,1,'consolidados','save'),(22334,1,NULL,1,'consolidados','delete'),(22335,1,NULL,1,'consolidados','search'),(22336,1,NULL,1,'consolidados','rcs'),(22337,1,NULL,1,'settings','index'),(22338,1,NULL,1,'settings','save'),(22339,1,NULL,1,'docsop_resolucion','index'),(22340,1,NULL,1,'docsop_resolucion','save'),(22341,1,NULL,1,'docsop','index'),(22342,1,NULL,1,'docsop','save');

--
-- Table structure for table `perfiles_usuarios`
--

CREATE TABLE `perfiles_usuarios` (
  `id` int(10) unsigned NOT NULL AUTO_INCREMENT,
  `usuarios_id` int(10) unsigned NOT NULL,
  `perfiles_id` int(10) unsigned NOT NULL,
  PRIMARY KEY (`id`),
  UNIQUE KEY `perfiles_id` (`perfiles_id`,`usuarios_id`),
  KEY `usuarios_id` (`usuarios_id`),
  CONSTRAINT `perfiles_usuarios_ibfk_1` FOREIGN KEY (`usuarios_id`) REFERENCES `usuarios` (`id`)
) ENGINE=InnoDB AUTO_INCREMENT=602 DEFAULT CHARSET=utf8 COLLATE=utf8_unicode_ci;

--
-- Dumping data for table `perfiles_usuarios`
--

INSERT INTO `perfiles_usuarios` VALUES (593,1,1),(125,2,1),(117,5,1),(129,21,1),(161,31,1),(563,32,1),(436,34,1),(370,37,1),(248,38,1),(462,40,1),(481,41,1),(484,42,1),(515,43,1),(524,44,1),(594,1,2),(118,5,2),(162,31,2),(564,32,2),(212,33,2),(439,34,2),(373,37,2),(249,38,2),(465,40,2),(482,41,2),(485,42,2),(516,43,2),(525,44,2),(506,45,2),(597,1,3),(126,2,3),(119,5,3),(165,31,3),(565,32,3),(443,34,3),(377,37,3),(251,38,3),(469,40,3),(517,43,3),(526,44,3),(595,1,4),(163,31,4),(441,34,4),(375,37,4),(250,38,4),(467,40,4),(508,45,4),(514,46,4),(184,4,5),(438,34,5),(220,35,5),(372,37,5),(464,40,5),(505,45,5),(513,46,5),(596,1,6),(164,31,6),(442,34,6),(376,37,6),(468,40,6),(483,41,6),(598,1,7),(127,2,7),(444,34,7),(378,37,7),(470,40,7),(599,1,8),(166,31,8),(445,34,8),(379,37,8),(471,40,8),(600,1,9),(128,2,9),(130,21,9),(167,31,9),(447,34,9),(381,37,9),(473,40,9),(601,1,10),(168,31,10),(448,34,10),(382,37,10),(474,40,10),(111,3,11),(185,4,11),(446,34,11),(380,37,11),(472,40,11),(133,6,13),(134,7,13),(135,8,13),(136,9,13),(137,10,13),(138,11,13),(139,12,13),(140,13,13),(141,14,13),(142,15,13),(143,16,13),(144,17,13),(145,18,13),(146,19,13),(147,20,13),(149,22,13),(150,23,13),(151,24,13),(159,25,13),(158,26,13),(157,27,13),(156,28,13),(155,29,13),(160,30,13),(440,34,13),(374,37,13),(252,39,13),(466,40,13),(507,45,13),(437,34,14),(222,36,14),(371,37,14),(463,40,14),(512,46,14);

--
-- Table structure for table `permisos`
--

CREATE TABLE `permisos` (
  `id` int(10) unsigned NOT NULL AUTO_INCREMENT,
  `codigo` char(5) COLLATE utf8_unicode_ci NOT NULL,
  `aplicativos_id` int(10) unsigned NOT NULL,
  `nombre` varchar(120) COLLATE utf8_unicode_ci NOT NULL,
  `tipo` char(1) COLLATE utf8_unicode_ci NOT NULL,
  `permisos_id` int(10) unsigned NOT NULL,
  PRIMARY KEY (`id`)
) ENGINE=InnoDB DEFAULT CHARSET=utf8 COLLATE=utf8_unicode_ci;

--
-- Dumping data for table `permisos`
--


--
-- Table structure for table `sesiones`
--

CREATE TABLE `sesiones` (
  `id` int(10) unsigned NOT NULL AUTO_INCREMENT,
  `sid` char(35) COLLATE utf8_unicode_ci NOT NULL,
  `usuarios_id` int(10) unsigned NOT NULL,
  `ipaddress` char(15) COLLATE utf8_unicode_ci NOT NULL,
  `creado` int(10) unsigned NOT NULL,
  `modificado` int(10) unsigned NOT NULL,
  PRIMARY KEY (`id`),
  KEY `sid` (`sid`),
  KEY `usuarios_id` (`usuarios_id`),
  CONSTRAINT `sesiones_ibfk_1` FOREIGN KEY (`usuarios_id`) REFERENCES `usuarios` (`id`)
) ENGINE=InnoDB AUTO_INCREMENT=3429 DEFAULT CHARSET=utf8 COLLATE=utf8_unicode_ci;

--
-- Dumping data for table `sesiones`
--

INSERT INTO `sesiones` VALUES (13,'88b7e5808160d3628b5b37a86e86f33e',1,'::1',1303447656,1303447656),(19,'591b2e6ca64cd5211c809139b296a43f',1,'::1',1303501529,1304048274),(23,'b6b6fb7d0ccce8e05c7416ee50a69866',1,'::1',1304063262,1304063262),(27,'ee47c73670f38035e69484b97a50a453',1,'::1',1304558751,1305634764),(28,'236d40b31a18c45e383a62085a1bdc6c',1,'::1',1304731350,1304912404),(29,'184b2ed04c87504a9a5afbe29ce4c395',1,'::1',1305183995,1305183995),(30,'dd0d6b454bef8676becb9802fa58fd6f',1,'::1',1305818575,1305818575),(31,'5344abdf7e509c8f5923ff320f2da28b',1,'::1',1305824110,1305824110),(34,'7e838d61971e84dcd7239a8164b82fd7',1,'::1',1308599170,1309978527),(40,'ae65ae7cb51ba8cec71ad9142fb3c289',1,'::1',1310675699,1311012248),(41,'9fd01a2bcf29b743c30f43a8ad227511',1,'::1',1312463253,1312463253),(45,'915e244b06cf64d24725d7585448583b',1,'127.0.0.1',1313948709,1314309684),(46,'09f7eed858f1da7c63f524b4979e8348',1,'127.0.0.1',1314406889,1315661216),(47,'5ffc8d40083732f52220a06ce4166dfa',1,'127.0.0.1',1315879251,1317223544),(48,'86f49260c87da856bc0d02108b5d6081',1,'127.0.0.1',1317243664,1317352708),(50,'69436a572dc21a91cc71e3dde8e7582b',1,'127.0.0.1',1317584245,1317584245),(51,'880e001635374b76c3e98d7f932ce089',1,'127.0.0.1',1317681472,1320979497),(52,'1f65171f8ed0f5c84926dc27be7431f4',1,'127.0.0.1',1321044843,1322588934),(54,'c41436d309f9a47e9e7771de93043939',1,'127.0.0.1',1323418288,1324525218),(55,'d8f96015b1257dc79a186b22c95adfea',1,'127.0.0.1',1324538435,1324754341),(58,'ef1d3ecac9531d2e0d0c30ffcc906696',1,'127.0.0.1',1325134789,1355778187),(61,'6629b6277e5fc1b83f4cc32dd5c44ab9',1,'127.0.0.1',1325831657,1325831657),(65,'e80ebdc6a92a17020017805f067e3f5f',1,'127.0.0.1',1328050115,1328331703),(67,'e159cb69d7583dd06b05d5564b6c63c0',1,'127.0.0.1',1333034979,1333034979),(70,'1466c419fa9f8dbac7253dc114420323',2,'127.0.0.1',1333127290,1335806534),(71,'dff94027b16b4ad10386bada6122488a',2,'127.0.0.1',1333192804,1354735870),(72,'058c99bfcad9e127d43c7ce6e271dee6',1,'127.0.0.1',1333223720,1334334839),(73,'ef091c39f0a49db36a50804ff67b698b',1,'127.0.0.1',1334270278,1335284494),(75,'adb4ea2f790bd669399d0b735919fdff',2,'127.0.0.1',1338844938,1340085799),(76,'0cce625e24b5015b6a03fd236c50e5c2',1,'127.0.0.1',1339519311,1340297186),(78,'2d79ff42b824893e058ee4385b7f175a',1,'127.0.0.1',1340201872,1340208193),(82,'49b49424d0bec17f29a79523af849913',2,'127.0.0.1',1340217137,1355779485),(85,'9c97eafbebb867e4dc54edba1f60194d',1,'127.0.0.1',1340325342,1340325342),(87,'d0403aca1874840c3bf35e183716c520',1,'127.0.0.1',1340675853,1342209370),(89,'81c5adace22dae4b232fd44342d3b071',1,'127.0.0.1',1340682660,1340682660),(100,'83e0ecb584cc9eb65ae22047d2109f88',5,'127.0.0.1',1340717007,1341070534),(103,'99ef19f5ee720e4f2a316a2fb891ec53',5,'127.0.0.1',1340720582,1340721495),(104,'845d017a79d19d4e47fdf493f3ddd829',5,'127.0.0.1',1340720700,1340721031),(105,'a9e9b2463b0b624b8d9404de150caa1d',5,'127.0.0.1',1340721050,1340738328),(106,'14c7f797c19ddc6b87409d971eefd99c',5,'127.0.0.1',1340721414,1355243991),(121,'5161190700bec803256f8533d6d84fce',1,'127.0.0.1',1340745022,1340745022),(123,'0f0ea33b269c7ea639ac7667c7409f77',1,'127.0.0.1',1340746987,1340746987),(124,'781658546de664127619987186b95f0c',1,'127.0.0.1',1340747598,1340747598),(125,'abb52ae037cbdc9b6088b9b21fa64ce7',11,'127.0.0.1',1340748006,1340748140),(126,'d7c407ab8c29194d0d9c21994e9a30ee',11,'127.0.0.1',1340749458,1340903949),(128,'1efc0801fa7080d58844d70a217b1ddb',5,'127.0.0.1',1340802616,1340802616),(129,'087835fc23f7cf3ba90ef7001ea97268',5,'127.0.0.1',1340803095,1342530928),(131,'be6298decb3f396374bb969266729b77',5,'127.0.0.1',1340908305,1341940664),(132,'a462614b541d0f9096a4af2de4e901fb',5,'127.0.0.1',1340985523,1342282831),(133,'a69de2515255f2f22c9a01146faf507f',5,'127.0.0.1',1341335657,1342537350),(135,'9814d03cd975af5913d71e4607f0c7bd',5,'127.0.0.1',1341343994,1342015522),(137,'e42d9da79a9629cb1b397e00b47ff2d0',2,'127.0.0.1',1341433250,1342653626),(142,'dd24ec1cd4d625f85f2983bfccf38e69',21,'127.0.0.1',1341597270,1341597270),(143,'418dbc7ab82b03f930d8b10b91f52fea',1,'127.0.0.1',1341950718,1341950718),(144,'2aca65e91b6549468debd9b345ac5cbe',5,'127.0.0.1',1342115338,1345120068),(147,'63805b0014c4a48e84000f707ce7dbf3',5,'127.0.0.1',1342707975,1345916131),(158,'b38f59f5e2f5ad78858033f94f2259ce',5,'127.0.0.1',1344690236,1345207645),(162,'4678b2aa043381a1e4bbab5b8cc79992',1,'127.0.0.1',1344888216,1345826889),(163,'2adec17a495a9db154e4b057eddc74b5',5,'127.0.0.1',1345291345,1345291345),(164,'ffd02708568a6378fc232fe456861f0b',5,'127.0.0.1',1345554819,1346333433),(165,'c3380da32d92ac51570961e9b1ddb5b3',5,'127.0.0.1',1345560849,1347371160),(166,'ebd29ed92f2fc423cca33b9ad7c6704c',5,'127.0.0.1',1345742796,1345897097),(167,'75d7855fce0a1103d6010f839fcb2bc7',2,'127.0.0.1',1345813320,1346260838),(171,'404768543c51882cc01dff243ca18f40',5,'127.0.0.1',1346265103,1346265103),(174,'407a2a4307e52e0979a64d09bc7338d6',2,'127.0.0.1',1346435653,1347974606),(175,'86afcd471eeb21ad7c2bd0fb5fa80b42',5,'127.0.0.1',1346438472,1347021331),(178,'4267f139f9efe78c4ccbe416d9accf8d',5,'127.0.0.1',1346504978,1347131748),(179,'e3da543f8eeba2c7d55f0844f70c66cb',5,'127.0.0.1',1346524950,1346872400),(182,'b393162a03e6ed967a3e2e528a375ef9',5,'127.0.0.1',1346870896,1346878084),(217,'7a2a32c1583b4a496331e54d7aa23ffc',29,'127.0.0.1',1346886866,1346886866),(218,'ae0641fae3f347707c50ca61e022e938',28,'127.0.0.1',1346887091,1346887091),(232,'339fbdf81522f891f1af0048b245d5ca',30,'127.0.0.1',1346889456,1346889456),(243,'e1d44a917e66cfff95b95944c89ba8a6',31,'127.0.0.1',1346967642,1347046509),(248,'4112c3587a7f26c180fd98d07710c175',1,'127.0.0.1',1347301622,1347301622),(251,'9250beb23ed37584c0449e00018ab14f',5,'127.0.0.1',1347390595,1349812199),(254,'2b5d49e0ff8190152d488230be3ff6d9',5,'127.0.0.1',1347395302,1347737199),(256,'bc54efecf904daf3571ce15422b47f78',5,'127.0.0.1',1347468098,1347468098),(261,'65e90a5fb1a3bb2a19e3aab228c91608',31,'127.0.0.1',1348068068,1350056146),(262,'d0d2c5d770104fcfb6332cdc07fabbb4',1,'127.0.0.1',1348095274,1348241416),(266,'8f48bbadc23ea542051fd545fdc82737',1,'127.0.0.1',1348170350,1349902929),(268,'1a0943ccc7a26a0ddc4d1d65502fb876',5,'127.0.0.1',1348258159,1348258159),(273,'72872ed900774833e133ef8878952bd9',30,'127.0.0.1',1348601566,1348601566),(288,'eda13b37275436c2e04f953853e8f0d5',28,'127.0.0.1',1348851443,1348851443),(289,'abd76e191c01e5cabe3830a4f3f68800',5,'127.0.0.1',1348853481,1350046593),(294,'2aefeebb0f416febe3ee35bee5f34808',28,'127.0.0.1',1349124978,1349718526),(301,'dfe3bacca55137a5bd60c680a6368887',1,'127.0.0.1',1349279089,1349304263),(303,'4d1cf136aef25d18d140f0dec38e590a',5,'127.0.0.1',1349281191,1350147455),(316,'8e7cef7721a8594d75c9ca2fca05f15e',1,'127.0.0.1',1349977909,1349982600),(320,'36181cefc0d351512cf45768a83549cd',2,'127.0.0.1',1350052587,1350052587),(326,'1dbdcd901b21242ae6459fcea1344a27',5,'127.0.0.1',1350143317,1350143317),(328,'2aa43a3bbf2097226c3946568bd1b384',5,'127.0.0.1',1350153423,1350236677),(331,'466b1dd46589ed462b264d664dd41ff0',28,'127.0.0.1',1350164129,1350316956),(334,'d0c1b1c0ce0f9b4076e39ad49d6d627a',5,'127.0.0.1',1350404739,1350404739),(336,'a25654306954e1ed62c96e7aeb0e6da1',5,'127.0.0.1',1350479131,1351944414),(340,'17636a6a7ea4194cb5a4a53c91ca67fa',31,'127.0.0.1',1350589716,1354737110),(343,'9467867924b371bcb2bbede911b654bb',5,'127.0.0.1',1350741658,1350744284),(346,'da54860ed9a302b6c0a201262b6f606d',28,'127.0.0.1',1350922630,1350922630),(349,'b3f611602e1acf8f8bbac30a4c23161a',5,'127.0.0.1',1351175527,1352926812),(350,'79395d23aaa34f57c91f9f826f4c34cd',5,'127.0.0.1',1351175691,1354220706),(353,'32910a5492ecbad8e2136f9823123436',1,'127.0.0.1',1351281834,1351659282),(363,'ed027aed6d0a64ad2f124e7922e11854',2,'127.0.0.1',1351800718,1352333509),(366,'4ef268227173750af99769112e93d998',5,'127.0.0.1',1351959204,1353505640),(368,'27e39c2f23b8259a7c8e341e8110b3e8',5,'127.0.0.1',1352036071,1352733007),(372,'ca8cc8960a545d2d0fba0d7ff855630a',5,'127.0.0.1',1352205916,1352554729),(382,'f01d15d98dad6264580430d54201c051',1,'127.0.0.1',1353096574,1354914092),(389,'43c4206a2adcec0b5fdaad4de68590fa',5,'127.0.0.1',1353527903,1354718088),(392,'bc8ccf87352f9763f892b76b0b3c5583',5,'127.0.0.1',1353673676,1354711394),(394,'6f2862accefdf7f703b4277947fa833a',5,'127.0.0.1',1353847998,1354141894),(396,'44e64ae3b0e45c42f3e10afc4f676882',5,'127.0.0.1',1354282319,1354282319),(397,'e0b6e068be583a10af1d845fea821a1b',5,'127.0.0.1',1354379474,1354379474),(399,'8e6bf75ee117d7929fc19e577530bac7',5,'127.0.0.1',1354461618,1355069862),(400,'e0f87bff8a681903818148f30f9d4b59',10,'127.0.0.1',1354561688,1354634205),(401,'ce1918a8398204bab7b4f6623375ec3b',5,'127.0.0.1',1354797714,1355324817),(404,'94939ceb6152e658bd1926850cfcd814',2,'127.0.0.1',1354823391,1354827658),(406,'74ea884ca9a0cf54f3502286ce5fb698',2,'127.0.0.1',1354908566,1355235024),(407,'c2feeaa116293c1df129af56d709c6d1',5,'127.0.0.1',1355238170,1355238170),(408,'965bd1b5f044376c3e6416095fdcbb5c',5,'127.0.0.1',1355250786,1355250786),(411,'2d9bd8000341dc1c62ce63f6179892e5',31,'127.0.0.1',1355329122,1355329122),(412,'d9a3deed382c49e21a56880986547ced',1,'127.0.0.1',1355292874,1355321190),(416,'2d8f0023a6d2d22880cb6178fa63ac1e',1,'127.0.0.1',1355383527,1355383527),(417,'110b3481418fabbdb8765cbc289d1ca3',1,'127.0.0.1',1355493862,1355493862),(418,'1c5263136d30cb27f7c4151fa5a04478',1,'127.0.0.1',1355592414,1355592414),(419,'a92c17240668f49c6fca9760723640ec',1,'127.0.0.1',1355662179,1355662179),(421,'18d735518717cd8f1c129ae549e93e6d',1,'127.0.0.1',1355693467,1355693467),(422,'29a5d7b2eea1c60838d0ced9c22fbb4a',1,'127.0.0.1',1355764107,1355764107),(423,'243d69f1de0b38dcf192bd68e23f159c',1,'127.0.0.1',1355775420,1355775420),(424,'2859f6f0013738846efd6f458ff51d90',2,'127.0.0.1',1355776853,1355923857),(425,'415dbcc2b5e7b5d57b395c8bb7d80b8f',1,'127.0.0.1',1355879023,1355879023),(426,'0590eb784fb8a0813c0f572681ce504c',1,'127.0.0.1',1356097939,1356097939),(427,'74ea456b59a8e22b3c3f6905c4faa43b',1,'127.0.0.1',1356114020,1356114020),(428,'0b5587be22f76bdd56da99441565cdeb',1,'127.0.0.1',1356188000,1356188000),(430,'e94f69a6a3d97448a01330c66b205ae9',1,'127.0.0.1',1357029572,1357029572),(431,'d2c12edb0ab0df9e7d2f970fd7087969',1,'127.0.0.1',1357032878,1518463237),(432,'e6ea17b33ba9f9bbfc90943136d1fd4f',1,'127.0.0.1',1357145926,1357145926),(433,'d5d5fb50ded939b3b0986a9cf3a01673',1,'127.0.0.1',1357241297,1357329637),(434,'0dd56554e39d005542bd8e9d3fb79946',2,'127.0.0.1',1357327184,1370008022),(437,'83f0aebee683f210bd16030e2650b50b',2,'127.0.0.1',1359737573,1360273389),(438,'26b2056f8989bb2a27796248c6de8459',2,'127.0.0.1',1360253420,1360787114),(439,'96e532385f84411ec1846284a233036b',1,'127.0.0.1',1360267989,1360267989),(442,'3e3af75bd85775b029a24db2d7a70afa',2,'127.0.0.1',1361281496,1361281496),(444,'670ecddb4f364bd8e48297d59f718f89',1,'127.0.0.1',1361513052,1361513052),(446,'0149129303eff655ad1b7b004f564bdf',1,'127.0.0.1',1361564189,1361564189),(448,'4125143177237a08c3cf685953e29204',1,'127.0.0.1',1362449286,1362449286),(449,'eb941a7c03d38bd635a34aa0fb58d38b',1,'127.0.0.1',1362485258,1362485258),(455,'dedd08e44a36c45b022d20788dcaca0d',1,'127.0.0.1',1362792734,1362792734),(458,'a9583c36e8566d4fc22a20b5598461b0',1,'127.0.0.1',1363016074,1363027000),(459,'a82e59b3e3d4fe78576560569e5dd806',1,'127.0.0.1',1363057625,1363057625),(460,'b26b91a5636d7b2b80d515db8c8b35ab',1,'127.0.0.1',1363142679,1363142679),(462,'3d4797957fced346077f5ef01a18128e',2,'127.0.0.1',1363263974,1363851107),(463,'f6b7ddfe1d76d3ee75e16ac2a7350d6e',1,'127.0.0.1',1363304738,1363304738),(464,'ce93312694478109768fd2388643b1a6',1,'127.0.0.1',1363436864,1363602103),(466,'f4791def071c060e0b0a4c13624a6f38',1,'127.0.0.1',1363733157,1363733157),(467,'7fdb2a9ad9df180059e8d3c08f3919cd',2,'127.0.0.1',1351644569,1364915067),(469,'e380ee9697d07f27191f31e71d8de453',2,'127.0.0.1',1365427236,1365688334),(470,'f46ff329f8775726ab1235ce1cea9723',1,'127.0.0.1',1365685055,1365685055),(476,'577b1971ccc552592abdb7c63b66d02c',1,'127.0.0.1',1366403151,1366403151),(477,'97616d58a935e2ac58cd80988cb128b2',1,'127.0.0.1',1366657509,1366658611),(478,'60c7bcd5e32d19bcbac3d6ca448fcac3',1,'127.0.0.1',1366830071,1366830071),(479,'d9c0c5abf5f3fad149ec20c73d6e2e8a',2,'127.0.0.1',1366987994,1367510508),(480,'f049239313516720b1150dbb9cf778af',1,'127.0.0.1',1367275544,1367337429),(482,'8c60a6856befc65f94bced8fc59acccc',1,'127.0.0.1',1367861320,1367861320),(483,'ec1fa16324eaebbf0d25e8b6b26422d9',1,'127.0.0.1',1367943800,1367980472),(486,'1d7038bcde842f7a31f111b81800a908',1,'127.0.0.1',1367967747,1367967747),(487,'0c617f381f67c761b74bef145b7e5b26',1,'127.0.0.1',1368036392,1368051244),(488,'80750977d72a4b2c7a357f15f2d8048f',1,'127.0.0.1',1368056446,1368056446),(496,'1cc2138a3f1687ca446b7abd017f265c',1,'127.0.0.1',1368211721,1368702277),(498,'26598d40745e310c379250a0cbcf1c4b',1,'127.0.0.1',1368221660,1368540015),(500,'145babcb16496f9ba3188c0ba24ce685',2,'127.0.0.1',1368614530,1368698389),(501,'dabb6c5f66f070dad30207c907867318',2,'127.0.0.1',1368702275,1368771450),(502,'f469fdea0b338716c4cc0c79889c8592',1,'127.0.0.1',1368702791,1368816763),(503,'1f5b552492459fbc077e8a94f684fab5',1,'127.0.0.1',1368708192,1368708192),(504,'da8e890dc6987ddf89e6a18d201e0503',1,'127.0.0.1',1368713554,1369123557),(505,'eeee6c9f95b3f2b0af65937e03402a00',1,'127.0.0.1',1368781004,1368781004),(508,'b56122a0daaa5dcc391d6aa5db9c1f1f',2,'127.0.0.1',1368796369,1368802645),(510,'bbef6f94c0c4d99a501858a7260fd6f7',4,'127.0.0.1',1368810490,1368810490),(511,'98df5c952ba2573a744c522a5e730be1',1,'127.0.0.1',1368811304,1368811304),(512,'e91bd08dae74061ed769baf50520afc4',1,'127.0.0.1',1368813485,1368813485),(515,'6dd77e5f7b55a4af1d0b6f4a3377eefb',1,'127.0.0.1',1369133940,1369133940),(518,'97fa61fc7a19da65ca7a155c9386caad',2,'127.0.0.1',1369588469,1369588469),(519,'c6c419a66d3ea8e996e5fa0c3a0c16e3',2,'127.0.0.1',1369588606,1369588606),(520,'89b01e5fe2dcbac5ddd07685bf2664f5',2,'127.0.0.1',1369725818,1370533137),(522,'c75d28ed1523ad60815632747a6be262',1,'127.0.0.1',1369926247,1369926247),(523,'9cb88fa165cba6e16a51ed61e88d1e79',1,'127.0.0.1',1370009875,1370009875),(524,'67feb77bd26d456abc0e3c3404eb4663',4,'127.0.0.1',1370550871,1370556017),(527,'15fa6290844e94dc8896cb8a1b4da677',1,'127.0.0.1',1370935258,1370935258),(535,'7d6b444510c48f1035eacbbedcc8adb6',1,'127.0.0.1',1375112522,1376321637),(536,'67a411acd1ec79695f8a939fbc00e19c',1,'127.0.0.1',1377107641,1475829251),(537,'da5a4433b25c3d6e5ef4019e6e38a443',1,'127.0.0.1',1377119113,1377119113),(541,'ae5826abdd5a01c220b56db5a3f90f58',1,'127.0.0.1',1377272023,1377272023),(547,'6a50c2b5e14920ad06fb1607ba014086',1,'127.0.0.1',1377557697,1377557697),(551,'ab5d606f6bc4d0518191f3cbae0f11ce',32,'127.0.0.1',1377724261,1384016984),(552,'40308da953db23760761ff857db1b36f',1,'127.0.0.1',1377724914,1377724914),(565,'688b6e3a74f42333a1179bfc562262c7',1,'127.0.0.1',1378303028,1378303028),(567,'cf9aa9af44e3c81664bcb291a5390430',1,'127.0.0.1',1378412896,1378412896),(568,'05b6401d79b99d6ecb2654d99f035a43',1,'127.0.0.1',1378467379,1378467379),(577,'6e16a71cee92624928db14751f99dc71',1,'127.0.0.1',1379079898,1379079898),(578,'0936f1c9a57320cfc07917ddf23a9832',1,'127.0.0.1',1379080382,1379080382),(579,'6bded63da8c0e3b97f65d85d56a306e2',1,'127.0.0.1',1379088833,1379088833),(580,'8ac7bf9b186df76c60a5b9b0b94b5f2e',1,'127.0.0.1',1379093079,1379093079),(587,'a383e5822c98de9d5449b0a81ccbf0d6',1,'127.0.0.1',1379425859,1379425859),(588,'0b6ef39a385519f674854e6b3e1acfa4',1,'127.0.0.1',1379448413,1379448413),(595,'bbde99c9e7bfce2edb6de2c7c92693e0',32,'127.0.0.1',1379945265,1380634289),(597,'50bf8e8c72987e3375138d495e659b96',32,'127.0.0.1',1380077064,1380077064),(609,'9b167a655a7abccb1b61233c89c29757',1,'127.0.0.1',1380899077,1380899077),(626,'f13570b05c53fc8d3f3cc54b1982ae69',1,'127.0.0.1',1382117676,1382117676),(633,'66594a85f741870ecba662dceb3cddde',32,'127.0.0.1',1382539425,1384268059),(638,'1c0208a13576bfa594636d859051dea1',1,'127.0.0.1',1382753427,1382753427),(645,'e4205b178efdeeaf77896043343a1e9d',32,'127.0.0.1',1383053895,1383053895),(649,'564f8404896078d96b3e1822b39ca614',32,'127.0.0.1',1383076707,1383856129),(656,'75d3ddf65dbf00bd09a670b00d6a7c76',32,'127.0.0.1',1383539708,1383539708),(659,'7e05414b3b71c629bbbf3387b5dc2fae',32,'127.0.0.1',1383710774,1383711001),(662,'c023a7855b176f60fcb7bfbb45b779d0',32,'127.0.0.1',1384010628,1384264485),(663,'7613af9be43570e2b185c1eaf1749303',34,'127.0.0.1',1384275108,1384275108),(666,'ae8da73fa5b909d69df2e9a5ba34a0f9',34,'127.0.0.1',1384275859,1384275859),(671,'21701bd76e0e7b3df9b398de8c84d540',1,'127.0.0.1',1384443716,1385538214),(679,'3508e590bf0b1bb613f068984e3b1f0a',32,'127.0.0.1',1386024364,1475681739),(681,'b64203cc519940d0f927341aced3675d',1,'127.0.0.1',1386243700,1386243700),(692,'a0ad694cfda5b1d2cc473ba23b0e6bf1',32,'127.0.0.1',1387377581,1387377581),(693,'b3a3d8daf230970e5eb29eacaeb42a7f',1,'127.0.0.1',1387398135,1387398135),(694,'17dcd28357251e0db3a23bb76cdc0772',32,'127.0.0.1',1387457456,1387550250),(709,'304fb6c9bf2981096b47816647a5c2d3',1,'127.0.0.1',1391009754,1391009754),(718,'b9c3079e41655a250585df3125da1956',1,'127.0.0.1',1391799907,1391799907),(719,'6010456b43592d9df8a0e4559a1d3c92',34,'127.0.0.1',1391802166,1391802166),(723,'08bcf0cd3cba500c3456d2c8f8f8d7b6',32,'127.0.0.1',1393267867,1393267867),(728,'90d44d50bb81722eebd4940296086651',32,'127.0.0.1',1393941477,1399903752),(735,'2d63d376246ce2d1b37527da4221017e',32,'127.0.0.1',1396471420,1396471420),(736,'02636afae60ce5f735751a8f1a8ec206',32,'127.0.0.1',1396534534,1398864736),(741,'183da33a331953557a2095cbc67e3a9b',34,'127.0.0.1',1398442244,1398889484),(750,'c84dc9c4a62383b4ad4a76ba27f63d14',32,'127.0.0.1',1399733715,1399733715),(751,'86f1c6d61ede147087de46d1c8e054bc',1,'127.0.0.1',1399979528,1400008724),(753,'05e7a06c841ba4c5fba86535536df324',1,'127.0.0.1',1400013904,1400013904),(754,'517121f0d9a7e8e0f588a55eeeacf143',32,'127.0.0.1',1400075928,1406560812),(755,'0d51a108f36940db8b1078a1a9f6a585',36,'127.0.0.1',1400298478,1415263931),(760,'b79b0499c7c663760b4b5b97972369aa',1,'127.0.0.1',1400698262,1400698262),(768,'f549f6c27db3779632125786c1780c84',32,'127.0.0.1',1405023323,1405023323),(771,'4bdcef89a5db307c035fb0dc3d8da732',1,'127.0.0.1',1405087189,1405087189),(785,'40d8c5834f247c220e6b5f19fa8eceaa',36,'127.0.0.1',1408093449,1416989768),(788,'a10724759971abb80d118b02708c91eb',32,'127.0.0.1',1408810883,1408810883),(790,'1b77200a84cf89b80ea4699c22013e20',32,'127.0.0.1',1409673793,1409673793),(820,'3080f1117b456dcc583ec17da2513a78',32,'127.0.0.1',1412624824,1412624824),(822,'402b73b635f17e11c6b1058fc868f03f',1,'127.0.0.1',1412976069,1412976069),(825,'4fcc56258b7373b2100fd5f75f910383',32,'127.0.0.1',1413296853,1413315530),(827,'521a5e24dd034163cf4757dd602a52e9',32,'127.0.0.1',1413650182,1413650182),(831,'dbb2844803f2ad61bdae28347be32984',32,'127.0.0.1',1414702072,1414702072),(833,'e02e0f63153e772af40eb3e2d72ae05f',32,'127.0.0.1',1415137197,1416842348),(835,'c66c2b7c4f069a4e92683a90042db647',1,'127.0.0.1',1415265295,1415265295),(853,'864e23f64c6327daa724c3a2d59e7f10',38,'127.0.0.1',1418325560,1422912357),(854,'f3a6d10cf1daf903bed9abfa2cdd6cc3',38,'127.0.0.1',1418328800,1418328800),(871,'118c4a577c4394af798f026440c9f83d',39,'127.0.0.1',1418827178,1418827178),(887,'c6e25fb758f7e799b3a1473bcbbfb6e8',38,'127.0.0.1',1419276654,1419276654),(924,'6b4eb59ef726249446c6cdaf0294020b',1,'127.0.0.1',1421707713,1421707713),(928,'1fe3a277c9c2dc9dd798aa8b10f2bdb2',1,'127.0.0.1',1421790980,1421790980),(929,'6866db86c7f668080b60403d12f8a007',1,'127.0.0.1',1421791206,1421791206),(931,'5ccf96f0ff7ea97fe6ecb36370b2873d',1,'127.0.0.1',1421846717,1421846717),(933,'54f52d4b2e9b72632d70a8ae1014f41b',1,'127.0.0.1',1421857000,1421857001),(937,'4b7ecb864eabcbe32e98d41dcbbe8dc6',1,'127.0.0.1',1421933065,1421933065),(940,'a1fed11cf0388187d2268a78ef4354f5',1,'127.0.0.1',1422030498,1422030498),(942,'ed43d87ee8cc72dd81baa254d400dd7c',38,'127.0.0.1',1422032783,1422032783),(945,'f0fcae9189fe04c483fcbc8e021c3a11',38,'127.0.0.1',1422040801,1422040801),(951,'bca8847058891678beab8963d9872415',39,'127.0.0.1',1422110304,1423498399),(955,'64c1f76c91606481a4ea1a4d73475d95',1,'127.0.0.1',1422283311,1422283311),(957,'36709511e813bca3fb16e4a723feafec',34,'127.0.0.1',1422366990,1422367025),(964,'0ed90d7df9d4c8f28669d5dad77cd98a',38,'127.0.0.1',1422536794,1422536794),(989,'ea66484e16aa207c13f7d359b28db7a3',38,'127.0.0.1',1422991445,1422991445),(994,'eaf9482bedc0a5845dd78986a374f2c3',36,'127.0.0.1',1423037815,1424857043),(1037,'b21b5c8dc5f4228838e08a1fffc09a50',1,'127.0.0.1',1424397926,1424397926),(1045,'f30a376eefce097819879796aa4c02d1',1,'127.0.0.1',1424778354,1425131329),(1061,'8fbf90b5dbcb149841f0d7f6702132dc',36,'127.0.0.1',1425369848,1427185374),(1067,'510ee5ae8352a31544adb9debdb35a16',32,'127.0.0.1',1425565089,1425565089),(1115,'cf522bdbb6aea0ee3af1344810cb1ff6',39,'127.0.0.1',1427820641,1428604240),(1119,'4ea4170068a20f1536f1a5d44a1a2388',36,'127.0.0.1',1428568167,1431076949),(1130,'cb54ebdd8682a246d55d985b86e98f5e',39,'127.0.0.1',1428945447,1428945447),(1133,'b0c32400657ff4af368a73ee21d07d83',1,'127.0.0.1',1429103413,1429103413),(1143,'3b578fb5bc07452704bf5f20be360ee0',36,'127.0.0.1',1429777835,1429777835),(1148,'d76e1862da267516d7fbdafa7332ddf0',1,'127.0.0.1',1429892600,1429892600),(1155,'c749f69882192fe54a57ac4f9a25c8e8',1,'127.0.0.1',1430233417,1430779795),(1165,'980544de8d33e6aa6784c18e7a4d4749',32,'127.0.0.1',1430749213,1430749213),(1167,'909982d37eec90a9c1496948989c79d0',39,'127.0.0.1',1430843614,1431618621),(1180,'0c584a228cf356bfa0a80a453d54bc7c',39,'127.0.0.1',1431464233,1431464233),(1193,'3a836821150c025d94ea37c4bd22ca44',39,'127.0.0.1',1432052684,1436203318),(1195,'dc17ffd7af8884da98b59263fac0cd4d',36,'127.0.0.1',1432203888,1434534538),(1202,'b1faad732578b1772ac3f6bf9b73d2d1',1,'127.0.0.1',1432670484,1432670484),(1211,'353c58cd713d1ebdd4b3aa9d183f07c8',1,'127.0.0.1',1433289051,1433289051),(1260,'d9b396d3da2fdd479e68138d3c39ee67',1,'127.0.0.1',1436153911,1436153911),(1268,'b9340289f935789a7104bad22f290003',36,'127.0.0.1',1436516480,1438419391),(1273,'76238ff948499d3cb56e2a73de927f48',39,'127.0.0.1',1436805445,1439230158),(1278,'0755dda84be4ad3b30712e0c381f89c9',1,'127.0.0.1',1436996016,1437074442),(1317,'00e8c900aca7a6bdea94a753f1c2901e',1,'127.0.0.1',1438715992,1438715992),(1343,'72ee3a580cbb392f9939e11aceb7a406',39,'127.0.0.1',1439915590,1442872118),(1347,'781d0537232081609fe3cac3cafce07b',36,'127.0.0.1',1440147355,1440147355),(1351,'cbf58900efe4fab4f66d8cf92b5fe373',36,'127.0.0.1',1440226331,1440226331),(1365,'0e6cdbc147eadbe54a21f2483a5a7930',36,'127.0.0.1',1441356946,1441356946),(1375,'ceaa1b28890725dc189d5d61966f10b3',39,'127.0.0.1',1441912339,1443536617),(1389,'ef2c07788c93170f0a39b5c6707cfea6',36,'127.0.0.1',1442651611,1442651611),(1412,'c94f509f08f7b5924b3c928dff5cf565',36,'127.0.0.1',1444032816,1444899232),(1417,'919272e9c83188d60997589e879533ab',39,'127.0.0.1',1444138169,1446562847),(1420,'8814e31e95638073cabcde87a113008b',34,'127.0.0.1',1444229145,1444329527),(1422,'791e08050e179e3ec419c465d26f2a16',40,'127.0.0.1',1444229962,1444229962),(1425,'91270a14a4c0a02789f38e8de2740da5',1,'127.0.0.1',1444313922,1444313922),(1429,'60a358ce48cdce7f8307f25d5d89cbf4',40,'127.0.0.1',1444330366,1444420764),(1451,'420b4000a5c86d9def01e75fa2967b96',36,'127.0.0.1',1445937241,1446804698),(1493,'091b734e2826e3e0f44cdd886078eea0',39,'127.0.0.1',1448293861,1448295071),(1501,'f0a960d66acec574ffce9ae0acf33dfb',36,'127.0.0.1',1448875483,1448875483),(1503,'7b3c797cd5ea55e1181c6108e3a4621d',39,'127.0.0.1',1448898493,1450111567),(1508,'452853032dca414e407e19dabd5e7cb3',32,'127.0.0.1',1449158747,1449158747),(1509,'ab4b2d94b90eb9ca6eec1d644c201c93',34,'127.0.0.1',1449243152,1449243152),(1513,'adbba15bdb6b012d1c8de53bf5232a1d',39,'127.0.0.1',1449245138,1450090976),(1514,'4454dff158567a56662c39a9e34184bd',1,'127.0.0.1',1449245155,1449245155),(1515,'af23755a2f85e6d139bccf280373e7a6',1,'127.0.0.1',1449619802,1449619802),(1517,'6fba14c570ac157adc797bfa0dadacb3',32,'127.0.0.1',1450282921,1450282921),(1519,'5d72a70f5ed33e3fc3657e1fc1b9cabe',39,'127.0.0.1',1452613263,1455029096),(1520,'487c2e3cb9487ae8e84de49eedf3cc97',32,'127.0.0.1',1453294613,1458652582),(1522,'3bac617b84894ac7e9cad08ff108c34e',36,'127.0.0.1',1453537384,1453542560),(1523,'fa3f7985feee4a7c0f475cbd2ebdfe84',39,'127.0.0.1',1454327217,1457956177),(1524,'d2b5a64d427d0778a4bb1bcc40b956d6',36,'127.0.0.1',1455528419,1455529861),(1525,'dddbfef6ce222033f57a2d3af101623b',39,'127.0.0.1',1455548825,1457973606),(1526,'26b68b14bcac200d307184eb5210d0b0',1,'127.0.0.1',1455586748,1455586748),(1527,'dabfb00ad1a5426c6e6060f09854f348',36,'127.0.0.1',1456134110,1457006937),(1528,'46d0497b6b34c71710ec6c56e911c005',1,'127.0.0.1',1456264702,1456264702),(1530,'f5250af9b014bb30afc51ddef534ac33',32,'127.0.0.1',1457701144,1457701144),(1531,'817ad1fe385d814a5b7ce0273e16ab28',36,'127.0.0.1',1458122139,1458983346),(1532,'232225d2d82b45182aa80dde95294192',39,'127.0.0.1',1458648489,1462298028),(1533,'d4e1718a7ee98add0d6b063a1156f4b8',39,'127.0.0.1',1458663549,1461595939),(1534,'5d5ea95947667d113d3c49e548bf55a6',39,'127.0.0.1',1459178964,1459178964),(1535,'5ed00f4062901aed619ca95da85a30f8',1,'127.0.0.1',1459516446,1459516446),(1536,'0e8011d4ad3aa6fbb220a9c3f71cee0f',36,'127.0.0.1',1459588284,1460366945),(1537,'674f378b521f77e2d0cba96656bd1284',1,'127.0.0.1',1459809324,1459863549),(1539,'ae9562f04732165b7fd6a9b58e67eaf8',39,'127.0.0.1',1460995166,1460995166),(1540,'049acccfd8c3c49495e57826acd096c5',36,'127.0.0.1',1461231754,1462103673),(1541,'ddf3e7d862ab3632beeb2906f71e81ba',39,'127.0.0.1',1461880579,1465318158),(1544,'8804b823cd32918ed106ff2b05c0da5f',34,'127.0.0.1',1462222162,1462222162),(1546,'65d14d6b879f539aee25edb4b447cb12',32,'127.0.0.1',1462315424,1475672578),(1547,'f67be2078592785c9f2d1b956339456c',39,'127.0.0.1',1462882983,1465396452),(1548,'47ccb4024a9a73f3c03a3e769f63616e',32,'127.0.0.1',1462980855,1462980855),(1549,'d70e58270b06c5cb3a4bef6d2607f00c',36,'127.0.0.1',1463044570,1463044570),(1552,'95f67b35e166abecc6b650a3c4c1557d',32,'127.0.0.1',1463749590,1463749590),(1553,'b727545e4ed06af51cf6b6d8698393e1',32,'127.0.0.1',1464104519,1464267400),(1554,'4498746091f2c310fd969118b176b7f0',32,'127.0.0.1',1464107679,1464107679),(1555,'6694ffa2a52386a57853c7f0960318c1',36,'127.0.0.1',1464255579,1464946143),(1556,'9170e9dc39f5c9304a5f67fa935e26c2',39,'127.0.0.1',1465817497,1471963372),(1557,'d2f1a1dce8fd9eea4c14d19c969499ee',39,'127.0.0.1',1465833524,1471878946),(1559,'afdbe0ee7e3ae759d533807468616447',36,'127.0.0.1',1465896493,1465896493),(1560,'932c9f6087af732eb6782ba8d083ceb1',1,'127.0.0.1',1465945765,1465945765),(1561,'300a2c4e63494026726c998a22f9fa1b',1,'127.0.0.1',1466087652,1466098867),(1565,'b1b9fd655fa904bdc67d335dcc5910d0',36,'127.0.0.1',1466587082,1470218646),(1566,'1d652c966ce4a821a51d99b925c4dead',32,'127.0.0.1',1466600102,1468847088),(1567,'c91749fc665f194ea93be44b32ebeffc',1,'127.0.0.1',1466715278,1466715278),(1571,'3fe2fe9cc6f83bd69a4736ed8ff44ca5',34,'127.0.0.1',1467989038,1467989176),(1584,'c0a9c241439a3c88ed0b352c1e4e2837',1,'127.0.0.1',1470270742,1470270742),(1588,'6baab7b6aa26ce12e8af2a1203087ea9',36,'127.0.0.1',1471425657,1474970585),(1589,'d3baec1fb33d37b4846233aa0684e602',39,'127.0.0.1',1471637577,1471637577),(1590,'e8543b388743926c68010c4ef97456bc',39,'127.0.0.1',1471638232,1475089318),(1591,'d9996257361d8e2acfedb2b964e56fe3',1,'127.0.0.1',1471638983,1471638983),(1593,'807dd5bdcbb3d016f7922ffa00c098ac',39,'127.0.0.1',1471702606,1473100521),(1597,'76c71e69d4e9296830cb001ea530611a',39,'127.0.0.1',1472309865,1472309865),(1598,'f5647b73d84a482ee4f42e1ba9bdb629',39,'127.0.0.1',1472471123,1474289578),(1599,'db45b34731c2d180647898f9c2cbb465',39,'127.0.0.1',1472485685,1472485685),(1600,'58135f5a2968de91a74eaf7e328011c4',39,'127.0.0.1',1472652433,1472652433),(1601,'8f2b8d818f220bf770f27f27eaec326b',1,'127.0.0.1',1472922761,1472922761),(1603,'fff713815a6565efef09f9ed293c812d',39,'127.0.0.1',1473690422,1474297385),(1604,'5bcdf7db33558d93194d56f80cf58f50',39,'127.0.0.1',1473805670,1473805670),(1606,'81212bb6f7fe8567dfae9bc6e5316505',36,'127.0.0.1',1474361894,1474361894),(1607,'17df523ae1edf3058727d6540436154b',39,'127.0.0.1',1474386354,1474386354),(1608,'f9d9f32fb1b5f3bac070e405d7e99ab4',1,'127.0.0.1',1474651337,1474651337),(1609,'32bef75d62bee181fc2c89a13a9b258b',39,'127.0.0.1',1474887299,1475497765),(1610,'e3eda09978facbcc060b182974f21155',39,'127.0.0.1',1474901475,1475525792),(1611,'dfc73bb355c6ad75ca16713a3caa86a4',32,'127.0.0.1',1475154127,1475154127),(1612,'2a32cd8db9a75f2edd8a8dfeb1859165',36,'127.0.0.1',1475660238,1475660238),(1613,'6131a3f86bfd56d0ec63f54c77622607',32,'127.0.0.1',1475692536,1475781630),(1614,'b27c87deaf5c0f77f4776e017fa57568',32,'127.0.0.1',1475775397,1475775397),(1617,'4c45213f5682de51c88e7e0c6854d6cd',1,'127.0.0.1',1480672063,1480672063),(1618,'55765222c2b7cd938e2fc024ce09dd39',43,'127.0.0.1',1481361687,1481361687),(1619,'57a9d3bf6199be176167a6e39a0ddc4a',1,'127.0.0.1',1483165850,1483165850),(1620,'800b0cf4a81f862f772c48a9a94d1e38',43,'127.0.0.1',1483604016,1483604016),(1623,'31290cf603252521ab29ec4566f3378e',1,'127.0.0.1',1483612322,1486379428),(1625,'5cf45442e9b1f0b94d1248773d672942',43,'127.0.0.1',1483620620,1483620620),(1628,'22ad5c283dcbaccb5e2415d3fe062bc7',1,'127.0.0.1',1483630409,1486037984),(1630,'8ba07d357cb36fc728f92203b483fd5e',1,'127.0.0.1',1483768293,1483768293),(1631,'51249e53acea9eb470ea366c6131d746',1,'127.0.0.1',1483770058,1514523381),(1633,'793706f1519ddc516a4b0c0310faa0f9',1,'127.0.0.1',1484136664,1485771347),(1635,'4697afd19856b85066d4eab22ec438e7',1,'127.0.0.1',1484149516,1484149516),(1636,'b7bb9701d85ffb6a4d73a2a5d3639cd8',1,'127.0.0.1',1484211726,1485445880),(1637,'2dd62584b8806e148c907630c72c94bb',1,'127.0.0.1',1484215216,1484215216),(1639,'66274d0673d2be33bc5ae734d166f2e9',1,'127.0.0.1',1484225237,1484225237),(1640,'fbcc785dfe95d6242405e27e8f63f1fa',1,'127.0.0.1',1484379656,1484649990),(1641,'10f4a9c3e13429ad327dd2bf889555cc',1,'127.0.0.1',1484391895,1484391895),(1645,'1ef44a27d1b0b6fedb774db6b9d469ed',1,'127.0.0.1',1485339123,1485436669),(1647,'1e897da4c98c8ecb3b17893b88ba6795',1,'127.0.0.1',1485778287,1485859544),(1648,'6351e06110bda4fbd9723cc2ad4eb5d1',1,'127.0.0.1',1485965552,1488621210),(1650,'bf37396d61303c7e8dfd0c9efa207516',1,'127.0.0.1',1486041467,1486041467),(1651,'e8660cf2d101271463921025641a5f03',1,'127.0.0.1',1486208384,1486380122),(1661,'9d8b6d055d6fd9779fa53f054a8e4727',44,'127.0.0.1',1486660206,1488387125),(1662,'b866969ee4536e026c3aaa16a212c5c9',1,'127.0.0.1',1486997337,1486997337),(1663,'f029c7bc14695f945f67257ddf68acf6',1,'127.0.0.1',1487053727,1487061929),(1668,'41bcae71d817443b24b27f0796863dbd',1,'127.0.0.1',1487841030,1488912365),(1675,'f255a45aaeae3f690b334a37d15b0a38',44,'127.0.0.1',1488445761,1488554707),(1676,'12e727a8e7271887435066113ab09702',1,'127.0.0.1',1488458467,1488458467),(1679,'0658c06e8a976be9bf3af3daaed26a8a',1,'127.0.0.1',1488795633,1488795633),(1681,'002a0b0a32a8a703fbec7c3a42e247ca',1,'127.0.0.1',1488988536,1489394507),(1682,'6cb3d5e69f583ede3d002c13e6a86202',44,'127.0.0.1',1489063386,1491387043),(1686,'9d27eab87457306cab7d1e12e13a7555',1,'127.0.0.1',1489394501,1489394501),(1687,'752d741d079d0a7e2baa34babf558bdc',1,'127.0.0.1',1489396533,1489396533),(1689,'2093851408e53820952b9ecdc402ec63',1,'127.0.0.1',1489497379,1491210493),(1704,'edb02c6ce43c17470054b50a6ce87d1b',1,'127.0.0.1',1491044264,1491492194),(1705,'e3ec1054c7d0cf15acef4a7483852d95',1,'127.0.0.1',1491226423,1491226423),(1706,'12599d99d6a9c6e7ef34db0d29494bc1',1,'127.0.0.1',1491299274,1491654572),(1715,'156beab85c58e37771d43211855bfa51',45,'127.0.0.1',1491827224,1491839443),(1719,'3008f6013a0f9683678fdb43af18269a',46,'127.0.0.1',1491847450,1491988025),(1720,'9d64fbc54050303bec71eedfad6290da',46,'127.0.0.1',1491903699,1491903699),(1721,'cd8f416deadcc2184975e4eff97f6962',45,'127.0.0.1',1491911139,1491911139),(1724,'fe99803747e276c69521970486def55d',44,'127.0.0.1',1492611008,1492611008),(1729,'5a83d91308f8b17817d2a2c39b46ad33',44,'127.0.0.1',1493037074,1493123846),(1730,'a9ab0025def24adc629177c600ae8f51',44,'127.0.0.1',1493235008,1493235008),(1731,'dc0385e9578a4d456609f15cff7e7f54',44,'127.0.0.1',1493290436,1493290436),(1732,'f1694d1441d13fe99ad544547784d652',44,'127.0.0.1',1493309517,1493369549),(1735,'8dff2d4ac0d1c0a797e565fb2f18e667',44,'127.0.0.1',1493908385,1493908385),(1739,'fb0e347a9ccb0129898abd229c36a159',44,'127.0.0.1',1493922490,1493922490),(1740,'e30b04f451a1ae9c732aae0b8de6eafd',44,'127.0.0.1',1493973030,1493977450),(1741,'12881982415714c6c86fdee26ee2d421',44,'127.0.0.1',1494002880,1494002880),(1742,'a513aaa448f11863c3e6d4e35d4ed798',44,'127.0.0.1',1494170969,1494170969),(1744,'2dc40eefbb0e403227319ad030a94261',44,'127.0.0.1',1494261767,1494261767),(1748,'f9faa831b012cf9d0fbbbc2ceca1d6a6',44,'127.0.0.1',1494341484,1494341484),(1749,'58314419fdb08f73c37feda228cea777',44,'127.0.0.1',1494404026,1494418385),(1753,'f165589ea203a8359b2d0f2c516566da',44,'127.0.0.1',1494520701,1494520701),(1754,'eb41c5c44fa28824940720bd5ce1e97c',44,'127.0.0.1',1494576024,1494576024),(1755,'0afbf22d198d8fa5c7c61e160395cf48',1,'127.0.0.1',1494582046,1494582046),(1756,'147c0d2ee0f048100f0758bca5fb5634',1,'127.0.0.1',1494582603,1494582603),(1759,'288bede6e434fc9745502ee4ad771fa7',44,'127.0.0.1',1494604751,1494604751),(1762,'12d67bedcb6016a8923b1d2839bb1011',44,'127.0.0.1',1494674726,1494674726),(1763,'7b49b1cc6b62e650dcbecf2a8c8d1ea2',1,'127.0.0.1',1494845230,1494855198),(1772,'e3987159a7403f302cde12b09319a4d5',44,'127.0.0.1',1495056359,1495056359),(1784,'ac2353821d7f98b9771fa97057ac85a3',44,'127.0.0.1',1495458398,1495458398),(1786,'be3e2438c0f99f5141d76663601c8e94',44,'127.0.0.1',1495531394,1495531394),(1787,'11fd34dcc9f027a4385070c14af6cf7e',1,'127.0.0.1',1495704726,1495709560),(1789,'c8bc52070643e08738dbb372188a9e77',1,'127.0.0.1',1495709998,1495709998),(1794,'f3401abd4d66c9c2e0f5f50236b4cbfc',1,'127.0.0.1',1495793363,1495793363),(1799,'ef8084cdff3609f82fefd8d2f3d4d410',1,'127.0.0.1',1496685314,1496685314),(1801,'f1901cf9aa4d65e24419874f060bdb35',44,'127.0.0.1',1496759743,1496920416),(1802,'e1a601bf8b5d6c6adee40fdace5bbca4',44,'127.0.0.1',1496917636,1496917636),(1803,'927c2f287c82775efc445d8254952747',1,'127.0.0.1',1496937677,1498229118),(1804,'98b04bc47253ba252c55ed6b745fbc2c',1,'127.0.0.1',1497358118,1498215337),(1806,'c51f678dd5d1f692bfa559b2c59485d9',1,'127.0.0.1',1497456050,1498556791),(1808,'59f3aa556b500252d84f52be5deb3a13',1,'127.0.0.1',1497560698,1497560698),(1815,'4c88d946f26a05f3627f2634b403544f',1,'127.0.0.1',1498725798,1501926658),(1818,'993a61c9c960bcab445ea2833ee50752',1,'127.0.0.1',1498843042,1501693851),(1819,'0b439cc5c5df0841d87846f505b7dae8',1,'127.0.0.1',1499239595,1502292290),(1821,'2b94187ccce6a32f66b72e22b0896c94',44,'127.0.0.1',1499854257,1499854257),(1822,'10ed28f8c440641c1d9a3e65d0abceeb',1,'127.0.0.1',1500051485,1501866825),(1823,'a4ca4500676eaf1a657f97fbb3a33bbe',1,'127.0.0.1',1500054747,1501241141),(1824,'cd670fe0880cb8cb0a47abf416c46352',44,'127.0.0.1',1500638672,1500638672),(1825,'ceff08468699e3442407b7baa8d3d93f',44,'127.0.0.1',1501589550,1501589550),(1826,'d974d8a2fa96bea2b516bebbe1c4f928',1,'127.0.0.1',1502204284,1502901764),(1827,'65c22e05b310a176380ad189622c3a00',1,'127.0.0.1',1502287795,1502985432),(1828,'06c92747ed97000a6efe3ca7ac104422',1,'127.0.0.1',1502364288,1502808455),(1830,'22ba7e097e73b62aa50d3d78e2f11d2b',1,'127.0.0.1',1502525604,1502814784),(1832,'19c1b150b74b6ad19e3942da417c47ae',44,'127.0.0.1',1502535826,1518115299),(1833,'3221d8df65e4027cc0feebbff2e48055',44,'127.0.0.1',1502536198,1502536198),(1834,'7fc3c2f259d0591152892eb87b1a545c',1,'127.0.0.1',1503050659,1503661226),(1836,'4dbf4edda681971ebef378cda39768ed',1,'127.0.0.1',1503061267,1503570590),(1837,'b7cd2c30b384d55323b8500b3a0c098d',44,'127.0.0.1',1503063029,1503063029),(1838,'221b69c26c26f6f3e1a9b4179739d94b',1,'127.0.0.1',1503735373,1503919867),(1839,'dfb027cd4de0e178c69d33a651deff16',1,'127.0.0.1',1503999934,1506440236),(1840,'d4eb1f5b1e719944ce1c8049db2d7170',1,'127.0.0.1',1504003057,1506438617),(1841,'007c0ea268efe32dbcf630abe771d12b',1,'127.0.0.1',1504017928,1506929485),(1843,'ea569d84f68d123e1b2069e8cadac547',44,'127.0.0.1',1504339825,1504339825),(1844,'8f73e21bc014f186c91b80d269eb6fda',44,'127.0.0.1',1504610502,1504610502),(1845,'97370d10a80564f583e8269fd2ec8448',1,'127.0.0.1',1504873575,1505993029),(1846,'e2118ffd1ada29a0e6ad3b3b6ed7f143',1,'127.0.0.1',1505131305,1506361703),(1847,'119b65f3fa1e037ba2368f74488081e2',1,'127.0.0.1',1506506281,1507974260),(1848,'6113ecd9f722407882f017a7822f9927',1,'127.0.0.1',1507196096,1508236001),(1849,'cffc1525ff3989021ddeea4ce6f022b1',1,'127.0.0.1',1507719303,1507719303),(1850,'edbeb7e1641ba9b75fec895e40817fb0',1,'127.0.0.1',1508337090,1508337090),(1851,'747a040dabf8b72cc493faa08f94437b',1,'127.0.0.1',1508406562,1509035857),(1853,'5d5668927c10536e4576d0d01df36302',1,'127.0.0.1',1508499784,1508513512),(1854,'212dbf97dc47277902a41ebea99db96f',1,'127.0.0.1',1509096042,1509792395),(1855,'a80b93eb4389cf8a56d5b9b00f88c0ed',1,'127.0.0.1',1509466558,1509466558),(1857,'a0d7850e48fc15ad600f4e1e0ef627c6',1,'127.0.0.1',1509644156,1510833913),(1858,'63b0eaf7566da0c53a9f49b855bc2a6b',1,'127.0.0.1',1510060654,1510313827),(1859,'db1ff9801e88e95b276063760303097f',1,'127.0.0.1',1510385806,1510397649),(1860,'e0ab01c2905ef9d7686765d20cc36b49',1,'127.0.0.1',1510389552,1510389552),(1861,'7979a69d0b94a78c52e4251fbc347a20',1,'127.0.0.1',1510734142,1511601139),(1862,'c25a9f785d3e93230bab6fd3a3557407',44,'127.0.0.1',1510746647,1510746647),(1863,'84310e70ce1d100c1c7983d7ca44a2a5',1,'127.0.0.1',1510763043,1511443095),(1866,'5e7729df5c4a97a295161fd0deb0f02a',1,'127.0.0.1',1511197542,1511197542),(1867,'b95efe103c15c4fc62b7cf7f6e1d2960',1,'127.0.0.1',1511249913,1511249913),(1868,'b5e2f8f65ad0589f030fba50e96d47db',1,'127.0.0.1',1511260217,1512647932),(1871,'ff89a7505865beb9e2c5a47f851bbb5a',1,'127.0.0.1',1511443116,1511443116),(1873,'8a78a6d9338c4b03f9460421a83cedde',1,'127.0.0.1',1512146017,1512211716),(1874,'5240906abd0ada4b6ccc267d4ae08251',1,'127.0.0.1',1512816044,1513935340),(1875,'0093481d6fe17a7bf319c1a3a2dc4341',1,'127.0.0.1',1513005888,1514472651),(1876,'cf8fbd166d7456ca6382d9f4e45952d0',1,'127.0.0.1',1513955068,1514376952),(1881,'af3347543cb0c2d3a7beccd6a0b49e3d',1,'127.0.0.1',1514446264,1514446264),(1883,'f29f956361138919dab63207df2381ab',1,'127.0.0.1',1514627204,1600419686),(1884,'c934ba83480a250f3a8cfb4f08c27e71',1,'127.0.0.1',1514643967,1514643967),(1885,'753bb7e2f9947db3338ceb7a5233d51b',1,'127.0.0.1',1514649216,1517319703),(1887,'67a1d701cd414c407236f8be320a1427',1,'127.0.0.1',1515680489,1516746357),(1888,'807f4a1551a8b9bb5d2739cb55aa0ce5',1,'127.0.0.1',1516107993,1516823663),(1889,'ab6f5cc8c1ae42b5a99114e16b3732df',1,'127.0.0.1',1516640448,1516640448),(1890,'94c6588ebb6a9c721d53e99f60ee50a2',1,'127.0.0.1',1516746999,1516799323),(1893,'525c5ad47e3520577e91779a16d380a8',1,'127.0.0.1',1517848612,1517848612),(1894,'cf3e9bfd992905ee1046f506e67c50cc',1,'127.0.0.1',1517949228,1519392906),(1895,'0d1551fdc89cc5246913203082b7f584',44,'127.0.0.1',1518113664,1518113664),(1896,'990aff88465b1b5d3345ab56a721a3d7',1,'127.0.0.1',1518184401,1518184401),(1897,'933df5037ebaa08c55221950a1bc9b1e',1,'127.0.0.1',1518197428,1518197428),(1923,'96c6658c22a63dfb0e935e3150404757',1,'127.0.0.1',1521063529,1521123956),(1927,'24276c7d9633b16c16e13c6026919240',1,'127.0.0.1',1521291156,1521291156),(1932,'fe1c451802466f3591000111e3887c76',1,'127.0.0.1',1522164456,1526485256),(1946,'4f66643b59bec1b92e217107649e856e',1,'127.0.0.1',1523977022,1524067150),(1947,'5681da9125237743a2a54dec9fc42399',1,'127.0.0.1',1524167707,1524167707),(1953,'9b6704efe7118a3d52429aad2e2424b9',1,'127.0.0.1',1525105251,1526054353),(1954,'1ac5d11917b7b153616cf3fd3667d019',1,'127.0.0.1',1525453802,1526592401),(1957,'5732a177f329bfb4441fbe1ea4047b35',1,'127.0.0.1',1526045341,1526045341),(1958,'7978bf7ff4651aa6d0cfb4516bc80a5e',1,'127.0.0.1',1526089445,1526089656),(1959,'7fb6cffb94d81970e37cb23e11ad24a8',1,'127.0.0.1',1526588200,1526588200),(1960,'80b7295836d48014ba9bb07d3c8b9672',1,'127.0.0.1',1526659481,1529620497),(1961,'21cff176a61a620a20b73bf7eb6e6e5a',1,'127.0.0.1',1526930078,1529499966),(1964,'e8952a8f7c95a44c4a55d06e9935e096',1,'127.0.0.1',1527347254,1527347254),(1971,'64c3b19f7fc6cae9634f432bdba69d06',1,'127.0.0.1',1528460480,1528460480),(1973,'eb773f6ec1f55108d0d29239b6f3eb73',1,'127.0.0.1',1528824506,1528824506),(1978,'43af240d8f7ceaf99662cf0545521538',1,'127.0.0.1',1529959348,1530650026),(1979,'4824a21932bcff57d73753a7c33157b9',1,'127.0.0.1',1530033892,1530033892),(1983,'3ac4c4176a5208beff9df7d7d138c93e',1,'127.0.0.1',1530833093,1534523481),(1987,'4782ec05b41b58c03709306da2bffdb3',1,'127.0.0.1',1531409851,1536583443),(1991,'79a26797a09a04aef8a6bf8f9f866ecb',1,'127.0.0.1',1531752240,1535048701),(1993,'5786dd3b473f1f8a3fba3ea83e4f3efe',1,'127.0.0.1',1531945131,1536159026),(1998,'db550867e667fd4ae1effc0292be8c6e',1,'127.0.0.1',1533216493,1534526197),(2002,'94de83d9f9fcba66c77340ac63726d24',1,'127.0.0.1',1533778054,1533778054),(2003,'8a0a6fb7e533e28614e698b9c59aa148',1,'127.0.0.1',1533781820,1533781820),(2005,'bbf703d136528921920cce49c1480c51',1,'127.0.0.1',1534376717,1534376717),(2008,'fa32ca47c6f5a415f61964c89f280bb2',1,'127.0.0.1',1535146007,1536606812),(2010,'6d22e829f0215821d0e14115487017b7',1,'127.0.0.1',1535215511,1535215511),(2011,'39ccaeaf9bc510e4ad3343327ec2aadf',1,'127.0.0.1',1535376675,1535376675),(2012,'eb4414001fab2c235fcd5a04666b8646',1,'127.0.0.1',1535489232,1536415398),(2013,'df9a74a44a56c45f211cdbc402d30099',1,'127.0.0.1',1535673851,1535673851),(2014,'34b66f9cecb62a83367332cc2ca432b8',1,'127.0.0.1',1535728864,1535728864),(2015,'6d87b642ee5f77f78de948bb689043ca',1,'127.0.0.1',1535828828,1535828828),(2016,'46e7dc2dda3535a144a41f602998c425',1,'127.0.0.1',1536182981,1536182981),(2017,'72a4b5c20b58bfe98ed41ba8571f51e2',1,'127.0.0.1',1536275296,1536275296),(2018,'0456dc26cabc9a6db8febfd36cad5f0d',1,'127.0.0.1',1536416500,1536416500),(2020,'ae597cfc509b40394d1e71d0c8cda58d',1,'127.0.0.1',1536612364,1536612364),(2023,'00e852a0e635f3127cb65999ef3067ce',1,'127.0.0.1',1536795539,1536795539),(2024,'52c3283ebee4adbb582b8c6ce0d4b75a',1,'127.0.0.1',1536848967,1536852916),(2025,'b5e4deb9bcd9c518773b2cbd0ebf4844',1,'127.0.0.1',1536949478,1539890272),(2026,'886a25425e64ebef921475570b9788dc',1,'127.0.0.1',1537226992,1537226992),(2028,'2f99808ee4b6bf6bad664c00315eac03',1,'127.0.0.1',1537654135,1539370783),(2030,'000068895399197870c61180df9357bf',1,'127.0.0.1',1538499585,1538499585),(2031,'814e160d6dd7919106ddf1c454c97561',1,'127.0.0.1',1538579479,1538579479),(2032,'abfed76e4c77ada9b593ad6485fbe3a3',1,'127.0.0.1',1539354777,1539354777),(2033,'cfbecd10816bb26d08ddb470c009630b',1,'127.0.0.1',1539355547,1539355547),(2034,'1e39d36845993def56ad2df729184c51',1,'127.0.0.1',1539379578,1539379578),(2035,'2460213c3ae283eb4f4b9908062cffe4',1,'127.0.0.1',1539389111,1539389111),(2037,'afd9491dd71eed0f0a206a75bf096a32',1,'127.0.0.1',1539897506,1539978943),(2038,'ef6ba31dd7c99daf551b6b9dd8a9969a',1,'127.0.0.1',1540039695,1540588776),(2039,'763044a94a4c6886646547b129b90504',1,'127.0.0.1',1540324202,1540324202),(2040,'140d86114b13b5cf6caf940bcca27ba2',1,'127.0.0.1',1540491366,1540491366),(2042,'dd546fb855be01370f7b7815eb625859',1,'127.0.0.1',1540861452,1540861452),(2043,'c082b523c79cd4f1a3b20252964d9978',1,'127.0.0.1',1540923474,1543938548),(2044,'a4ba2e169b42d42b6fa6d95d8877904c',1,'127.0.0.1',1541169904,1544818690),(2045,'7218f57909a5439cd6c05a465fe2b8a8',1,'127.0.0.1',1541517284,1541517284),(2046,'73b995a8b942e39b761a61b1b134f5ef',1,'127.0.0.1',1542291190,1542291190),(2047,'0db9748de37eb4679a80714bbd5ed19c',1,'127.0.0.1',1542745802,1542745802),(2048,'533b37e0a8676e73452b0cdf89366ee1',1,'127.0.0.1',1542747144,1542747144),(2049,'c20c305739720e1323c8bb828f35d908',1,'127.0.0.1',1543001239,1543259954),(2050,'0345dcb67a15ac92d266aadf4fb6e0db',1,'127.0.0.1',1543359349,1543359349),(2051,'147e56ea6883963534ebecc027a5a5f6',1,'127.0.0.1',1543872691,1544565928),(2052,'d33e2ffbd40af18a01fce379f365e69d',1,'127.0.0.1',1544471436,1544539203),(2053,'a0f0c8d754ee488ac3868f25288c6eb7',1,'127.0.0.1',1544563386,1544563386),(2054,'939af74f16b453cf5c01d02aeea32bc2',1,'127.0.0.1',1544732848,1548889765),(2055,'989844d1cfe34b39b6ce1ab29ecd2dbe',1,'127.0.0.1',1545143360,1548799419),(2056,'f5b7cbf1765da7b36dabfce146daf45f',1,'127.0.0.1',1545240836,1546961124),(2057,'c9ab7d2379d9e106dbb20a9573ec6bf3',1,'127.0.0.1',1545241319,1545241319),(2058,'1f8afa3c1e2d934d2ba0fb7e6e9efb15',1,'127.0.0.1',1545833884,1547494617),(2059,'ad288a46625e539176f931b44837ef2a',1,'127.0.0.1',1546550416,1546550416),(2060,'4ec57e3d8d2e54640c8aacc35d527cd8',1,'127.0.0.1',1547076129,1547470957),(2061,'d6096e65822d6b8901fa5010517961a9',1,'127.0.0.1',1547577191,1547577191),(2062,'aa521f4cb90791ec20e730e9f35c2984',1,'127.0.0.1',1548881630,1548881630),(2063,'35b525c1e6285d325ce435b68d5de04c',1,'127.0.0.1',1549459895,1550330634),(2064,'af1d358eaf72594dbbb615005364433a',1,'127.0.0.1',1549479804,1549479804),(2065,'852db5bfa3c91b269900d2f74844b6bb',1,'127.0.0.1',1549481389,1549481389),(2066,'1eaa213349a5031f996b6af976f3ffbd',1,'127.0.0.1',1549892312,1550257429),(2067,'5b50f3feb23a34dca97fb3aa33170cca',1,'127.0.0.1',1550096711,1550096711),(2068,'0b1152fc8fc1d1db45faa04193f86ff1',1,'127.0.0.1',1550778970,1550778970),(2069,'240b200d41415bee33276e8eac5f6e1d',1,'127.0.0.1',1550783703,1550783703),(2071,'904866e506ab2dccc5990b2dc64be4e6',1,'127.0.0.1',1551124550,1551124550),(2072,'9612456d9394fed8ab6d165b85bbecf7',1,'127.0.0.1',1551129768,1551129768),(2073,'861bc2b8ab40e8cab9785e03eda2685a',1,'127.0.0.1',1551208731,1551208731),(2074,'5dc2a315cd637a6db881868ddf4eda35',1,'127.0.0.1',1551277426,1551277426),(2075,'cb94891272a061356bef4f7d10847dcb',1,'127.0.0.1',1551364415,1551364415),(2076,'0e2084aed80c5faf942cc920b606218c',1,'127.0.0.1',1551375764,1551455395),(2077,'323f5510dad4ee22c9c71dce3be6f2a0',1,'127.0.0.1',1551460160,1551460160),(2078,'65699d9cd0be1524cdbbc0f17afdf0a2',1,'127.0.0.1',1551710980,1551710980),(2079,'0eb25629887ad143dcfd5fe08771001e',1,'127.0.0.1',1552049580,1552959291),(2080,'4dbdeb3ad1190878ec23ef057c4f5ad6',1,'127.0.0.1',1552074693,1553781315),(2081,'88c4111d918229036570518551976333',1,'127.0.0.1',1552419118,1553800429),(2082,'f10f2d0098c46950fd0c7a527459168f',1,'127.0.0.1',1552612302,1552612302),(2083,'258e87ad6852d74598ee037dafb6c6fd',1,'127.0.0.1',1553886474,1558639975),(2084,'f58a3854866695c1dd9c6586c896b75d',1,'127.0.0.1',1554236509,1558450759),(2085,'05d7182813a71a9fa2f37d3c9a733c51',1,'127.0.0.1',1554304946,1558487170),(2086,'c3f0d0a539f68ebb27904acefc4c3c11',1,'127.0.0.1',1558644441,1562960487),(2087,'f31ac784da21dd35b139cb8187ad5229',1,'127.0.0.1',1558737057,1563204920),(2088,'b56d33c2eeeef6583b330cde63b4d25b',1,'127.0.0.1',1560132008,1562027005),(2089,'463aaca2f8b6d5f2d784b1aef33e0598',1,'127.0.0.1',1561554801,1561730965),(2090,'da949d74d4c289fb171b052ae84bdd58',1,'127.0.0.1',1563301174,1563301174),(2091,'531cec1970dec1ee981da4fc8c3f172e',1,'127.0.0.1',1563378474,1565390343),(2092,'c641eca2aa28f756c5d7474c12018a24',1,'127.0.0.1',1563395491,1563395491),(2093,'26d1bdb02ea810ab7605c2c53f7e0e9e',1,'127.0.0.1',1563468822,1563584950),(2094,'cc4e0a6c028d0b4bdbe12353c8f45b99',1,'127.0.0.1',1563812757,1563812757),(2095,'a1121f9d25fb05f5400466d35e512ec9',1,'127.0.0.1',1563904399,1564520862),(2096,'d56f8f35c51fb0897ba8a4376e590676',1,'127.0.0.1',1564516180,1564516181),(2097,'cb7f3675c56bb7e0174c4ceac85b163b',1,'127.0.0.1',1564595099,1564682501),(2098,'83267e6b44b3a261b42ecd93352e3c23',1,'127.0.0.1',1564683122,1564683122),(2099,'8e2a05c5f6ba1cbf8a545506e6f020a2',1,'127.0.0.1',1564690561,1565215432),(2100,'b09806abc0497809d77f308232bf3f43',1,'127.0.0.1',1564768924,1564768924),(2101,'a350dadfedef1a372993152d7409f63d',1,'127.0.0.1',1564852903,1564852903),(2102,'27960d8d2c2dab2d5686109255101bb1',1,'127.0.0.1',1565623885,1565623885),(2103,'0578246ed6afa9992302489d4586e77f',1,'127.0.0.1',1565807065,1565807065),(2104,'b115007a70c927b292a0d336ce91a739',1,'127.0.0.1',1565881859,1565881859),(2105,'b2ed0f44801c4a2eeb2e7de38ab34276',1,'127.0.0.1',1565917353,1566578419),(2107,'d89a3ff5f76db3c195b0b699e36e71c2',1,'127.0.0.1',1566171410,1566171410),(2108,'dbbc13bf3dced92311232aa67edaf6b8',1,'127.0.0.1',1566842841,1567448927),(2109,'0effb8eecc55c739373adff866eb32dc',1,'127.0.0.1',1566918666,1567603859),(2110,'b14eda6bcb561b3ead1464d19dc05a1d',1,'127.0.0.1',1567019937,1567604346),(2111,'4b438c2678bbf2ebe831d67fb4af7447',1,'127.0.0.1',1567700900,1567700900),(2112,'0f5988815de33e9b11a7a2b950ce57b5',1,'127.0.0.1',1568047399,1570213826),(2113,'87eb3ff1d60cf4ff408855ee4b16eb43',1,'127.0.0.1',1568386900,1568386900),(2114,'9f7668f9e4e3d2e1c348fd5f5ed3066e',1,'127.0.0.1',1568637573,1568637573),(2116,'7a111b9fbe639bfee0d9b3ba9013f620',1,'127.0.0.1',1570047654,1570059361),(2117,'a5646979c2280e53a4fc882022d150bc',1,'127.0.0.1',1571676776,1571676776),(2119,'50c9bde60477a36dfebf6543d1855fe1',1,'127.0.0.1',1572044444,1572044444),(2120,'d81083de8316c8646170ccc2d8f542b2',1,'127.0.0.1',1572097110,1572107241),(2121,'f605b6ef8b4282c46ad08d7530a0b743',1,'127.0.0.1',1572299916,1572299916),(2123,'251faae1be1ae8f8a07f5e79b8c15c93',1,'127.0.0.1',1572368391,1573233252),(2124,'622c67f5e0f81f41ecb79a4047a50d22',1,'127.0.0.1',1573142098,1573142098),(2125,'fea424dbb6450ef17b9379fa9e47d0ac',1,'127.0.0.1',1573236895,1573236895),(2126,'609c4ea2b43e9c4771d5c75b462a9b90',1,'127.0.0.1',1573500085,1573909496),(2127,'24cdaf01a9437cf2a743664d7177a248',1,'127.0.0.1',1574085105,1575473203),(2128,'492ec70b98797d6edce6f2923416c969',1,'127.0.0.1',1574251478,1575468250),(2129,'ec5399de9a9d01e9c07021d7ea6fc8a2',1,'127.0.0.1',1575828936,1575828936),(2130,'7a786b831b3585075ce61ea8597225a1',1,'127.0.0.1',1576018610,1576761392),(2131,'f0099641c23b448f4e754c4d5db60eda',1,'127.0.0.1',1576164227,1576164227),(2132,'a41cc0afa7609ac767f4df622662f6a5',1,'127.0.0.1',1576871363,1577542416),(2133,'a40cd910f4dd719bf145ac1ada9ad35a',1,'127.0.0.1',1577137163,1577137163),(2134,'2ed61792b3cd36b0d839330e62e20754',1,'127.0.0.1',1577718033,1577983352),(2135,'ac723caca8ff1bc4c29f72e3d9932f44',1,'127.0.0.1',1578076453,1579095477),(2139,'4866b0b03e304179896454b726033e1c',1,'127.0.0.1',1579800608,1580923505),(2140,'bcaee380d24d3c3b6d8fa71b1bc1f28f',1,'127.0.0.1',1580924977,1581025740),(2141,'fcc74419255c51fd6677d5e047745a4f',1,'127.0.0.1',1581514824,1581517438),(2142,'78df0d01dfa4d8919d30ae55583c3cab',1,'127.0.0.1',1581770795,1581798196),(2143,'90f2b7b0664c87ceb1f1e62f7a7c9461',1,'127.0.0.1',1582041802,1582137123),(2144,'295a6292dc18efb4e21769740c3d5473',1,'127.0.0.1',1582129631,1582734699),(2145,'774112c63a5012d6b3f6dace31e42c82',1,'127.0.0.1',1582138210,1582919249),(2146,'00cffd6e5262e649e1fa4054cf60dd95',1,'127.0.0.1',1583156705,1584106239),(2147,'90def5de130880e39c8bd554c699a0c6',1,'127.0.0.1',1583287115,1583287115),(2148,'78aa07db7f96d80f8c9d3a26d11b3b4b',1,'127.0.0.1',1583334583,1583787470),(2149,'cc1ce947f4db989286700fe6ad2c8e52',1,'127.0.0.1',1583508161,1583508161),(2150,'e9b4adaeae4baeadde56b8ffa1713ae5',1,'127.0.0.1',1584565437,1586285637),(2151,'e81df194d68b5a16a716940455709134',1,'127.0.0.1',1584810181,1584810181),(2152,'8eb6026add46623d5a5b0dee05b41547',1,'127.0.0.1',1585670323,1585670323),(2153,'5338ab54055cf29fdcabb9abfe737624',1,'127.0.0.1',1585867668,1585867668),(2154,'8eda97df5bce7c307690f714f77ac890',1,'127.0.0.1',1585938879,1586195776),(2155,'c8a90d42b568dc38be284fbb0ee1ac7d',1,'127.0.0.1',1586288335,1586288335),(2156,'2103033a1fd141eb30e9144a7846c913',1,'127.0.0.1',1586786395,1586786395),(2157,'7c0cfc771fd16a904310d314f1455ee2',1,'127.0.0.1',1586890179,1586890811),(2158,'a89adfc7de7694e5f5ca962fbc9142ab',1,'127.0.0.1',1587565698,1587772811),(2159,'d7dffdab2549cb75bd29d09ef6761c56',1,'127.0.0.1',1587650691,1587663318),(2160,'c6a65a01210ada167e1cc50a9fcb1b3b',1,'127.0.0.1',1588015921,1588015921),(2161,'cf38a2ec497035a8aabfda92b42c6571',1,'127.0.0.1',1588601110,1588771615),(2162,'8417cee26c47e636a9a5f2ca8adea6b9',1,'127.0.0.1',1588855171,1588855171),(2163,'eccd79e0d92c0c64ab3904f0b845fd52',1,'127.0.0.1',1589407273,1589407273),(2164,'93716b34b929df2ed15094966c3316c0',1,'127.0.0.1',1589463274,1589463274),(2165,'a860149219be340585f9adbbdedcf838',1,'127.0.0.1',1589746292,1589814598),(2166,'eb6768b36541c9a7b7fd7fe7fca1d19f',1,'127.0.0.1',1590004812,1591727907),(2167,'9aab8ecf14c5c7f20cdf3fd3969ab5ff',1,'127.0.0.1',1590258363,1591382647),(2168,'4ac2d4ad292499d863fcbfaf54621011',1,'127.0.0.1',1591647383,1593548104),(2169,'63c249ced2f09800da3c65ba7a989b9f',1,'127.0.0.1',1591805223,1591978165),(2170,'339b49ac434e3d7ae60d4dd406ed28d2',1,'127.0.0.1',1592330517,1592399110),(2171,'dc7167350e7c28f4e977072b28963e9e',1,'127.0.0.1',1592685810,1593266632),(2172,'69aabdad80334d066bb9f8da1d04d067',1,'127.0.0.1',1592866049,1592866049),(2173,'89b938b93ab46af348497ff04685ea8d',1,'127.0.0.1',1593539216,1593619006),(2174,'9f97be1f09a1609ddde122d7f605670a',1,'127.0.0.1',1593634651,1595435843),(2175,'a5ec5ea35fe078caea7a4481b36a043a',1,'127.0.0.1',1594040801,1596581641),(2176,'9d9efdba815c88e3eb545413f9fdf964',1,'127.0.0.1',1594057975,1595431989),(2177,'433b5e0fd7ba74a96ef7f33b47cf939f',1,'127.0.0.1',1595360741,1595360741),(2178,'949c7ba4e978e856443c0a274135231c',1,'127.0.0.1',1595446277,1595446277),(2179,'11c27f99309fe238ddc5c2efb5e70ea8',1,'127.0.0.1',1595519813,1596039188),(2182,'b80656494cb8da16dd81989def38adef',1,'127.0.0.1',1596208463,1596227990),(2184,'945abf4cf943bbc0352ab5cf73a94208',1,'127.0.0.1',1596500354,1597783848),(2185,'916915c4124c9649a4fd115b51492e7b',1,'127.0.0.1',1596663664,1596663664),(2187,'1c389dd2af2d86f986e43ce999fdd385',1,'127.0.0.1',1596739195,1596739195),(2190,'7223bc1a5fc368684826a0962220616d',1,'127.0.0.1',1597878198,1598027755),(2192,'806fa67b2810a38970afec58916f3191',1,'127.0.0.1',1598375623,1598375623),(2199,'2b99409358db575a78d33827bd288440',1,'127.0.0.1',1598454090,1599318117),(2200,'3ccf559ecda8603010bc190ba51e6996',1,'127.0.0.1',1598728620,1598728620),(2201,'17b2710f386cfae9ce2ab96e2e31fd2f',1,'127.0.0.1',1598893924,1598893924),(2202,'894d7c07039841fff8b25e537bbc7c2c',1,'127.0.0.1',1598982927,1599168510),(2203,'7dc4ed6cf7eae5d29775103df4c4d3b8',1,'127.0.0.1',1599052383,1599052383),(2204,'9fb15428dc943920b2998d02678ec3b9',1,'127.0.0.1',1599063659,1599063659),(2205,'905a0ce9e6920b25fa02ab899fc8c492',1,'127.0.0.1',1599075769,1599075769),(2207,'6a77575c773ca5a085b066de16bacaf6',1,'127.0.0.1',1599084725,1599084725),(2208,'0996557f72ffa8a7f9bfabfb39d9dbf8',1,'127.0.0.1',1599141897,1599141897),(2209,'0be4ba4042d28540d497ee149b4db1b5',1,'127.0.0.1',1599159406,1599159406),(2210,'c68a0b796b67cccc82e670556ea10ad6',1,'127.0.0.1',1599254499,1599254499),(2211,'9a4d99c04c73b655c7181bb05624a713',1,'127.0.0.1',1599318513,1599318513),(2212,'c7fcdcebd02ed5450f86bdf326253999',1,'127.0.0.1',1599497015,1599497015),(2213,'5c18d3e0c1c9e1161461514a8793e513',1,'127.0.0.1',1599514916,1599514916),(2214,'ebd33233a0dedf896f78eb2d0058976c',1,'127.0.0.1',1599583192,1599583192),(2215,'80d5642f45cfdce15a581f4dcea61921',1,'127.0.0.1',1599848679,1600280555),(2216,'6a79d4024de0a2a4bc6e0af5eb1dac13',1,'127.0.0.1',1600089049,1600089049),(2217,'66a8cae491fc29ac516996014d7c3a26',1,'127.0.0.1',1600103824,1600103824),(2218,'d8f9ed13459573adf307d8668787bee0',1,'127.0.0.1',1600114286,1600114286),(2219,'991180daa9f766b19a46f07b5efb1075',1,'127.0.0.1',1600115108,1600115108),(2220,'a6244669a7caad71afc070544e2635d3',1,'127.0.0.1',1600186524,1600186524),(2221,'8448833f77731dad670c72f1ac58b609',1,'127.0.0.1',1600200970,1600200970),(2222,'c89fddc1de8eb0e6cb2e9671a717ad71',1,'127.0.0.1',1600534823,1600534823),(2223,'afa946c522379f87f1e5e7a9c661c54a',1,'127.0.0.1',1600534861,1600805492),(2224,'d80b9f632567e35c08d6909dc39c3f0a',1,'127.0.0.1',1600542787,1601052729),(2225,'1b0f4106a8f2193e6d24f22dd60270d2',1,'127.0.0.1',1600681023,1677752932),(2226,'45718539ebd61ddaef7cae5c35b25327',1,'127.0.0.1',1601312039,1602714535),(2227,'55b5619750ec63d6465fcce8102ef733',1,'127.0.0.1',1601477821,1603141828),(2230,'745313d1bc5de45e17f04bf9c01362ae',1,'127.0.0.1',1603299859,1605274651),(2231,'e8c65fa0fad8156ba90408ed52f2d2b0',1,'127.0.0.1',1603393341,1604507343),(2232,'7be1ea618b97efc392f8d5c5e9a6330e',1,'127.0.0.1',1603723778,1604505659),(2233,'3ad2468de02a39c917c88d0f0716179e',1,'127.0.0.1',1604357446,1604365281),(2234,'dc028a7aa907ee2ed078cc65ba698eb0',1,'127.0.0.1',1605128232,1605128232),(2235,'a4c35598e7d58136593d8e351fd98277',1,'127.0.0.1',1605646037,1605646037),(2237,'12cf3ff0cb71a311ebf719fb3027cc60',1,'127.0.0.1',1605646880,1605646881),(2238,'61b5cfdf29e86de3b27d6edc0b365993',1,'127.0.0.1',1605708526,1605708526),(2239,'49b74f8a0925835edc88265dae3c1bc3',1,'127.0.0.1',1605711430,1605711430),(2240,'bf617bd2e71e66c103bc75f07d22f96d',1,'127.0.0.1',1605792993,1605792993),(2241,'d44ce146856445f01c088a6e4ab54de7',1,'127.0.0.1',1605808538,1605808538),(2242,'218071142087ee53ff009bf92b74d65e',1,'127.0.0.1',1605893640,1605893640),(2243,'a37d3cdfb981e4018d82da0771429133',1,'127.0.0.1',1606145058,1606145058),(2244,'f8810037dc54d4f8322a9093ad6e78f6',1,'127.0.0.1',1606159184,1606159184),(2245,'800c47eff4dab38c30ddfc969f8a8a2f',1,'127.0.0.1',1606237951,1606237951),(2246,'06fb6cba5e82bb28c864aa3dede9f22e',1,'127.0.0.1',1606425802,1606425802),(2247,'7616b1302653860cb795fd69c2e17947',1,'127.0.0.1',1606838975,1606838975),(2248,'747359ad9f802880f93346f236b1cb51',1,'127.0.0.1',1606921157,1606921157),(2249,'ea6d04f04e33d24a7a69711d152e5cb8',1,'127.0.0.1',1606925350,1607364433),(2250,'fec0caa2a050aace54d8f8fec97b31e6',1,'127.0.0.1',1606947685,1606947685),(2251,'89d30c3f16cfa484f5678945acae9552',1,'127.0.0.1',1606951706,1606951706),(2252,'f3440b7571c843ead6111e15c5b30c7c',1,'127.0.0.1',1607009720,1607730905),(2253,'9ef34f52f9e05839d1990f319eb24943',1,'127.0.0.1',1607021724,1607021724),(2254,'3751caa5095e0868458a2e25416335ed',1,'127.0.0.1',1607095550,1608066066),(2255,'6cdb08ce450a4ebc52c153a2c03ae35c',1,'127.0.0.1',1607097055,1607097055),(2256,'ea1c951fc2414a2003894af67b458339',1,'127.0.0.1',1607186913,1607186913),(2257,'59c24414c36cdb5c48bdf2b7a5713c27',1,'127.0.0.1',1607373831,1607373831),(2258,'ef81e5553dbd1addd543d7eca3d25896',1,'127.0.0.1',1607374866,1607623573),(2259,'48c6d99fff8006c9ea9b98678b3375bb',1,'127.0.0.1',1607450843,1607959601),(2260,'3c16e84d912f4481a24ce39250de6d9d',1,'127.0.0.1',1607538904,1607538904),(2261,'206a70bc97e7f480e28c2713e88a3aa8',1,'127.0.0.1',1607623525,1607623526),(2262,'653d059dd68f0cd4a368199acd327044',1,'127.0.0.1',1607698848,1607698848),(2263,'4a8dca10fc2696ee3bb6e565b6dc254c',1,'127.0.0.1',1607957419,1607957419),(2264,'4bdcedf1ff7fdd87706e969c69ec4ca6',1,'127.0.0.1',1608234199,1608234200),(2265,'c453ed8848f03ddb59cfc553cc095e80',1,'127.0.0.1',1608318412,1608735570),(2266,'539ae2765e736ed8bc4077f19745761f',1,'127.0.0.1',1608579254,1608748229),(2267,'afc03d93fc816638e725d1c1020fbec9',1,'127.0.0.1',1608595149,1609439178),(2268,'421d175d28cf474035a6736338eeb5df',1,'127.0.0.1',1608658967,1608832668),(2269,'3abda22b1fdc5874cdc8638b48e8a92f',1,'127.0.0.1',1608660938,1608660938),(2271,'0db587b0e24979c9f559f959cf42d47b',1,'127.0.0.1',1609268734,1609596868),(2272,'2f7ce9af947b2b60d4a16af73f1fc8e9',1,'127.0.0.1',1609366084,1609366084),(2273,'53ff732649f867236f2fa66ca27775eb',1,'127.0.0.1',1609761308,1609761308),(2274,'7b532599fd44a73966b196fdcf61a3bf',1,'127.0.0.1',1609800448,1609800448),(2275,'52924d6ec6f03e5c584f10456220d6dc',1,'127.0.0.1',1609802506,1609802506),(2276,'4469cf61fde10581b297bd98dfa5b024',1,'127.0.0.1',1609898851,1609898855),(2278,'5ba2cd73b2d459e406cafafb45f21bed',1,'127.0.0.1',1609971366,1610151758),(2279,'a7492065beaabc1565e406dc3fd3d7f8',1,'127.0.0.1',1609984979,1610470312),(2280,'bded6765051a636f78012e308531f097',1,'127.0.0.1',1610472493,1610472493),(2281,'551e6ca5dd810351935a3c886405d2b4',1,'127.0.0.1',1610558101,1611270095),(2282,'141f4715fac310a407a7d7e9910355a5',1,'127.0.0.1',1610579357,1610579357),(2283,'feb13a62aca4033f5287b8b2e0e19a5e',1,'127.0.0.1',1610662713,1610846421),(2284,'dd26bd6fcaf85b01d49b2b7779b99e20',1,'127.0.0.1',1610731906,1611683925),(2285,'0a5166ab0545bec78936b4b80ed47423',1,'127.0.0.1',1610843506,1610843506),(2286,'6f01801d63ce8f1ccde6465918c8ee3e',1,'127.0.0.1',1611065425,1611065426),(2287,'3b0d0e076a92f4558a9f3ba0e5fc1436',1,'127.0.0.1',1611098719,1611098719),(2288,'07de0f4bb9358c1ad2450ee5feec6689',1,'127.0.0.1',1611153572,1611153573),(2289,'670a009058c86336f20cd53ba9bd9843',1,'127.0.0.1',1611181631,1611181631),(2290,'06b38267382f078c226dccfae9b6c24f',1,'127.0.0.1',1611183656,1611183656),(2291,'bdd5e0ed1ccd7f97686ca1b9538460d6',1,'127.0.0.1',1611330643,1611330643),(2292,'50692613382559dcc602675a84886c54',1,'127.0.0.1',1611346345,1611346345),(2293,'37d705e9b8a0fbad2c2798d9e9c62b71',1,'127.0.0.1',1611422493,1611422493),(2294,'121976d7728b8f4367b740a6f2307424',1,'127.0.0.1',1611694427,1611694427),(2295,'fe5332c88448e24b38c036902644eb8d',1,'127.0.0.1',1611947819,1612025855),(2296,'8b0eb3030c689370bea631648dc64c5a',1,'127.0.0.1',1612197210,1612564636),(2297,'7d65f35c0bf97e71ce66ceb9007b12be',1,'127.0.0.1',1612281047,1613078685),(2298,'bc9fb6726ae6ac98a6dac2e8d412d97a',1,'127.0.0.1',1612301751,1612301751),(2299,'ed37b1c5a59fc152eddebe1f6d554881',1,'127.0.0.1',1612309340,1613685952),(2300,'e2fa5163dbd3ab0d7dbb5c7791bf7168',1,'127.0.0.1',1612369251,1612369251),(2301,'d5a9da15b882c950afefdcd5be4c6d0d',1,'127.0.0.1',1612369682,1613687335),(2302,'85b947464f54742f3edc3b2d14e6cdfd',1,'127.0.0.1',1612376326,1614036815),(2303,'214d5040d7860a3eb0e82151aeeec579',1,'127.0.0.1',1612571757,1612571757),(2304,'e173fa3c2ad8db81977edb0ff58a8ec8',1,'127.0.0.1',1612652211,1612652211),(2305,'471cdf061a9a4800d1a22db22845d993',1,'127.0.0.1',1612917958,1612917958),(2306,'82f0e98524b75cbf19938285e0df4626',1,'127.0.0.1',1612987870,1612987871),(2307,'2de6c35076fbb9af114e705e481e1ca7',1,'127.0.0.1',1613168364,1613168364),(2308,'58836c5b5a0933f5514c57c039bf0b8c',1,'127.0.0.1',1613405201,1613405201),(2309,'41d86ac4d37adee28e9cdc9395fb6cb5',1,'127.0.0.1',1613505726,1613505726),(2310,'4a004af59cf69b2e050aad84c0b7f9b6',1,'127.0.0.1',1613661404,1613661404),(2311,'84a88407712db6efe9c605b76663148d',1,'127.0.0.1',1614009893,1614009893),(2312,'7dec19a263b0f82809a4ed2335b2c762',1,'127.0.0.1',1614088519,1614088519),(2313,'318d400b3e110a60525471d2ec02661f',1,'127.0.0.1',1614200845,1614200845),(2315,'43a809c62cede4ca8b04759454d6604b',1,'127.0.0.1',1614435502,1614435502),(2316,'85505ab4bdac9e4fc32bf20bdb8d9c7e',1,'127.0.0.1',1614450730,1614450730),(2317,'2a42b1cae257d559d76e5f5f9b9a525c',1,'127.0.0.1',1614605388,1614605388),(2318,'827127a7a78d84ff2c1877ff8573cb4c',1,'127.0.0.1',1614617654,1614617654),(2319,'76cafcdc3018cae40d7229f600b2c478',1,'127.0.0.1',1614705472,1614705472),(2320,'b46ffb625b271f561191e85ed6fe0d21',1,'127.0.0.1',1614793727,1614793727),(2322,'4d900407483a2fedcbcc3591c2571a98',1,'127.0.0.1',1614954642,1614954642),(2323,'c6124be3960908cd97e8d95b6f6e7d28',1,'127.0.0.1',1615300121,1615300121),(2324,'4840d50ff8bf93f4124da2d875f5f952',1,'127.0.0.1',1615317828,1615317828),(2326,'7ed2c6bda087728331de39e5006f37d4',1,'127.0.0.1',1615838025,1615838025),(2327,'f93b7ec00365eb34e5029298f7243f60',1,'127.0.0.1',1616009822,1616009822),(2328,'22b093d93dd337ab91efb716a061b782',1,'127.0.0.1',1616710730,1616710730),(2331,'8f7804efecc9c3a0e5219acfd540a3d1',1,'127.0.0.1',1617136720,1617136720),(2336,'491b97de8cf879ef685a335eb0791e0c',1,'127.0.0.1',1617826437,1617826437),(2337,'3b4b95376baacb67b188adae5253ba6b',1,'127.0.0.1',1617827931,1617827931),(2338,'482bea38d46179aa5e7c41ec3633ebf3',1,'127.0.0.1',1617911201,1617911201),(2339,'ecbb2f7c756689a4eb7e9a7f5f835a41',1,'127.0.0.1',1617913491,1617913491),(2340,'a7955cb29b4c46645d4a1930b58091dd',1,'127.0.0.1',1617975000,1617975000),(2341,'4f71c255230cba44ae02f1776a548868',1,'127.0.0.1',1617988579,1617988579),(2342,'7476b204a8f2eafa3a995b6c656b6bb1',1,'127.0.0.1',1617994725,1617994725),(2343,'c6fdff90a2252c4b623fe2ce1ccf0ff2',1,'127.0.0.1',1618022172,1618022172),(2344,'3afb83cc1c50cfe70c5d0a73f21b6f28',1,'127.0.0.1',1618355185,1618355185),(2345,'1cc6fd651c8f43b9168b40b8756b272c',1,'127.0.0.1',1618415076,1618415076),(2346,'f8fe0d9e86b64b3cb511822eaf640951',1,'127.0.0.1',1618508140,1618508140),(2347,'58f493f75a396c5d44e09658c5fa1199',1,'127.0.0.1',1618607567,1618607567),(2348,'22975977be133267c6a09a37484a124a',1,'127.0.0.1',1618930067,1618930067),(2349,'c5c626b5d448a3f22c4ac73d83f0ef91',1,'127.0.0.1',1619023443,1621618918),(2350,'31f1d5a88c7f5cb1a9faedc485c6c1f9',1,'127.0.0.1',1619026818,1619026818),(2351,'ea8463f0e04088572f6fb3af0e586840',1,'127.0.0.1',1619194373,1619194373),(2352,'d9b459d9b5cf88f676cb583fcf73201c',1,'127.0.0.1',1619198999,1619198999),(2353,'f815ae873939f182024b9761ed442d5d',1,'127.0.0.1',1619537021,1622577010),(2354,'60c9d1906604641327ffc537d7fde17a',1,'127.0.0.1',1619719000,1619719000),(2355,'cebcd3e0ddc2a94689254fc3393a70b9',1,'127.0.0.1',1619796568,1620837588),(2356,'24d5f637d36d55a3c03e88e56356a6cd',1,'127.0.0.1',1619819400,1622577687),(2357,'daf6b1698feae97f8c497e283309391a',1,'127.0.0.1',1619993286,1620424981),(2358,'5613c7eb79cc11c63f8efa214b0a2c2e',1,'127.0.0.1',1620056397,1620056397),(2360,'e33dcbfdfc2bbd4579ded20a2ba717b9',1,'127.0.0.1',1620071851,1620071851),(2361,'d2a6b5ec21a51fb61e40172c50e2a471',1,'127.0.0.1',1620141229,1620141229),(2362,'940c0bb4a4100c620630a78b502330e4',1,'127.0.0.1',1620141334,1620141334),(2363,'54052613570fce1d324a6035b9ea641f',1,'127.0.0.1',1620417418,1620417418),(2364,'0a2cfd06701509759dc24b87dc6706f7',1,'127.0.0.1',1620417840,1621357392),(2365,'4565afebaef03f6e2bf8dad0384c27d0',1,'127.0.0.1',1620924650,1620924650),(2366,'ba842138116c909bcaa37eeda206a8aa',1,'127.0.0.1',1620934475,1620934475),(2367,'e6a978f13a487386952fcebb976c3ef4',1,'127.0.0.1',1621029745,1621029745),(2368,'e57386818707d7245fe28eace51affaf',1,'127.0.0.1',1621126839,1621126841),(2369,'7eebd828e94ce756826b100688fc97c8',1,'127.0.0.1',1622478725,1622478725),(2372,'e5b53e8a0a6ec3a528b95a47b63fddde',1,'127.0.0.1',1622567115,1622567115),(2373,'ae3f0310c15b5ad5fb039cbe0261fb72',1,'127.0.0.1',1622727024,1622727024),(2378,'1fdd6e6fbbf2778c1fdc2346c739ca71',1,'127.0.0.1',1622853042,1622853042),(2379,'868e4780e3ae7ea3edc7aa8a8e0dfc6b',1,'127.0.0.1',1622917549,1622917549),(2380,'47092ca0f93ab055b2286e8d717899f7',1,'127.0.0.1',1623165313,1623165313),(2381,'f7bb08f8f3600d316c5ad1ad23b38c69',1,'127.0.0.1',1623259536,1623259536),(2385,'e0df1f827435b953c59d2806b56de55e',1,'127.0.0.1',1623427041,1626279914),(2386,'cf6a9d0cbe94529d5811a4670b4c5526',1,'127.0.0.1',1623518563,1623518563),(2387,'3894f3616fd44af72d9877a4831dfb15',1,'127.0.0.1',1623788341,1623788342),(2392,'bf31a6ee3ea0e7a730e801f30c4cc1d8',1,'127.0.0.1',1624902005,1624902005),(2393,'847b068948ef04b116a29c27ecbbd070',1,'127.0.0.1',1624913900,1626294444),(2394,'8271e88facc2925ca653934d1cd68e76',1,'127.0.0.1',1625069474,1625069474),(2395,'d644d5ada78df86d03b7099d6569f8f9',1,'127.0.0.1',1625079108,1625089036),(2396,'66bd9c6c1265729082b1f699044ff22f',1,'127.0.0.1',1625151873,1625151873),(2399,'627462bab195522eb98cb273a1a994f7',1,'127.0.0.1',1625241241,1625241241),(2401,'faff5e2f4ce2d7a16f2d2ee784bf95e2',1,'127.0.0.1',1625592101,1625592101),(2403,'464fc97beb5051479711d890a8e95e36',1,'127.0.0.1',1625597945,1625597945),(2404,'e2464106ab0dd39abafaf55a06959b6d',1,'127.0.0.1',1625611768,1625611769),(2405,'33c3a884e23e7e86ae6e911cc27fc5a7',1,'127.0.0.1',1625668830,1625668830),(2406,'20409c1dbf7678702384072c19d2f508',1,'127.0.0.1',1625697719,1625784895),(2407,'ae79b4ebdc582db6f90042dbadc67ba6',1,'127.0.0.1',1625700204,1625700204),(2410,'bb8ffc949dd0e52598377aaa10144762',1,'127.0.0.1',1625845937,1625845937),(2411,'9c0642956e7396a0c04204dd6ff1d0a6',1,'127.0.0.1',1626110506,1626898826),(2412,'9aad19bd3e914a54b3a7960e6bb0f2b8',1,'127.0.0.1',1626445520,1626445520),(2413,'dcb6b2f6b48147e61b2d5f8c495656b1',1,'127.0.0.1',1626458318,1626458318),(2414,'3f5cfd7e179f3fe83500682aeb7a9c56',1,'127.0.0.1',1626713441,1626713441),(2415,'4e39ed633c6569226c61cf7965c7a14f',1,'127.0.0.1',1626885791,1626885791),(2416,'d4d3e3f069a9a988c7e89bbfbfbda096',1,'127.0.0.1',1627053273,1627053273),(2417,'87f13fb892db941b59dc18e44fbea077',1,'127.0.0.1',1627068587,1627068587),(2418,'d41db3dc90d8dae9889f90c5c1b237cd',1,'127.0.0.1',1627405384,1627405384),(2419,'96e65ea410d8046da984c335c07a1614',1,'127.0.0.1',1627510330,1627510330),(2420,'c4852db4fccbfb00bb6ce219e910fa67',1,'127.0.0.1',1627572124,1627572124),(2421,'7fad6ec8907c9baf635ab7267e590019',1,'127.0.0.1',1627590737,1627668243),(2422,'bf8207e2a2020a751186e870bc896548',1,'127.0.0.1',1627666430,1627666430),(2423,'4512581f77803e3fac690e4af6548486',1,'127.0.0.1',1627927009,1627927009),(2424,'b0acd0bd0647757643559c2f3a399fce',1,'127.0.0.1',1627928873,1627928873),(2425,'ba2c8c9871f60ab141bbf375bf9e9b73',1,'127.0.0.1',1627931094,1627931094),(2426,'909ee1dbcfe92453d1b2ad2e4aedeb14',1,'127.0.0.1',1628022291,1628022291),(2427,'12396c3eb918b33f42ed28f2291a8f2e',1,'127.0.0.1',1628093809,1628093809),(2429,'1157225deefa97ba6e2217eb67c7941b',1,'127.0.0.1',1628176410,1628176410),(2430,'14cb677184dbc1613e84e33bf1f93a0e',1,'127.0.0.1',1628181667,1628548931),(2431,'2ab6466710931cb36a2fe3a656eb9e93',1,'127.0.0.1',1628194638,1628194638),(2433,'edbfaa4b275cf7c44efacbc5bf6c3e75',1,'127.0.0.1',1628264279,1629394895),(2434,'c0d39c3552f54c273e4f5f358d64f0e7',1,'127.0.0.1',1628267249,1628267249),(2435,'cf1073e4fd463c734e83c7d5332d0ee2',1,'127.0.0.1',1628270984,1628270985),(2436,'2de6328146c3b31ecf7409e99d37924c',1,'127.0.0.1',1628282323,1628282457),(2437,'57a8e204bc8db6644edd045ff1d7b509',1,'127.0.0.1',1628305112,1628305112),(2438,'a8837a73a0526ace0a83b3fedd6aaaf1',1,'127.0.0.1',1628372619,1628372619),(2439,'45d0db68f8eff4d669b2b5fb35de5fe4',1,'127.0.0.1',1628467503,1629389621),(2440,'7505c4fcc8b6becad732f8ae7e428bf8',1,'127.0.0.1',1628780131,1628780131),(2441,'59152363a367358c22433824939b6105',1,'127.0.0.1',1628808364,1628808364),(2443,'4fcdf1b73d7e067c78f000b4d05dac66',1,'127.0.0.1',1629220020,1629220020),(2445,'e63c9b7315cdfcf13eedc61a20d4668d',1,'127.0.0.1',1629340470,1629754480),(2446,'9d0475971726952dcd7245b0d8e3e258',1,'127.0.0.1',1629488944,1630528798),(2447,'8c58526adf7d52f8ee66a4eed20e3153',1,'127.0.0.1',1629493020,1629493020),(2448,'5698f1b17098b844b3ab98a6f1a87133',1,'127.0.0.1',1629574072,1629574072),(2451,'f86efd348713dc53885b8a5c6e12243c',1,'127.0.0.1',1630081584,1631232375),(2452,'d6758f487b463d6dc24ce2ae4a63ed3d',1,'127.0.0.1',1630336916,1630952564),(2453,'1cd61ef947e5801904dea57a0863fbac',1,'127.0.0.1',1630416168,1631232632),(2454,'b50600dc4328605e0f2167e3d9301afd',1,'127.0.0.1',1630685916,1631047000),(2455,'e01d2254d0aa091a02b8e1155e876ba8',1,'127.0.0.1',1630688800,1630688800),(2456,'7255ee88704fdf052bf451a2a1ff89bd',1,'127.0.0.1',1631020407,1631020407),(2457,'54682ad32074806568783f17aa0dd4aa',1,'127.0.0.1',1631051417,1631633976),(2458,'c31a1c32374fb90873db25147b22e324',1,'127.0.0.1',1631057819,1631057819),(2459,'e783402f69477f79a5172df381d8309d',1,'127.0.0.1',1631067613,1631067613),(2461,'9c4d60ac69e1b837332e2cb788a6eb9d',1,'127.0.0.1',1631129460,1631745885),(2462,'59dead1dfa5dd135046796bcab91e8d7',1,'127.0.0.1',1631534829,1631727070),(2464,'6fe5540c900e1515bb217fc77c050947',1,'127.0.0.1',1631744883,1631744883),(2466,'34bb9be6615e09ca8bf2dc5988a22e08',1,'127.0.0.1',1632159281,1632159281),(2467,'f2671fd1c5ab92a53ab979e26b3d999f',1,'127.0.0.1',1632417352,1632417352),(2468,'552652e418ff1f909635301134af1678',1,'127.0.0.1',1632753410,1632753410),(2471,'c587c624a6d5af14ccfb51b14a9d1480',1,'127.0.0.1',1632942962,1632942962),(2472,'cbd99d798dc58fa6f44131bdf91cd51b',1,'127.0.0.1',1633458985,1633458985),(2474,'6f98b5d5c06a00e169cfdef32f86cb94',1,'127.0.0.1',1633472713,1633553263),(2475,'416b806d5c4cd1c2c0b3a39ae4fc065c',1,'127.0.0.1',1633475861,1633475861),(2476,'f2f6bbebc1582bd10460486e8245dd96',1,'127.0.0.1',1633536935,1633536935),(2477,'ea16b1f043a5f8c0b5a8a3aca75c1ff1',1,'127.0.0.1',1633537159,1633537159),(2478,'1d34432848ce5e2f235801e9cb49440e',1,'127.0.0.1',1633611558,1633611558),(2479,'8e13f80c8100bc8154bf7b8ab7cf73a2',1,'127.0.0.1',1633619963,1633619963),(2481,'c89b4f02520fb01e8af3f3197094d6df',1,'127.0.0.1',1633644422,1633644422),(2482,'b83009773181b40d13848bc13825cc07',1,'127.0.0.1',1633653492,1633653492),(2483,'48dab52b9f0dcf4953b9b85e7ca07d64',1,'127.0.0.1',1633724067,1633724067),(2485,'27357bd84262316cd95585e7a11c036d',1,'127.0.0.1',1633743859,1633743859),(2486,'d3ed4a155df2921bd22ecbb58d45d5bf',1,'127.0.0.1',1633900549,1633900550),(2487,'ea9a518a9c45ce3be44e2e3ae91e85e9',1,'127.0.0.1',1633991018,1633998277),(2488,'78d2c76db6ac960edd3e36e11038bc2e',1,'127.0.0.1',1634018267,1634018267),(2489,'6970dfe3cd1020b274615b846a15cc30',1,'127.0.0.1',1634070730,1634070730),(2490,'e28f82f462806b0cf6ff7a5ac950b058',1,'127.0.0.1',1634072051,1634072051),(2491,'08462087e6820a0dbda36935c64b0934',1,'127.0.0.1',1634077550,1634077550),(2492,'30fd36c3546ce4501166f3f4e968a99b',1,'127.0.0.1',1634319424,1634319425),(2493,'59abc86c1c5c2312f4f0327330e5bd79',1,'127.0.0.1',1634326408,1634326408),(2494,'fc974dc60302f6a21f983ce3ae62f6ee',1,'127.0.0.1',1634675322,1634675322),(2495,'e668dd1935d68806da447fcbb0db0efa',1,'127.0.0.1',1634768667,1634768667),(2496,'6aa87072794c404b88c835ee98e47d41',1,'127.0.0.1',1635273963,1635273963),(2497,'84e29c6e48fa3b56235b748b7e2c15cd',1,'127.0.0.1',1635367395,1635367395),(2498,'4f0d59946e46649250eb93036194056a',1,'127.0.0.1',1635439077,1635439077),(2499,'b68320ef57873b60431649890f64239e',1,'127.0.0.1',1635454273,1635454273),(2500,'69a9aba4e1fb94d7c1cc6ca83b6b53da',1,'127.0.0.1',1635455563,1635455563),(2501,'a95728105e633a719af0428ad5f96a63',1,'127.0.0.1',1635462106,1635462106),(2502,'3b2694f66896d0aab5f85d0f31a826c3',1,'127.0.0.1',1635782057,1635782057),(2503,'f017f4d09bad50589561ddfc28096473',1,'127.0.0.1',1636059093,1637074346),(2504,'70b619c37cf7a4c84f1f7d85c7536d34',1,'127.0.0.1',1636067280,1636153805),(2505,'64811682398d53100f1f1b14649fd978',1,'127.0.0.1',1636070348,1636070348),(2506,'b3ba72a573f2369426cf45dd0e1ad386',1,'127.0.0.1',1636146583,1636146583),(2507,'4b347e4686b01bb029feda3a2cb6ae0d',1,'127.0.0.1',1636295810,1638322769),(2508,'4464c941e5a5e367a1d4be82bb573dc7',1,'127.0.0.1',1636379696,1636379696),(2510,'13bac3a735ca7142b2f35e078c3c4413',1,'127.0.0.1',1636585363,1636585363),(2511,'4ae1116604e3695a22652deca5788ac5',1,'127.0.0.1',1636632432,1636632432),(2512,'fc905662d8ae48eb5c250e6ed147c7d6',1,'127.0.0.1',1636661401,1636661401),(2513,'e56743df53d55520e0b681bc169d8caf',1,'127.0.0.1',1636661572,1636661572),(2514,'2b3e5b4700a80e432408942069890370',1,'127.0.0.1',1636989643,1637278840),(2515,'508ae90619b230aeae4b7617ef9dec71',1,'127.0.0.1',1637090167,1637250797),(2516,'2c90fbe6798867cf186e5535a7691011',1,'127.0.0.1',1637090402,1637090402),(2518,'ff1c1fbe651ffbe6334d2d66fd92334a',1,'127.0.0.1',1637175634,1637175634),(2520,'7549d9054d0ee8fa1223cfefd76c4768',1,'127.0.0.1',1637256882,1637256882),(2521,'502e56a28f2c694f25776365c1cd1209',1,'127.0.0.1',1637267601,1637267601),(2522,'715fb5fdd3e8e1ccf67c0eed76cbd1b0',1,'127.0.0.1',1637699908,1638713523),(2523,'81ddb2a67ab04b69cd4c559171d0ecde',1,'127.0.0.1',1637973878,1637973878),(2524,'65c1f817a188ced80585367e0af6860d',1,'127.0.0.1',1638009993,1638009993),(2525,'a38b494231b190182a1ca709a076edbe',1,'127.0.0.1',1638282149,1638282149),(2526,'617ebe0b7942accadc2dfa52f64c93cc',1,'127.0.0.1',1638653447,1638653447),(2527,'1e49e3d2e3b9a1452493c5d5205a15d7',1,'127.0.0.1',1638790322,1638790323),(2528,'21d9f8637c32394824a831b20c3cb703',1,'127.0.0.1',1638899169,1638899169),(2530,'f5a55c899b0ed30a6c1c841ee3fa9a61',1,'127.0.0.1',1639060085,1639595176),(2531,'ca9a1cdaa5e930d9ce9e6c8e29f9e213',1,'127.0.0.1',1639406141,1639406141),(2532,'d775464b2f94a43b0112d12125b308cf',1,'127.0.0.1',1639513933,1639513933),(2533,'50b758a39534cfd4bb16ba9710585de3',1,'127.0.0.1',1639608195,1639608195),(2534,'656294818db5e5dcf30eab76277820df',1,'127.0.0.1',1639695141,1639695141),(2535,'a46892bea09da69eba08abcf32f8ba64',1,'127.0.0.1',1639695489,1639695489),(2537,'8568d04b2f688069a2a4f084df3aa249',1,'127.0.0.1',1640586856,1640586856),(2538,'0688a31d25ffdc589ee6be856573b541',1,'127.0.0.1',1640628452,1640628452),(2540,'a9e3436493f183e44845aff3a08332b3',1,'127.0.0.1',1640847226,1640847226),(2541,'aef3cfbe4d72c83638bf46d91f7ddf45',1,'127.0.0.1',1641305488,1641305488),(2542,'05f940428450aafc81e153f507711a9d',1,'127.0.0.1',1641339555,1641339555),(2543,'78a3a3956822098186546a265e116d48',1,'127.0.0.1',1641393779,1641393779),(2544,'22b92e86373cb6dc4e0aee543357946f',1,'127.0.0.1',1641405797,1641405797),(2545,'34b3841a96f5477e69152dc1ef276689',1,'127.0.0.1',1641487560,1641487560),(2546,'39e9be40dcc8bd9776c1431437ad1942',1,'127.0.0.1',1641498020,1641498020),(2547,'a916b7a1c01a374f445ee8381960bc9f',1,'127.0.0.1',1641498141,1641498141),(2549,'06c69b719bce96bf6f0ff61bd0d66136',1,'127.0.0.1',1641852353,1641852353),(2550,'e1d5a4c61a4fef063673d24c4fc85dfa',1,'127.0.0.1',1641905136,1641905136),(2551,'031c0e300a9678a68c012bb90a7b3459',1,'127.0.0.1',1641924403,1641924403),(2552,'4ede9b7a1017d4ed6bb10d14cb0934b2',1,'127.0.0.1',1642003744,1642003744),(2553,'d58ebbfcab471e60d2424610a6889527',1,'127.0.0.1',1642015046,1642015046),(2554,'f5f214be9fa8ff3de88bb08ade263413',1,'127.0.0.1',1642103021,1642103021),(2555,'9f066cb1ac0319f337c0ae08c3dedcb8',1,'127.0.0.1',1642103739,1642103739),(2556,'6878da71095f5b9d05cf3453524aae53',1,'127.0.0.1',1642116369,1642116369),(2557,'b6680166bba1b1355cca62a089af38b0',1,'127.0.0.1',1642130479,1642716350),(2558,'56391433235f3cafe3fe991863313b2b',1,'127.0.0.1',1642163779,1642163779),(2559,'517244a9dd52faf05499acc54d9f7f61',1,'127.0.0.1',1642183650,1642646083),(2560,'32da2d6f749dec53144394677e48d98d',1,'127.0.0.1',1642370805,1642370805),(2561,'a133d8b95462be9474919e440d0542ec',1,'127.0.0.1',1642433205,1642433205),(2562,'88e934eb884652b7fa410b79442317f7',1,'127.0.0.1',1642506895,1642506895),(2563,'184658cd6d4988a45e2005776f0e500a',1,'127.0.0.1',1642527575,1642527575),(2564,'24c0c93d771fd529f069e3e238e3757e',1,'127.0.0.1',1643044634,1643044634),(2565,'9aa1d8d59fdb2b4b45046feacd4cd56c',1,'127.0.0.1',1643118220,1644111527),(2566,'da5613311925b7d1caf1e04ea222d8af',1,'127.0.0.1',1643147442,1643147442),(2568,'a746f66ff77c16731ffb7ad8cc22a136',1,'127.0.0.1',1643493971,1643493971),(2569,'7ec7de4bce7a223676e81f7398265afd',1,'127.0.0.1',1643720143,1643720143),(2570,'8f65dd5773edce7be1989961e816e370',1,'127.0.0.1',1643840358,1643840358),(2571,'5e7567f398ee98c41ee88a74c7d4e604',1,'127.0.0.1',1643904914,1643904914),(2572,'59a1a1f9a005d39154f4be7b8c1f2312',1,'127.0.0.1',1644074713,1644074713),(2573,'1834c77c27fc4e8f21389d54f47b1a24',1,'127.0.0.1',1644095081,1644095081),(2574,'74cdeecb0cb142d625b826d3f79ef800',1,'127.0.0.1',1644187736,1644187736),(2575,'8f1ce59cf2b5fda93906f9f7d71c9c68',1,'127.0.0.1',1644246358,1644246358),(2576,'c2906c5eaeafd3ee44092ddb3fdbf26f',1,'127.0.0.1',1644262155,1644262155),(2577,'afa93d704a32b92c90d09a2c329f439b',1,'127.0.0.1',1644277209,1644277209),(2578,'81fab3977dab0cd46cf3942a72fbf029',1,'127.0.0.1',1644339660,1644339660),(2579,'77b9b788de1be93601340c8b1af7fdf8',1,'127.0.0.1',1644524660,1644524660),(2580,'9aad8b7ed5b6721c91ef19d385a900d4',1,'127.0.0.1',1644733541,1644733541),(2581,'0508463aff524ac31e37803bf0f93968',1,'127.0.0.1',1644865670,1644865670),(2582,'95675a640bdee1a10026e696e81cd757',1,'127.0.0.1',1644871420,1644871420),(2583,'60b2690290c7e6968c97a5c84f12a018',1,'127.0.0.1',1644880147,1644880147),(2584,'9941d948db0b033ff8fafe7416073628',1,'127.0.0.1',1644882466,1644882466),(2585,'a05f7823c3c49fa07578d0885dfa7ec4',1,'127.0.0.1',1644929537,1644929537),(2586,'5ba21a240c012b5ec22b1c5625e050fc',1,'127.0.0.1',1645040297,1645040297),(2587,'86fc7970443b3c0dd2c2f464cdedeb21',1,'127.0.0.1',1645052383,1645206145),(2588,'464da803720d9012103feb5c58eb9e98',1,'127.0.0.1',1645202733,1645202733),(2589,'4f64a2e9e9bf66ebd6f21a4b0b0bc773',1,'127.0.0.1',1645202965,1645483728),(2590,'08ba5d782c97a4efc3ba10a00dce393d',1,'127.0.0.1',1645222482,1645222483),(2591,'bf7f1e47bf4448c8522e5243389ad07a',1,'127.0.0.1',1645290215,1646637384),(2592,'4215670137628509c274a069e42ad081',1,'127.0.0.1',1645446194,1645446194),(2593,'74a8dd93484a1d384d8d370d92945174',1,'127.0.0.1',1645712853,1645712853),(2594,'390ae3f669c19d28848aaa18e414f5ab',1,'127.0.0.1',1646164367,1646164367),(2595,'986151e19d08c8ca9060dd065e8494e4',1,'127.0.0.1',1646309381,1646309381),(2596,'f2e376f3a144fb60250a437c37b56f6f',1,'127.0.0.1',1646382163,1646382163),(2597,'b47b4d0db6360a2ddb138ed11157a7d4',1,'127.0.0.1',1646519133,1646659103),(2598,'b410d2494b9430f6c33ef925caea6e11',1,'127.0.0.1',1646676810,1646676811),(2599,'808a246b874cc0723b33fcea3fab4e34',1,'127.0.0.1',1646754622,1647277482),(2600,'ab1ea4b5f4d872780dfd0971da0f5cc4',1,'127.0.0.1',1646921439,1646921439),(2601,'2e2db39be997585af19f4da18aa074fe',1,'127.0.0.1',1646945839,1646945839),(2602,'f5d1df38234cb193807824eb2499f323',1,'127.0.0.1',1647270407,1647270407),(2603,'61308ce4afb4fbd9804375239a541c73',1,'127.0.0.1',1647372674,1647372674),(2604,'27b3aa9a1ee2658034d7df5b5c64769e',1,'127.0.0.1',1647433128,1647433128),(2605,'248852a854e301e452f04fa4bbb19fac',1,'127.0.0.1',1647468393,1647468393),(2606,'2ddc6720830d4dbaa0fe0181eb368c4c',1,'127.0.0.1',1647657647,1647885996),(2607,'4485b90dfdc9feab6b8d17d743a5073b',1,'127.0.0.1',1647896949,1647896949),(2608,'e2b762f56e7471389e0da4402a57a0c6',1,'127.0.0.1',1647965064,1647965064),(2609,'5c50151b1b3cd2e789fecb428e4a7da8',1,'127.0.0.1',1647977226,1647977226),(2610,'60dc6a6b0c96f1f4f35183bfe68bcab2',1,'127.0.0.1',1647983016,1647983016),(2611,'1b26d36382e96c437388ba914c32a761',1,'127.0.0.1',1648064516,1648135674),(2612,'abbca03419643e27a88dda5912be9646',1,'127.0.0.1',1648079964,1648486969),(2614,'0fbf2ff63d2963ea8f5a2af44feae230',1,'127.0.0.1',1648277421,1649082810),(2615,'7134fb07616810ffab5fd7c157ed25c7',1,'127.0.0.1',1648490705,1648490705),(2616,'2cc492dcbe009dbdd988d61c5bb9b4f0',1,'127.0.0.1',1649083982,1649083982),(2617,'77aab79de4426679c55fe90a1f309631',1,'127.0.0.1',1649087417,1649087418),(2618,'1b0a934c2e120fb246e540c6deb8d2c7',1,'127.0.0.1',1649172398,1649172398),(2619,'b858f3afe1843ec8a643a0a99ed23925',1,'127.0.0.1',1649180213,1649180213),(2620,'0a2026267e33fbe54fe56295c4f9937f',1,'127.0.0.1',1649249220,1649249220),(2621,'a6ef32a551f4508c26831326485467af',1,'127.0.0.1',1649282057,1649282058),(2622,'f518cde432d24b6cf0567f777c83a9e7',1,'127.0.0.1',1649285815,1649285815),(2623,'89abea3f627ff5d5158781d34cc19739',1,'127.0.0.1',1649288911,1649288911),(2624,'7cd9a1cdbe17e9b0ebaff08759e61c1c',1,'127.0.0.1',1649301590,1649301590),(2625,'03141604ecbe59e5e6a5e354f303debc',1,'127.0.0.1',1649522422,1649522424),(2626,'c3de51a4ff4a6bf32c89dcbc38a8c328',1,'127.0.0.1',1649672585,1649672585),(2627,'b5c04e8b9166b86bf4d5d949ad4e5924',1,'127.0.0.1',1649704008,1649704008),(2628,'165bcd9d197b06fa8be7f65264985f5b',1,'127.0.0.1',1649707986,1649707986),(2629,'3b74f999240955b42158a5ac80c0827b',1,'127.0.0.1',1649789128,1649789128),(2630,'dcf65455be4598b24e81665025bd6a46',1,'127.0.0.1',1649885169,1649885169),(2631,'c5e8d76b4f48964c15ef1696cb3d0a3f',1,'127.0.0.1',1650124810,1650124810),(2632,'bb29ed16101c0527d7f05533e1180c7e',1,'127.0.0.1',1650381037,1650381037),(2633,'bcc345dc8d5932fb171b0affe6e426f1',1,'127.0.0.1',1650458755,1650458755),(2634,'df6bb083f9ab80a6a7c7efb30455a239',1,'127.0.0.1',1650466759,1650466759),(2635,'6b06051d0e63f346b6c4a1729a242a54',1,'127.0.0.1',1650491133,1650491133),(2636,'f1a53cba07d071a28f7fab51fdd5c40d',1,'127.0.0.1',1650529201,1650529201),(2637,'2c0e5ce84a7f13b52e59e66a8cfd7739',1,'127.0.0.1',1650838974,1650838974),(2638,'be71c7f155ed7529c4d23d1aab191daf',1,'127.0.0.1',1650872342,1650872342),(2639,'fda1a5e71acedd133898bc43bf16dae2',1,'127.0.0.1',1650893857,1650893857),(2640,'787262994c854ff2e983f96c48ffe692',1,'127.0.0.1',1651202765,1651202765),(2641,'3424fd1545a17408c768c91dce2d9bff',1,'127.0.0.1',1651302857,1651302857),(2642,'908b31d173174cd2e52f667878dc1849',1,'127.0.0.1',1651618811,1651618811),(2643,'a18c785934bdcef8bfac358990e92958',1,'127.0.0.1',1651624146,1651682535),(2644,'5d88fa5a4d14e7d2246eee332bd97152',1,'127.0.0.1',1651761273,1651761273),(2645,'c9e6d1d33acede0a06cd7bd8a8d3768b',1,'127.0.0.1',1651771037,1652195306),(2646,'7816795383223f0c40b070f13f28fc0e',1,'127.0.0.1',1651852524,1652107694),(2648,'20e9cdcd1e98c4e57730340519311b7d',1,'127.0.0.1',1651952460,1651952460),(2649,'e6036e032298864633ce707c4506c966',1,'127.0.0.1',1652104915,1652723398),(2650,'b29860f4e18db6878ddf1fcd2eb486a2',1,'127.0.0.1',1652219661,1652477976),(2651,'9f447e0df43a09e5b510cc1dcbd87ec1',1,'127.0.0.1',1652279193,1652279193),(2652,'e1addc26488c381a97a81f62392edb34',1,'127.0.0.1',1652288496,1652288497),(2653,'705f1854bcbaf7bd5fed6bf9972c0acd',1,'127.0.0.1',1652377291,1652377291),(2654,'b17feeff6997453aff549033254f151f',1,'127.0.0.1',1652544507,1653502246),(2655,'0c1c6c39f02f0b90fd670569e8dd49f2',1,'127.0.0.1',1652722153,1653484825),(2656,'0d013de1fcc8ebe548d4a1573cd7934c',1,'127.0.0.1',1652723373,1652723373),(2657,'00b5db4db8fe4dc2ef6140967fc9c6de',1,'127.0.0.1',1652724734,1652724734),(2659,'cbf82f7e5d74bef59bca69f940c6c35a',1,'127.0.0.1',1652972480,1653966636),(2660,'0d2175a4b1c3a0d13a72c48a5bccbdf9',1,'127.0.0.1',1653406534,1653406534),(2661,'fd7700343cbd8e745701f5ccedcfebce',1,'127.0.0.1',1653570865,1653570865),(2662,'4bd739d0c64d658dd270c7d21844b802',1,'127.0.0.1',1653744038,1653744038),(2663,'48607f6c13c65b988ab47ee6f2b05f9c',1,'127.0.0.1',1654017053,1654017053),(2664,'4dbf82d5ba4663e311b55d3db3eda408',1,'127.0.0.1',1654096652,1654635562),(2665,'5be2a139698158a1168fc92d49fbc1fd',1,'127.0.0.1',1654140537,1654140537),(2666,'99dc11874a9b92f9c50de3ba32be8d76',1,'127.0.0.1',1654175583,1654548457),(2667,'e74fd1d9e965329d2aea1457d5bee788',1,'127.0.0.1',1654177964,1654177964),(2668,'e3e501d64567b575df97241be940d2a1',1,'127.0.0.1',1654205954,1654785468),(2669,'a1754b692abedc021f74e0875f09cdff',1,'127.0.0.1',1654286875,1655128094),(2670,'d22d23d6ae3406ed8a2c0318450b4b83',1,'127.0.0.1',1654367795,1654367795),(2671,'365f30a419076baa95c9ded99ed12bd0',1,'127.0.0.1',1654549805,1654549805),(2672,'913c43237656ffe652178be08a8688b9',1,'127.0.0.1',1654968512,1654968512),(2673,'3899959da378242992b9e8ff54d3f65f',1,'127.0.0.1',1655213669,1656516142),(2674,'42fcffd440dcb834ea0cace291391e67',1,'127.0.0.1',1655242982,1656439294),(2675,'1b42a436f12050564f6ada940a17a5e8',1,'127.0.0.1',1655483889,1655990368),(2676,'0a05f8f6c247929a2b76667dc57cb10f',1,'127.0.0.1',1655504973,1656440121),(2677,'113cab73593e00b64237095d2bce568b',1,'127.0.0.1',1656201823,1656201823),(2678,'d3bd9f86ee430eb5039abbc9cd0abec1',1,'127.0.0.1',1656616194,1658935312),(2679,'8ab9b3aa05096f1074808a696df34158',1,'127.0.0.1',1656691138,1659716644),(2680,'f24daff578308ab8099c30e84ef09c26',1,'127.0.0.1',1656771503,1659137054),(2681,'82911913ee0e3c226fff541f93297835',1,'127.0.0.1',1657114031,1659559672),(2682,'a4f545f1af78836ee47613e97b976cb6',1,'127.0.0.1',1657551465,1657551465),(2683,'a417901e619841a7a3d91135082140dc',1,'127.0.0.1',1657626185,1657626185),(2684,'03494595384427b0d30c526cd5a19ebe',1,'127.0.0.1',1657634687,1657634687),(2685,'347e1b2d854d336b2b2a782b312dc560',1,'127.0.0.1',1657722172,1657979006),(2686,'613744e943723927cd5d398ca5b18dee',1,'127.0.0.1',1657812037,1657812037),(2687,'224144a1863ddf1607db11d9f6f20cd9',1,'127.0.0.1',1657814567,1657814568),(2688,'4083d769fa6adea146279f846d2006ee',1,'127.0.0.1',1657921041,1657921041),(2689,'c2167e8c6794811126cea4fff45e0729',1,'127.0.0.1',1658522696,1658522696),(2690,'60a8a685b750c8409ccf4dca42209c65',1,'127.0.0.1',1659402442,1659402442),(2691,'d731c853775844ff299e101ba580e900',1,'127.0.0.1',1659407437,1659407437),(2692,'b21e54b4738a4da19b572128c9f6fcde',1,'127.0.0.1',1659622472,1659622473),(2693,'ace688764732e1bc41f9e6903fc249ba',1,'127.0.0.1',1659741142,1661869779),(2694,'2ac664370a22376989bff6f2eaaaecaf',1,'127.0.0.1',1659806456,1661264045),(2695,'b51f9d919f1e5b17121774fc6d38ca10',1,'127.0.0.1',1660004592,1660004592),(2696,'8e4a945cbf5f6da7c66d84365e419a29',1,'127.0.0.1',1660051191,1661000718),(2697,'869c03e95ba0cc8a3e9d28ee667aeedf',1,'127.0.0.1',1660082844,1660082844),(2698,'16cf1906e488c23fab9ff249c0206c2f',1,'127.0.0.1',1660144207,1660573979),(2700,'ebb2b2d3e9d24eb0c71454ca613d8939',1,'127.0.0.1',1660409220,1660409220),(2701,'653f751e4533dfef8cc1ced808a697bb',1,'127.0.0.1',1660832194,1660919889),(2702,'b1b0b72ec8f3ecc37358bfd23dc38e39',1,'127.0.0.1',1661181514,1661881808),(2703,'e25dd06acb083d7568921046d6a16de6',1,'127.0.0.1',1661357749,1661357749),(2704,'2b4e05cf0712d1d7a8d4fc3f1396c6bb',1,'127.0.0.1',1661439010,1661439010),(2706,'36ee238877ce70e6aa2c11332a8d3f55',1,'127.0.0.1',1661610194,1661779325),(2707,'58a75d6558aa37206be258799ead9995',1,'127.0.0.1',1661968933,1661968933),(2708,'4c2bfed1ef75492fe5f93399a295162a',1,'127.0.0.1',1661995665,1661995665),(2709,'9fccb76b9653d9ea28fc165d74686c0c',1,'127.0.0.1',1662039491,1662039491),(2710,'b972c8950da8be4639d5709b7b17b504',1,'127.0.0.1',1662060926,1662060926),(2711,'d28573ff1a311efb96278d96b9b9f4e4',1,'127.0.0.1',1662133752,1662133752),(2712,'c33c0a1cda36369e4cb8654657281eb4',1,'127.0.0.1',1662207040,1662207040),(2713,'f557f3e7cd9f1a841110341a39a59833',1,'127.0.0.1',1662207104,1663082800),(2714,'b7d9c4186f1eaf9e4d42e06542c3f2cd',1,'127.0.0.1',1662207806,1662207806),(2715,'448bf8c9e73363eda3a012384df4a787',1,'127.0.0.1',1662214501,1662214501),(2716,'d54a0a81fc511d9452566e89ab042fee',1,'127.0.0.1',1662473236,1663097600),(2717,'55eb61ecef9649b27fa41a89020e10f8',1,'127.0.0.1',1662487984,1662487984),(2718,'39b16afa92630a740066a4731f53142b',1,'127.0.0.1',1662518391,1662518391),(2719,'36e2d963de1b410768925531524ffa26',1,'127.0.0.1',1662604171,1663032226),(2720,'18907fa033193be7645380ee817b8d67',1,'127.0.0.1',1662658989,1663022747),(2721,'46f28edb510cfed3339b0778c66d22a4',1,'127.0.0.1',1662679023,1662679023),(2722,'42bd88331a0d6452d1e941e8aadc2925',1,'127.0.0.1',1662741543,1662741543),(2723,'1c5375c32e29567c70dfbe213186b024',1,'127.0.0.1',1662814278,1664283978),(2724,'b94eddc0c77bfc30201e2c81a6d86726',1,'127.0.0.1',1662991385,1664368748),(2725,'6df85c6af604766c2c7c926173a4d8b3',1,'127.0.0.1',1663011280,1663011280),(2726,'5ea0398530d42ceee37233f8f0b67e37',1,'127.0.0.1',1663015134,1663015134),(2727,'a9e6022bf53cb71f02e2e2502bdf28e7',1,'127.0.0.1',1663020271,1663020271),(2728,'6d436f071404b20922188672ab123ab6',1,'127.0.0.1',1663167895,1663167895),(2729,'cad31d22f65f0e1846c5edf5b9c42bd4',1,'127.0.0.1',1663247746,1663427644),(2730,'1e7dc3836de3e7d507f68feafbd63abe',1,'127.0.0.1',1663257731,1664197108),(2731,'c08e2f418badef91ba1645931146ddd2',1,'127.0.0.1',1663337427,1663337427),(2732,'14c9d69f7aeda63dbecf3c33abecc1eb',1,'127.0.0.1',1663360440,1663360440),(2733,'c3c3f399697f0d67abe4a9d7c690cfd1',1,'127.0.0.1',1663599283,1663599283),(2734,'e83144f02923d672065f77118aefb317',1,'127.0.0.1',1663629591,1663629591),(2735,'54d6c276e2d00a296af24226e733faef',1,'127.0.0.1',1663684099,1663684099),(2736,'e8e58144c57d060af703e18091e7d36c',1,'127.0.0.1',1663765235,1663765235),(2737,'39dc0f6060217c586f969b23fe67bfbf',1,'127.0.0.1',1663856004,1663856004),(2738,'fe55facc9ec4b51141f0db96ccc9c5ab',1,'127.0.0.1',1663862640,1663862640),(2739,'ab5e43063308a28471216e6ce4c608f1',1,'127.0.0.1',1663872863,1664804302),(2740,'66ffd3d9ac2c7a16f8af4362dbbcf5b3',1,'127.0.0.1',1663936440,1663936440),(2741,'aef893440af2b62562ab68720e55c804',1,'127.0.0.1',1663950886,1663950886),(2742,'2108ec05ed67b17c31224917b2318b6a',1,'127.0.0.1',1664026033,1664026034),(2743,'e44a7472cd93de160232c695de66a622',1,'127.0.0.1',1664220584,1664220585),(2744,'1e2a7c1d74963a2d0c40a19dea359e7d',1,'127.0.0.1',1664283836,1664283836),(2745,'4e3bb5f575e7367f190afd4425693331',1,'127.0.0.1',1664458958,1664898671),(2746,'dcca5f0258a8eed1256d37c5d5f94b73',1,'127.0.0.1',1664904169,1664904169),(2747,'4fa51f70cb846443a4a1509cf0d9b273',1,'127.0.0.1',1664920594,1664920594),(2748,'d6b3536291181ea0338b9f63053ef2e1',1,'127.0.0.1',1664983601,1664983601),(2749,'ea25c1647266f146c3aa794bbbce2d0a',1,'127.0.0.1',1664994598,1665091401),(2750,'9ec2ccfd22d84f58f650d192920e1987',1,'127.0.0.1',1665022764,1665022765),(2751,'9200d986275d5f4b3568d71c28dd5f5e',1,'127.0.0.1',1665061779,1665061779),(2752,'72884e5df2c78ae244590ecdb61bfff7',1,'127.0.0.1',1665151417,1665151417),(2753,'09626bd8b6c16a04b524aa330a7f0f05',1,'127.0.0.1',1665238862,1665238862),(2754,'d331dbe6eb9e6b650cda1f2690fd3fb8',1,'127.0.0.1',1665407083,1665407083),(2755,'31dfdfffd51929aa85acf4a5403d93b9',1,'127.0.0.1',1665419792,1665419792),(2756,'b800b467110230447961bfa65118330f',1,'127.0.0.1',1665441060,1665441060),(2757,'f1dce05d5a8ba60aadcb16d72543e9de',1,'127.0.0.1',1665500537,1665500537),(2758,'9d99dc4b635b2730f0e7ff4b14c80519',1,'127.0.0.1',1665508755,1665508755),(2759,'5ad0d1bf28f33f74842e2ec9dadb8d46',1,'127.0.0.1',1666112372,1666112372),(2761,'f6d16119c9aa6e255aed57349c81cad7',1,'127.0.0.1',1666281921,1666281921),(2762,'9a47804f3a6ea8ab528828a5c7837c8b',1,'127.0.0.1',1666282925,1666282925),(2763,'a48ded6bdb17ad16a8c41a676ed28f0b',1,'127.0.0.1',1666707616,1666707616),(2764,'23d06c354a637b86f9591126704b3732',1,'127.0.0.1',1666724532,1666724532),(2766,'5b46e8509c3c3a61d5c686a093ddcecd',1,'127.0.0.1',1666886823,1666886823),(2767,'0bbafb97633df4dc90e04275802523bc',1,'127.0.0.1',1666958378,1666958378),(2768,'92227dd62faa086fea8fb393d4a91cb5',1,'127.0.0.1',1666963909,1667320653),(2769,'6bf4538d1767adc0b2f4184ce3999bd8',1,'127.0.0.1',1667049110,1667049110),(2770,'e0544afac38835a0c4a0526505972cf3',1,'127.0.0.1',1667176621,1667176621),(2771,'3d164c3a2590e899060d3f972f2dd4c6',1,'127.0.0.1',1667316664,1669379596),(2772,'074dd8df0fb59056f71dbbead7a7482f',1,'127.0.0.1',1667392437,1668004386),(2773,'f6ece484b0f7867437261dacea1d146c',1,'127.0.0.1',1667491262,1668358648),(2774,'4224235b95f6c2d71e3384c12bda8edd',1,'127.0.0.1',1667567093,1667567093),(2775,'0815b8e71af669811a7c4f77f1a1f4a5',1,'127.0.0.1',1667658323,1667658323),(2776,'99250d1734952c33408721b64146b866',1,'127.0.0.1',1667697326,1667697326),(2777,'817bde31e679f3a543edb8915c7d8c57',1,'127.0.0.1',1667773219,1667773219),(2778,'0a99897990498e95d9c4fc5fa31f253f',1,'127.0.0.1',1667832123,1667832123),(2779,'1328fc769de1e72b21d52a88ad570e5d',1,'127.0.0.1',1667855654,1667855654),(2780,'e301c6cd780535f86ea88a224a243a2f',1,'127.0.0.1',1667944084,1667944084),(2781,'bc998b2f5dee2638ffdda063b066843b',1,'127.0.0.1',1668184010,1668184010),(2782,'b1d0be36f8c0a1c789a93297daf69dcc',1,'127.0.0.1',1668200571,1668200571),(2783,'31e24097adfaa7093974de5d42139f9b',1,'127.0.0.1',1668280747,1668280747),(2784,'f1cf06a59a97111886a4bf5f8da1d7a0',1,'127.0.0.1',1668445066,1668445066),(2785,'e9adfd70310d8dbb4b0319172bbd9bf6',1,'127.0.0.1',1668528258,1669057110),(2787,'4cb1fb8e449acb76ca35322c63f2e4c8',1,'127.0.0.1',1668700824,1668700824),(2788,'a05c3dd00fc5c3d7c3b8403a963dfa86',1,'127.0.0.1',1668713877,1668713877),(2789,'aa2b66e28e17620c18485e17e85967e0',1,'127.0.0.1',1668805185,1668805185),(2790,'b9d40f492a0a57bb5a8ffb2e54006db0',1,'127.0.0.1',1668813979,1668813979),(2792,'086528d134018e20a89aac9c78b1a3d0',1,'127.0.0.1',1669232394,1669232395),(2794,'b0253da3ed4c57214d8ef2bd0a021eef',1,'127.0.0.1',1669732305,1669732305),(2796,'0b71f51f985b3a26ff8bc319177e8e49',1,'127.0.0.1',1669754207,1669754207),(2797,'6e283ea00f6192c4410150e657f9fc69',1,'127.0.0.1',1669759015,1669759015),(2798,'ce560d0817d898df9499c79e2edbe202',1,'127.0.0.1',1669810589,1669810589),(2799,'d0912c1eb4d589ea07210a5fc7c48f07',1,'127.0.0.1',1669984417,1669984417),(2800,'df37b11122d52b74e10d130b8eebb143',1,'127.0.0.1',1670121119,1670121119),(2801,'047cb0c5a0a39298e8b9abbf9c23218e',1,'127.0.0.1',1670163959,1670163959),(2802,'f5677c49fde632cd1fb2e81f0e2bc725',1,'127.0.0.1',1670246407,1670246407),(2803,'3cb88ad8b100d37c593af338e25e5b22',1,'127.0.0.1',1670269668,1670587818),(2804,'fa6442b7902b4282ebe87faa37c92e86',1,'127.0.0.1',1670329645,1670329645),(2805,'823c6b9aa5cabc98b724107603537f4a',1,'127.0.0.1',1670429548,1670429548),(2806,'f2d1bc4aec0d42e880891428eb5f7d1c',1,'127.0.0.1',1670463832,1673961875),(2809,'c91702775afa1249a4b6efa707168075',1,'127.0.0.1',1670695806,1672923346),(2810,'710638d862d2bf853129b52216ac29e5',1,'127.0.0.1',1670953564,1672757750),(2813,'2301004558dc6f63970a3d5478361a76',1,'127.0.0.1',1671224547,1672320007),(2814,'642b5e322ceda6d2ce10f27bced39d47',1,'127.0.0.1',1671316096,1672071842),(2815,'7f531ed632a4c5a5fc246dc655b86d9e',1,'127.0.0.1',1671470915,1671713411),(2816,'36adde5031a6ea351986d1d977836a82',1,'127.0.0.1',1671641548,1673617593),(2817,'9cd70669b9da4ec247cb895981d20ee9',1,'127.0.0.1',1671718890,1671718890),(2818,'48ce1db02fb06c8b8e88cb3c39ba1299',1,'127.0.0.1',1671916854,1671916854),(2819,'6397fe08aeb6fecc614fc8ad5759a5de',1,'127.0.0.1',1672148716,1672148716),(2820,'d5a11ee46ee211cd483978bcf68968d4',1,'127.0.0.1',1672229016,1673877778),(2821,'9a7f31bc8a68a7d31ef5262c8ca1f575',1,'127.0.0.1',1672425250,1672425250),(2822,'7b7f87f04e346553ccab2367fd56f70c',1,'127.0.0.1',1672437660,1672938721),(2823,'45715ac0c62b5de01575a15c743095a6',1,'127.0.0.1',1672503327,1672503327),(2824,'21f4abf99d3fe88437dc72fdf2e3f3b0',1,'127.0.0.1',1672679587,1672679587),(2825,'9db68589b99168305b886be3f9f661ee',1,'127.0.0.1',1673367420,1673893143),(2826,'cd304154d8b86ecaa04695264409303e',1,'127.0.0.1',1673450534,1674654263),(2828,'8d3984ea5a71945427cc74ec8131f594',1,'127.0.0.1',1674047544,1675955378),(2830,'315fa017131dbf1da3999679eb720297',1,'127.0.0.1',1674063794,1675944859),(2831,'ec0a822bafb1e16139713361e4287f34',1,'127.0.0.1',1674138683,1675203167),(2832,'0d865bde01bf5fddcf70b6ec7455ef7f',1,'127.0.0.1',1674235299,1674235299),(2834,'ec5355a5b1b2c8fb552780749b80b6de',1,'127.0.0.1',1674475724,1674475724),(2836,'054c8fdd64c853f2dd2e55ceaa2f1b38',1,'127.0.0.1',1674647898,1675435824),(2837,'ed796d18d3be5185ad77bfcb278211e7',1,'127.0.0.1',1674748254,1675515991),(2838,'d98193d3a0f5df113c9ecdded62e7de3',1,'127.0.0.1',1674914095,1675700493),(2839,'798f98bdf06cf3d12dfc11bfdb1c02ec',1,'127.0.0.1',1675169070,1675169070),(2840,'1a0b907bef960a6cb8c2b850ccc7edde',1,'127.0.0.1',1675257235,1676142868),(2841,'1883d5ddc007cb9cde761564b3ea2af3',1,'127.0.0.1',1675257541,1675257541),(2842,'f6076575e3c65d86c5a7a274ed1c13e4',1,'127.0.0.1',1675773471,1675773471),(2843,'00101a0a1d48bb0e102db4991da2c71b',1,'127.0.0.1',1675941738,1675941738),(2844,'669236fbe236e9ee96f4ad96d3614537',1,'127.0.0.1',1675988692,1675988692),(2845,'15b3a4f781bc9cb5873df54dea369f4a',1,'127.0.0.1',1676031663,1676031663),(2846,'9f5d805c23ea8e94d6575ae5a961b73d',1,'127.0.0.1',1676059170,1676059170),(2847,'3a4a6b8b97b6e5c08aa382751097c6ce',1,'127.0.0.1',1676122067,1676122067),(2848,'83f6850f16c18957f9833a86a9b8636c',1,'127.0.0.1',1676134128,1676134128),(2849,'d4491d3f3d0a5977e205bcffac71075e',1,'127.0.0.1',1676301037,1676660149),(2850,'f8bda2df6612b40944c85e963987eba7',1,'127.0.0.1',1676305910,1676551273),(2851,'50bfba7dc063d17ae23de30354309519',1,'127.0.0.1',1676308121,1677582298),(2852,'7e99e89ddc44fbc721542bb0b8d47c98',1,'127.0.0.1',1676399119,1676399120),(2853,'7a7ffae1f288ac6b75aa451b1df05800',1,'127.0.0.1',1676463861,1676463861),(2854,'761aeee10d28499887e29cc57da50a75',1,'127.0.0.1',1676575380,1676575380),(2855,'2182762d34191acdd576a5681694bc9c',1,'127.0.0.1',1676579253,1676579253),(2856,'b5e4d7a267ac792724b6def6b0866485',1,'127.0.0.1',1676900322,1676900322),(2857,'8b52a7430617c0545698996b0e1a40f0',1,'127.0.0.1',1677080853,1677080853),(2858,'0cf20b1eee2eedc90f12d6146b96901e',1,'127.0.0.1',1677154844,1677672265),(2860,'e568d1f35b56b39a5ab12c9ff06b3a04',1,'127.0.0.1',1677331397,1677331397),(2862,'4ee16036bbf76a630a277ed12ffce91c',1,'127.0.0.1',1677683000,1677683000),(2863,'8438c21f7ee06c0db328cfea9f5746f4',1,'127.0.0.1',1677763130,1677763130),(2867,'df47015c64af76f44572c0c6337f376c',1,'127.0.0.1',1677856932,1677856932),(2872,'7e9c77b622baf31490367671978ae9b4',1,'127.0.0.1',1677942912,1677942912),(2874,'2f0e28e8d1b3f4a5f0120b07c1cb4470',1,'127.0.0.1',1678188387,1678188387),(2875,'110ed80e71257389f3b3618601440ebd',1,'127.0.0.1',1678194078,1678463166),(2880,'d005bb185656998986154c59f68bba60',1,'127.0.0.1',1678996834,1678996834),(2881,'37be4e227348dda10614c25c6af167bc',1,'127.0.0.1',1679003393,1679493289),(2882,'10761810c410da423aa9a53aee49f23c',1,'127.0.0.1',1679055865,1758278214),(2883,'4b17e7db941c3fd5ef7c3d3e5dc1c42d',1,'127.0.0.1',1679501023,1681155792),(2884,'005c5d3ef5234b3194ccc39cd09eb573',1,'127.0.0.1',1679734500,1680013299),(2885,'8af4b532128873d40d8f6f3c275ce6b8',1,'127.0.0.1',1680126852,1680126852),(2888,'d7efb9418f789693171cea4441a0d041',1,'127.0.0.1',1681166140,1681166141),(2891,'6dfd808eb6c934c365d09eb03d501a6b',1,'127.0.0.1',1681487684,1681489035),(2892,'ee32b2086d48a26b7b8205110707a19c',1,'127.0.0.1',1681511238,1681511238),(2893,'abbc0fad719419d393801eb1947ff494',1,'127.0.0.1',1681830790,1683041998),(2894,'b49b2a704b334a910fc768d02bad2fac',1,'127.0.0.1',1683078126,1683078126),(2895,'98652088181a0b097aeaccca66e92336',1,'127.0.0.1',1683118429,1683666956),(2896,'9df802bca4369b936f4eea906cb2de41',1,'127.0.0.1',1683207234,1683207234),(2899,'73af86785c0b499c88ebff33e9382ed2',1,'127.0.0.1',1683643644,1683643811),(2902,'6b79b9b0e6521d1b4d755fb17a8edbaa',1,'127.0.0.1',1683903123,1683903123),(2903,'c13b90eab56811651925f0710cef27cd',1,'127.0.0.1',1683930300,1683930300),(2905,'6b1036c9263805eb1dfbfbdfdeaf15ac',1,'127.0.0.1',1683983107,1684599763),(2906,'731cc08667a3231397b5ee61d482a450',1,'127.0.0.1',1684186955,1684186955),(2908,'e62366d1500bb83e8feef5fd91575e78',1,'127.0.0.1',1684280188,1685629907),(2909,'ffea97486b59564c9d8cd8a8042dd046',1,'127.0.0.1',1684280691,1684280691),(2910,'7cb62e23c102bca9494f6e2fc7bd10bb',1,'127.0.0.1',1684857200,1684857200),(2911,'820d134d397706799aaaeb4d5bedc66b',1,'127.0.0.1',1684875510,1684934952),(2912,'f3316f6f101e63be16d1862c0f0e8f4e',1,'127.0.0.1',1685026421,1685114614),(2913,'eb5d1a21526d2483276002e89ac4aab9',1,'127.0.0.1',1685199563,1685199563),(2914,'1f08dfa75f136c4f57468e7f719c8f99',1,'127.0.0.1',1685457783,1685465059),(2915,'517812b239142cf73d4b5a970ca6f272',1,'127.0.0.1',1685641427,1685649660),(2916,'f84b4552fc9ca2e1b1ee11b8a75343b8',1,'127.0.0.1',1685710510,1685710511),(2917,'3319121a483a2e3740769123d7a2d65c',1,'127.0.0.1',1685749934,1685749934),(2918,'5412887a7a6a9fd3adfbf7e2dcab05bd',1,'127.0.0.1',1685805780,1685805780),(2919,'f5e1679253c94ab430f9bb20de28b448',1,'127.0.0.1',1685982580,1685982580),(2921,'6b4c36de38b0ba9707d3beb2531e5a6f',1,'127.0.0.1',1686064946,1686151749),(2922,'fa05353e1a5f531f7111c1b9f824d9fc',1,'127.0.0.1',1686238020,1686238020),(2923,'9ccbac357980d5aeda3a77d309fa16d2',1,'127.0.0.1',1686329689,1686749077),(2924,'3c5c4b70d9effde7830bf232bd8ef180',1,'127.0.0.1',1686689293,1686689293),(2925,'9d9cd00f64bbd8d3dd59fe3c3d03972c',1,'127.0.0.1',1686858884,1687537229),(2926,'4b57717a1425dabbbb76c3f042dcc6ef',1,'127.0.0.1',1686861953,1686861953),(2927,'9f37f114ef0c345f8c5a6d2041f26768',1,'127.0.0.1',1687284000,1687284000),(2928,'962b9ce7923dbf18f64eb648bc148a30',1,'127.0.0.1',1687624770,1687624770),(2929,'a68657ab50ca63f28d1a152843f5369d',1,'127.0.0.1',1687795801,1687871872),(2930,'618f51422b4bf3fee285e4d389391fe0',1,'127.0.0.1',1687875790,1687875790),(2931,'a0490976c58c451d2c16dcd1278570b4',1,'127.0.0.1',1688053780,1688485558),(2932,'e6721a6175e3cfc1edc4aaa277e38427',1,'127.0.0.1',1688481260,1689339287),(2933,'b98604bea8f117a38485905af1779e5e',1,'127.0.0.1',1688568103,1688568103),(2934,'8194466fb197bb65a49739cb593df26d',1,'127.0.0.1',1688649618,1688649618),(2935,'bfd3be22d3d9ea2558176f9b87d860b1',1,'127.0.0.1',1688744202,1688744202),(2936,'2499f0a6086f911b34aff6e9aeaf679a',1,'127.0.0.1',1688760072,1688998766),(2937,'5e0c938c62ded7d61c93945bd36c2127',1,'127.0.0.1',1689009606,1689009606),(2938,'65e01c8c681cd3208fd369a2ec804ecd',1,'127.0.0.1',1689080654,1689340863),(2939,'6fdd1b83ae966cb43399d60017e86b26',1,'127.0.0.1',1689167582,1689167582),(2940,'02ac1a8d923e8c41a423d5fcd9e2a3df',1,'127.0.0.1',1689171482,1689171482),(2941,'33af549d9475648b1b85ea80715a8f03',1,'127.0.0.1',1689611969,1689611969),(2942,'b3717d670cccb8109a980caf484673d8',1,'127.0.0.1',1689718774,1689718774),(2943,'16a4b841f5e19677f2f3f06b6304c00c',1,'127.0.0.1',1689785559,1689785559),(2944,'18d90fa6d49fbe3b897bdb5060332c0c',1,'127.0.0.1',1689953084,1689953084),(2945,'e7fe35d02b2fa54a125376f30ab2f36c',1,'127.0.0.1',1690220503,1690471274),(2946,'c40304fd574352115ac3a525cc93c97c',1,'127.0.0.1',1690290327,1690319204),(2947,'c08eb755b0505852dc2c541e6d851528',1,'127.0.0.1',1690377626,1690377626),(2948,'5a46e77a506b95d18871413b849e28aa',1,'127.0.0.1',1690920389,1692195288),(2949,'dfa98521267e21c23647d2cc4607784f',1,'127.0.0.1',1691507100,1691764534),(2950,'c213b7af6c8b2effd1da35bc74b93656',1,'127.0.0.1',1691589736,1691589736),(2951,'1722710ea333decb518fd6c74ca8eb5f',1,'127.0.0.1',1692303732,1692303732),(2952,'0e1be070f963b7bb74ccfeff7bdeb7db',1,'127.0.0.1',1692365116,1694462724),(2953,'a8af688e7c93f6137a84af6a2790f1c8',1,'127.0.0.1',1692983691,1692983691),(2954,'09209bb3877768f94139a78f553b9796',1,'127.0.0.1',1693609662,1693609662),(2955,'e8e392de8aeaaafb24327a413fe33ff5',1,'127.0.0.1',1693920359,1693920359),(2956,'83002d463e8b3807aa4299209a1db7f9',1,'127.0.0.1',1694018613,1694097512),(2957,'008f41e376b5fe8cb249c1d395082b2d',1,'127.0.0.1',1694616229,1695305695),(2958,'d32f762fed69c4263140a14328d9cda3',1,'127.0.0.1',1694697203,1694697204),(2959,'958ee5891f2c320c904d25951edc2cae',1,'127.0.0.1',1694814397,1694814397),(2960,'615f93475985952b27608d8d2d2874c3',1,'127.0.0.1',1695475292,1695830296),(2961,'c277f90ece76796bd153978a9e024e92',1,'127.0.0.1',1695757331,1695757331),(2962,'1bc89a938f61193f6d83f53359995cbc',1,'127.0.0.1',1695757555,1695757555),(2963,'449138fa3774b0edc260cd76af833829',1,'127.0.0.1',1695827512,1695827512),(2964,'5f54d1abd658b5bf271b91ef81b35d37',1,'127.0.0.1',1695911653,1696430288),(2965,'cfe77ba48fc63f8782c0b05cf813160e',1,'127.0.0.1',1695922833,1695922833),(2966,'9d5e967d89bc48ae72d0bf628a5fa622',1,'127.0.0.1',1695938265,1696602253),(2967,'179740c585963b93a1770706ad794627',1,'127.0.0.1',1696520772,1696520772),(2968,'724892bc68eac62443e9f3444fab8c3e',1,'127.0.0.1',1696530848,1696530848),(2969,'ab111cee930e272628b4931f1e05f569',1,'127.0.0.1',1696602421,1696860592),(2970,'ae2d57d8776162a51dbb92732daffdca',1,'127.0.0.1',1696858061,1696972540),(2971,'0db5f8e3f33b881e3c294f68811f6c17',1,'127.0.0.1',1696865655,1696865655),(2972,'6742aa8e6615f5aa65de88c462eae2f0',1,'127.0.0.1',1696948486,1697038642),(2973,'0343cb9e5c627394c9cc9d7df3b6d84a',1,'127.0.0.1',1697121151,1697226785),(2974,'97f7cea3b6d0db0407ae0fa1917684ff',1,'127.0.0.1',1697635443,1697635443),(2975,'adf4afbf709c86ca1e1851089438bc49',1,'127.0.0.1',1697750330,1697753649),(2977,'8e08dabd11e0e3d17fd3d406614e8da8',1,'127.0.0.1',1698156094,1698156094),(2979,'ec5ebb33c3f36a161a2c2a62d1b89287',1,'127.0.0.1',1698244166,1698855534),(2980,'e72479273d3cdb587e9d8f7c7c0fa0ad',1,'127.0.0.1',1698265923,1698265923),(2981,'98b45de13126574dcd0aa21c6205bca7',1,'127.0.0.1',1698638149,1698638149),(2982,'dddcb80cf8f0ebd3c88f17f70123766d',1,'127.0.0.1',1698936971,1699018886),(2983,'fbb17e23a2a4840ff976b3f161327f18',1,'127.0.0.1',1698946380,1698946380),(2984,'cefa8f1c0386791eec25e0d22171da1d',1,'127.0.0.1',1699368535,1700242019),(2985,'34395ac4876d7b092e59265aeef30a90',1,'127.0.0.1',1699457980,1699624812),(2986,'754c8e298470671690ff4ef5d6d176c7',1,'127.0.0.1',1699486715,1699486715),(2987,'38360138395c3c8fe1d4f497ce2ea89b',1,'127.0.0.1',1699972851,1699972851),(2988,'cf3914f327bab308bf5be9eaad7a06e2',1,'127.0.0.1',1699997826,1699997826),(2990,'5ac1cf70be674b6ec82b0e2079586e77',1,'127.0.0.1',1700082646,1700082646),(2991,'b873c5de895adfc768fde6de8c29ee45',1,'127.0.0.1',1700148208,1700227382),(2992,'338c83367038219ef9212c7a93f4791f',1,'127.0.0.1',1700166069,1700166069),(2993,'de459b3a8b0856566095409be6ee2d35',1,'127.0.0.1',1700491145,1700491145),(2994,'4af5df6df6da54a4952a86f17eec6931',1,'127.0.0.1',1700495664,1700915096),(2995,'7ede3dd15af8bebd131d55d66a71f137',1,'127.0.0.1',1700516173,1700516173),(2996,'94c79a6c3e87bfdebffd1b1e89181e27',1,'127.0.0.1',1700580815,1700580815),(2997,'985ea018b487d32741bd2d98d0f3165d',1,'127.0.0.1',1700581184,1700581184),(2998,'bcad02d210a1cfd1bea822b5cb3f81a7',1,'127.0.0.1',1700678181,1700678181),(2999,'e12d4debdcdbe33f3181e0d8235d93f5',1,'127.0.0.1',1701185687,1701531596),(3000,'73d20f14a0a692ccbddd9f204bfeb971',1,'127.0.0.1',1701207295,1701207295),(3001,'210b06259a76b875183e1acd47c8903b',1,'127.0.0.1',1701709614,1701883941),(3002,'d298896dd0801216ddc90884ef08d0de',1,'127.0.0.1',1701955286,1702387200),(3003,'af0564a647fd45fa81a30d3c0c522c10',1,'127.0.0.1',1702043599,1702648245),(3004,'a1e89a65f0cea35d56911effac6b496f',1,'127.0.0.1',1702054997,1702054997),(3005,'e83c2710ab76c8e25e139fd2d9636da7',1,'127.0.0.1',1702097703,1702097703),(3006,'778718d5546ea8180dd82df2a70523cb',1,'127.0.0.1',1702141790,1702141790),(3007,'9d6ba6194e18df26424ee88cf359d846',1,'127.0.0.1',1702213249,1702213249),(3008,'2b45f032bfca1048ee69e83c5c395a06',1,'127.0.0.1',1702343882,1702343882),(3010,'3cf65e6c37816d1357f4597d2bf3c367',1,'127.0.0.1',1702741800,1702741800),(3011,'7af73a6caefaf577d2d05f08dab8c37a',1,'127.0.0.1',1702744102,1703599622),(3013,'7684c017bfd7a66777bc92f35d7baa95',1,'127.0.0.1',1702994425,1702994425),(3014,'b54e4b024599e29b3848ebf53f8a32b6',1,'127.0.0.1',1703179649,1703179649),(3015,'9728cda86cdf57beac4c972b53d47632',1,'127.0.0.1',1703203631,1703203631),(3016,'ad725ed2c96dddc0e4196062b25890ac',1,'127.0.0.1',1703279351,1703279351),(3017,'03fecda76ed3c731c85b385dd4f9a41f',1,'127.0.0.1',1703625276,1703625276),(3018,'fad04062fa7a324eb68d5b5ceb2f292f',1,'127.0.0.1',1703777172,1704297691),(3019,'cf941f6c7c58f0ee22b5d8f8958fdc14',1,'127.0.0.1',1703867522,1703867522),(3020,'944c578d90694c423b037b43aeb43969',1,'127.0.0.1',1704213422,1704213422),(3021,'6c26e93ce9e2159ce17f7863708787b6',1,'127.0.0.1',1704297932,1704297932),(3023,'930a1611557f7dd32d27c19135140966',1,'127.0.0.1',1704382688,1704382688),(3024,'3551778210d87af8ab754938aa888d85',1,'127.0.0.1',1704461019,1704461019),(3025,'47f39234801f648cca373cc5ff61b015',1,'127.0.0.1',1704806878,1705417196),(3026,'c9915e8e4256f22eaa4f91caa9dbdae7',1,'127.0.0.1',1704817214,1704817215),(3027,'f1a0f60c618ea34dafa7c75ff27776ec',1,'127.0.0.1',1704819861,1705010119),(3028,'2695aee6c62e7aeede0cb2d655e7fca7',1,'127.0.0.1',1704906936,1704906936),(3029,'a9d96b4d94cae078c96b0b6db1acdeb4',1,'127.0.0.1',1705080467,1705080467),(3030,'a57737349e11b03b977de6c3c5dfe5a7',1,'127.0.0.1',1705170195,1705170195),(3031,'484ecaeec42229d7f3fdc410e4d49ca4',1,'127.0.0.1',1705337249,1705517365),(3032,'cadcf434bdc030234fee4bb8b6234a81',1,'127.0.0.1',1705413576,1705413576),(3033,'8c249e64194a5ce98883039547fb5afe',1,'127.0.0.1',1705452656,1705452656),(3034,'bc20939fa8f1c64165ce796ebc81a39e',1,'127.0.0.1',1705505523,1705605821),(3035,'0113008c4bcdee09a6c988a097f29628',1,'127.0.0.1',1705613971,1705613971),(3036,'1dd27238532bf855f14ba98e50a577fe',1,'127.0.0.1',1705763452,1706891520),(3037,'b0934412fed2038b0e9c9b0868782e9e',1,'127.0.0.1',1705932646,1705932646),(3038,'98367a31be371973a9c9c1a806455e01',1,'127.0.0.1',1706559181,1708472961),(3039,'b2fd2daedc24832c71b77500c6f68f94',1,'127.0.0.1',1706633392,1706633392),(3040,'cffd461b5917bd3c8d0481efd652841b',1,'127.0.0.1',1706721533,1706721533),(3042,'a84ee0f82b4f238792793da799e5417f',1,'127.0.0.1',1707230660,1707489264),(3043,'d31bc36ed91811c39cb600f722727e3e',1,'127.0.0.1',1707243764,1707243764),(3045,'8b0cfdd501d60a70b10a0762a3ee7a98',1,'127.0.0.1',1707268088,1707268088),(3046,'1002ff7fc5cbc7c06c40dabbc9749fad',1,'127.0.0.1',1707269247,1707269247),(3047,'86308795f29da60f1ae209e0234ebd54',1,'127.0.0.1',1707339521,1707339521),(3050,'7fa1e6a2d9120f4eeccfcae34f34baec',1,'127.0.0.1',1707584834,1707584834),(3052,'9eefe8535e16c1fbe4bda4283539ca6b',1,'127.0.0.1',1707758244,1708005989),(3053,'08a785e8f160ceaad269325282c6dc9b',1,'127.0.0.1',1707773741,1707773741),(3054,'10b4a483ec6e6c0f42208ef9571c4f45',1,'127.0.0.1',1707927928,1707927928),(3056,'dc998af17c1843af3032c0b424c931aa',1,'127.0.0.1',1708040958,1708040958),(3057,'0e1d1915f8470f147b1b028bbfc20abc',1,'127.0.0.1',1708041608,1708041608),(3059,'326d9b59146c33fa5c60d6af58800490',1,'127.0.0.1',1708091736,1708091736),(3060,'64fdc1b285978b6a29c29adb4a6a9967',1,'127.0.0.1',1708174527,1708178974),(3061,'023097098432dc79b0d30e29731b89e0',1,'127.0.0.1',1708199925,1708199925),(3064,'69e489af2584519311a1972665643610',1,'127.0.0.1',1708471328,1708471328),(3065,'35f67436beaf4c7adcdd6acf9d267347',1,'127.0.0.1',1708526310,1708526310),(3067,'a12a5061766780165e6831d31c1c1394',1,'127.0.0.1',1708607194,1708607194),(3069,'be819fc92901ab28387e2518395d1009',1,'127.0.0.1',1708637033,1708637033),(3073,'b720e3d44b9a85a87866f1d27c39336b',1,'127.0.0.1',1708970752,1708971549),(3075,'e595267df10a8c50055889d3ecad7956',1,'127.0.0.1',1708979765,1708979765),(3076,'6dd00cefa92ce4f2fc8e64d5de500393',1,'127.0.0.1',1708981726,1708981726),(3077,'1a9a4d02f8c6e7ad9bc4eb69f70832db',1,'127.0.0.1',1709056429,1709056429),(3079,'662798e0cd6115411cc15aad1e83242c',1,'127.0.0.1',1709077448,1709077448),(3080,'28f255e97437d99b0773021435d054b7',1,'127.0.0.1',1709584621,1709584621),(3082,'9381d4dd3dff06172df75d9dce68c36e',1,'127.0.0.1',1709593015,1709593015),(3086,'096b8e5a6def23c000032628ac277fcd',1,'127.0.0.1',1709822764,1709924166),(3088,'0f43347e04958ddad12fa92df9d5ccac',1,'127.0.0.1',1710011365,1710612218),(3092,'9ad86e622c414d7135f2e305f60ba6d4',1,'127.0.0.1',1710366172,1710366172),(3096,'e56f3ea302324dd7a580c03272a9a4d2',1,'127.0.0.1',1710883879,1710883879),(3101,'289e65b81aa0ffc4f493c3bf96577b92',1,'127.0.0.1',1711227297,1711227297),(3103,'1e4d1c4f2a96537da0f68084a54dad18',1,'127.0.0.1',1711484257,1711484257),(3107,'20a7af6f3125e1962537ba03363f2c9e',1,'127.0.0.1',1711563904,1711563904),(3111,'9182ff04bfe561d95df27a02b17da2a8',1,'127.0.0.1',1712166582,1712321607),(3116,'b49c919fbdaa4cd1402840a756fc3c5d',1,'127.0.0.1',1712593938,1712593938),(3119,'efaeb36b499b702a78f792fa067dac5c',1,'127.0.0.1',1712672689,1712863712),(3120,'6bed30ecb072db7dae5f6dadbe8a90c4',1,'127.0.0.1',1712677604,1712677604),(3121,'21ad3bfec12181f9ffb045d1dd14a031',1,'127.0.0.1',1712772782,1712772782),(3122,'42fa0bcba249bcc45cf64c3bd7fe6591',1,'127.0.0.1',1713448673,1713448673),(3123,'a9d2198f56ba7c8625ec05c8ae71519d',1,'127.0.0.1',1713558021,1713558021),(3126,'8b10c7b8e4756a78ac6abb2f99a425a7',1,'127.0.0.1',1714148850,1714148850),(3127,'3a693121b9d7c8d2c679984a37964c57',1,'127.0.0.1',1714167391,1714167391),(3128,'305437fd7bb2755e21420a300c00d4d3',1,'127.0.0.1',1714252495,1714252495),(3129,'1b6a3127b1fe156f9f82c9692ad6db24',1,'127.0.0.1',1714427305,1714427305),(3132,'03b460fa10d7d055bdc2025dffd32fea',1,'127.0.0.1',1714507403,1714507403),(3140,'d7138b5857d0ef4e0d35d37c9528ff16',1,'127.0.0.1',1715200549,1715200549),(3144,'551f389e28bd4710e9542a35fea4615c',1,'127.0.0.1',1715297507,1715297507),(3145,'1c6438e60416f3b2e341d6f6c6debf25',1,'127.0.0.1',1715356317,1715356317),(3146,'25947a54373f6a61d9539813601ef6cc',1,'127.0.0.1',1715639411,1715639411),(3147,'aa58cfd6043f740e545c46aeed3b268d',1,'127.0.0.1',1715947361,1716662157),(3153,'d0780e879123e933d368fe23d5a01801',1,'127.0.0.1',1716221644,1716221644),(3154,'7743849a9d9bc120e4e1fd63b244800a',1,'127.0.0.1',1716222403,1716222403),(3155,'da2da2a88b4885c6d8dfe88dbf4ac019',1,'127.0.0.1',1716223090,1716223090),(3156,'87a0ca3f307834fe7ea27f773c5d2aef',1,'127.0.0.1',1716235500,1716235500),(3158,'024bbdb862863188586398254d187991',1,'127.0.0.1',1716386651,1716386651),(3162,'b738b7f23eece0e5a32e0d26faab4405',1,'127.0.0.1',1716565009,1716565009),(3166,'ecf89b4966e7b1e1e811493e9d5c744b',1,'127.0.0.1',1717094342,1717166837),(3174,'5f838c2b7612ea1f3ccd6d2f18fc3542',1,'127.0.0.1',1718197671,1718197671),(3177,'bc13050d80be51e23d43c7180b4176cd',1,'127.0.0.1',1718309710,1718309710),(3178,'14d6114f39a3a5599b93c2edb3d55eff',1,'127.0.0.1',1718904464,1719947521),(3181,'05e9847eb1120b373aed2f901958d40b',1,'127.0.0.1',1719257007,1719257007),(3184,'04342f3893250fe60aae41fff1880351',1,'127.0.0.1',1719595808,1719595808),(3185,'23c74e9266734d701ac7e9efc83a7f58',1,'127.0.0.1',1720101379,1720101379),(3186,'a7bf5513e53df78024b6b6cc44573399',1,'127.0.0.1',1720103732,1720103732),(3187,'09a17e3e87b66cb7d39314109864f189',1,'127.0.0.1',1720442903,1720638492),(3189,'ee9d1b3e1e9d43c8a1a4189f515aecca',1,'127.0.0.1',1721162543,1721162543),(3192,'2951091fc429080e5c66313a35917615',1,'127.0.0.1',1721760601,1721760601),(3193,'5d20e6b77a93f7df034ae4b7e8634c27',1,'127.0.0.1',1721768274,1721768274),(3194,'76e40b10fed8c0c1c9f4714194b61e7d',1,'127.0.0.1',1721769852,1721769852),(3195,'a6cbd7e002f5852be8fbc46b019c080d',1,'127.0.0.1',1721936578,1721936578),(3196,'e043c9ce7a2b9619488b3fd41a57db8d',1,'127.0.0.1',1722285032,1722285032),(3198,'1b33a449b9d91c924c4183f41c6a9618',1,'127.0.0.1',1722286861,1722286861),(3204,'49b191e121bbf120d35ece7c13020b37',1,'127.0.0.1',1722981423,1722981423),(3206,'4b9a27fec7adb144d103fef1c7db02a1',1,'127.0.0.1',1723218823,1723218823),(3208,'454c8c2d38454e2c7a8ddb2a88d06a51',1,'127.0.0.1',1723222136,1723657404),(3211,'a9700b7e567e64cd7bb5f0b14c201ea2',1,'127.0.0.1',1724249045,1724249045),(3212,'6a39367e38f347deb4bb78db1cf02fc1',1,'127.0.0.1',1724333110,1724333110),(3215,'849867b54c07302da410defbcb7ecf70',1,'127.0.0.1',1725656472,1725821362),(3216,'93f44f99fc040dd8763b918025d014f9',1,'127.0.0.1',1725905083,1726086503),(3217,'3d9d7dc445fef53629f5e584840ebb2f',1,'127.0.0.1',1725907527,1725907527),(3221,'b5409ca671ae8977aef3c111f91ab332',1,'127.0.0.1',1726234351,1726234351),(3224,'548809348ec5e4956eaaf31f1dd6c16a',1,'127.0.0.1',1726603208,1726603208),(3226,'e8b7168145d5072b9a92b5a0dd6828e4',1,'127.0.0.1',1726690950,1726690950),(3230,'0f0c9cdb5a901586fc351bfe02dd1520',1,'127.0.0.1',1727972340,1727972340),(3236,'a764d9f121bc63630de68a290b8083b2',1,'127.0.0.1',1728592105,1728592106),(3237,'f45340e6d8015b80aadca14698213a88',1,'127.0.0.1',1729106632,1729106632),(3241,'c0844cf34632453cbec482bb6632b6d2',1,'127.0.0.1',1730931082,1730931082),(3243,'a66dd8fdb3fdbcf0893fa3a7bfeac2b6',1,'127.0.0.1',1730983799,1730983799),(3245,'5efb120b8a9007d077044ae8eb4516f8',1,'127.0.0.1',1730999960,1730999960),(3246,'034fd1a063ddfe42ed6aa6895c510543',1,'127.0.0.1',1731000133,1731000133),(3252,'7597a41f4be48106adaf36aba511b62c',1,'127.0.0.1',1731502071,1731614073),(3254,'6a6469687ab4151ba728311551e86bb4',1,'127.0.0.1',1731963298,1731963298),(3255,'ad356abf95cd9b3675b83e57e45a43b4',1,'127.0.0.1',1732030031,1732030031),(3261,'87d60152f9a5df62797ceb63f29f3c4b',1,'127.0.0.1',1732903887,1732903887),(3267,'871c172fa6c533af7b7495a3b151e30b',1,'127.0.0.1',1733576945,1733576945),(3268,'3385ab79d7107efe7ff1be57a29ea3d6',1,'127.0.0.1',1733765006,1734118153),(3270,'10e47b31fad4f538d47892521dc9c0f1',1,'127.0.0.1',1733933491,1733933491),(3272,'16fc53dd04c5412a0ee245c5b2bac725',1,'127.0.0.1',1734044389,1734044389),(3281,'913ed0660188b85b6be16abbe5d766ec',1,'127.0.0.1',1735568789,1735568789),(3283,'915e312efb734a73ec75242a41d48013',1,'127.0.0.1',1735829362,1735829362),(3290,'b0f4a86229540d86483cf7328df84c78',1,'127.0.0.1',1736341730,1736955275),(3293,'9ced138ebac39ab69fb62497518d65bb',1,'127.0.0.1',1736522698,1736522698),(3294,'49d73c520695bf71d440663e80ee592f',1,'127.0.0.1',1736603608,1736603608),(3297,'79e4b64f8c9702610563b0ad7e6c7d63',1,'127.0.0.1',1736993412,1736993412),(3302,'ebc8f2d8227373c7cfad29798e7e541a',1,'127.0.0.1',1737983593,1738006447),(3309,'76c7307643415046b6c9a253e6aebac3',1,'127.0.0.1',1738340055,1738347302),(3312,'91a0d4d211274e402b8ca0f3616575d9',1,'127.0.0.1',1738679260,1738679260),(3316,'e6480b99d30aae31ad417eeca7e6a27d',1,'127.0.0.1',1738867642,1738867642),(3318,'8718753555848dcd3a47a1b85f2cc2ba',1,'127.0.0.1',1738886369,1738886369),(3319,'9223c0fd2a59ab0eba79d10079f0eef7',1,'127.0.0.1',1738888077,1738888077),(3321,'f05058a4deb0aa0df6586f1b4bbd2746',1,'127.0.0.1',1738959222,1739193143),(3322,'3ebd0083870dffc45847f4db2f5e3e5c',1,'127.0.0.1',1738964818,1738964818),(3323,'c100530531fd13672216afd3a9e7ec76',1,'127.0.0.1',1739113222,1739113222),(3325,'53ffd15da9d5612d93d0f6cb71ed04ad',1,'127.0.0.1',1739220834,1739220834),(3331,'bcf12729d4302b37a64d355bebe71d89',1,'127.0.0.1',1739817964,1739817964),(3332,'cdfe41d0b9e7121ed6ded49d762e8681',1,'127.0.0.1',1739897043,1739899784),(3333,'1ebe38a3920720f345e1b230ac214102',1,'127.0.0.1',1739898931,1739898931),(3334,'4dc51a45e845c14006445608adb66a69',1,'127.0.0.1',1739899574,1739899574),(3335,'3c51941f821c1b231392c73ef7458b83',1,'127.0.0.1',1740436139,1740665071),(3344,'139e1198a74c09cfc932882a567d2ada',1,'127.0.0.1',1741487276,1741487276),(3349,'b142f3e31e144604753e7f4886d0c8d6',1,'127.0.0.1',1741966097,1741966097),(3353,'0b51e88e3ae50abf38fd3837488b60fe',1,'127.0.0.1',1742478944,1742481390),(3355,'7d75d8990828da0450143a2f01f33eef',1,'127.0.0.1',1742587842,1742936170),(3356,'df8e05f995cfa6a9cc085ec657fd9c2b',1,'127.0.0.1',1742918347,1744038520),(3357,'fbf8046364a977243c5a335924871933',1,'127.0.0.1',1743609666,1743609666),(3358,'81bd383031208ba3ed3cec5a288ab3a6',1,'127.0.0.1',1743791877,1743802497),(3359,'318aa3cf37d890a305be715929677682',1,'127.0.0.1',1744121009,1744298878),(3360,'bd2cd93a40f4034e84c35dc964ce7c04',1,'127.0.0.1',1744222987,1744632772),(3362,'a13a547845391246e7052684f611ec0d',1,'127.0.0.1',1745445674,1745445674),(3363,'6c75b6748113702d06257946b2b34e73',1,'127.0.0.1',1746194582,1748966890),(3364,'59e4fcc997565ac453dc7721a4c0e4a6',1,'127.0.0.1',1746723543,1747170574),(3365,'1d07440e064251544b95031e90b6b311',1,'127.0.0.1',1747163952,1747163952),(3366,'f5a907455c01c44ab525312a7d8d42ea',1,'127.0.0.1',1747612153,1748215665),(3367,'279ec1f233908f2ee078d6b46afd532e',1,'127.0.0.1',1748300021,1748300021),(3368,'a45cfd6f11f2731df15e7022f0a90c1a',1,'127.0.0.1',1748522658,1748522658),(3369,'c66eec5fcd159beeebe593f59a02dfcb',1,'127.0.0.1',1748902199,1749004050),(3370,'227f3d6bca9c43719c7684a24659d224',1,'127.0.0.1',1749058492,1752072854),(3371,'51b9331f3db25384e0c570893241983e',1,'127.0.0.1',1749060835,1749060835),(3372,'8b00ec26e1842fc3d8c9e0460e92706c',1,'127.0.0.1',1749223978,1749223978),(3373,'cddbc8e8a83d75fa4c9c48ce20da97f8',1,'127.0.0.1',1749572381,1749572381),(3374,'892b2a2052249f760f8238a28d3f99af',1,'127.0.0.1',1749586392,1750805497),(3375,'5385e1fc86e577a2eabb69e150693e04',1,'127.0.0.1',1750000073,1750798783),(3376,'ef9ebcdda975cae9ad5ac9958b32f268',1,'127.0.0.1',1750101944,1750101944),(3377,'5e8aeaeabf502d8ad038b46727b28434',1,'127.0.0.1',1751549196,1751549196),(3378,'8e629565405d8e346d65c1aee4086b0a',1,'127.0.0.1',1751561319,1752180249),(3379,'7b7bc7396382ef711ddcb85c41316c75',1,'127.0.0.1',1751575670,1751575670),(3380,'1db516e523a627b1749f3e27c0b89d4d',1,'127.0.0.1',1751591754,1754427114),(3381,'4bec3ad1b861ebe142a1d562a12caaa1',1,'127.0.0.1',1751912324,1751912324),(3395,'fc3aa7c2cb384a28eac707c31b1a16ce',1,'127.0.0.1',1752161063,1752161063),(3396,'b9c6a465577702ac93c84a4851d5e274',1,'127.0.0.1',1752243170,1752243170),(3397,'d8d5b0dabc6a8ce1f239c2d68e527a92',1,'127.0.0.1',1752252691,1752252691),(3398,'724531d55c28de4c87a75a8ed26c1b7f',1,'127.0.0.1',1752516555,1752852663),(3399,'e0aef965d12a76bb08086ffaf9cc5e08',1,'127.0.0.1',1752618710,1752618710),(3400,'b710cedf7922de373e61e02e85f717e5',1,'127.0.0.1',1752698139,1752698139),(3401,'68d55657d23eb7479740b6acf48203f8',1,'127.0.0.1',1752700130,1754760526),(3402,'a31490c5efad945390a397ecead54108',1,'127.0.0.1',1752775174,1752775174),(3403,'52cad4b79f90036a98ba6905066964b1',1,'127.0.0.1',1753195497,1754505610),(3404,'22d4a4ae5e4865aaf6c0099d2a30128e',1,'127.0.0.1',1754410211,1754410211),(3405,'6cc99dfc061bcd3c0d093dfce26c7564',1,'127.0.0.1',1754692645,1754777533),(3408,'8f8ac7ad0acec6facc74ac898bfc7a11',1,'127.0.0.1',1755626701,1755626701),(3409,'d2ba6ac66e173991dde4195fff89e907',1,'127.0.0.1',1755626882,1756835777),(3410,'8984c6047b98833e08720019e2db0aa0',1,'127.0.0.1',1756234056,1757775028),(3411,'95103a4980b76e244c80817e7850a127',1,'127.0.0.1',1756246768,1756246768),(3412,'5fce9380b22b72594e5a49405fff25c4',1,'127.0.0.1',1756911767,1756997645),(3413,'7c5c146b6cb410f6c8086c50daf7e2d7',1,'127.0.0.1',1757178212,1757178212),(3415,'88896f2b0bb2a6d5955e9e9c8322406b',1,'127.0.0.1',1757434372,1760107822),(3416,'4139bc4ecfb3af7fd85809a675649cfb',1,'127.0.0.1',1757435988,1757435988),(3417,'b4f959dee3ae38eb9aa07bccef58f82c',1,'127.0.0.1',1757436429,1757436429),(3418,'970c2cba0a44b7b8fd651199d729c9f5',1,'127.0.0.1',1757982662,1760049260),(3419,'74a64f9dd094f283bb3f8312259af3b5',1,'127.0.0.1',1758460488,1761907080),(3421,'9935cdb7bc3792f2b75719049eebfee5',1,'127.0.0.1',1758635164,1758635164),(3422,'f0114ead1b44a4e3f44e2e4b340ea3e8',1,'127.0.0.1',1760560048,1760560048),(3423,'75e287b7a63c4b7a80baae1832dc467f',1,'127.0.0.1',1760726551,1760726551),(3424,'2206eacf25e6af25ad90bfaf0536c9a3',1,'127.0.0.1',1761005343,1761165005),(3425,'c9904b746112e8181c8f79dc1dc9e36b',1,'127.0.0.1',1761063402,1761845244),(3426,'509d3a7f73a728c8d8cdff13f100439a',1,'127.0.0.1',1761928357,1761928357),(3427,'c94c7bc20bfc6728949deabc1de2eeb9',1,'127.0.0.1',1761941625,1761941625),(3428,'2f185a52e0419dcd7a632a95b404444e',1,'127.0.0.1',1761943092,1761943092);

--
-- Table structure for table `sucursal`
--

CREATE TABLE `sucursal` (
  `id` int(10) unsigned NOT NULL AUTO_INCREMENT,
  `nombre` varchar(70) COLLATE utf8_unicode_ci NOT NULL,
  `predeterminado` char(1) COLLATE utf8_unicode_ci DEFAULT 'N',
  PRIMARY KEY (`id`),
  KEY `predeterminado` (`predeterminado`)
) ENGINE=InnoDB AUTO_INCREMENT=2 DEFAULT CHARSET=utf8 COLLATE=utf8_unicode_ci;

--
-- Dumping data for table `sucursal`
--

INSERT INTO `sucursal` VALUES (1,'HOTEL GOLD','S');

--
-- Table structure for table `usuarios`
--

CREATE TABLE `usuarios` (
  `id` int(10) unsigned NOT NULL AUTO_INCREMENT,
  `sucursal_id` int(10) unsigned NOT NULL,
  `login` varchar(32) COLLATE utf8_unicode_ci NOT NULL,
  `clave` char(40) COLLATE utf8_unicode_ci NOT NULL,
  `clave_corta` char(40) COLLATE utf8_unicode_ci DEFAULT NULL,
  `fingerprint` char(48) COLLATE utf8_unicode_ci DEFAULT NULL,
  `apellidos` varchar(50) COLLATE utf8_unicode_ci DEFAULT NULL,
  `nombres` varchar(50) COLLATE utf8_unicode_ci NOT NULL,
  `nombre_completo` varchar(100) COLLATE utf8_unicode_ci NOT NULL,
  `email` varchar(70) COLLATE utf8_unicode_ci DEFAULT NULL,
  `genero` char(1) COLLATE utf8_unicode_ci NOT NULL,
  `usuarios_front_id` int(10) unsigned DEFAULT NULL,
  `usuarios_pos_id` int(10) unsigned DEFAULT NULL,
  `clave_fecha` date DEFAULT NULL,
  `creado_at` datetime DEFAULT NULL,
  `estado` char(1) COLLATE utf8_unicode_ci NOT NULL,
  PRIMARY KEY (`id`),
  UNIQUE KEY `login` (`login`),
  KEY `fingerprint` (`fingerprint`)
) ENGINE=InnoDB AUTO_INCREMENT=47 DEFAULT CHARSET=utf8 COLLATE=utf8_unicode_ci;

--
-- Dumping data for table `usuarios`
--

INSERT INTO `usuarios` VALUES (1,1,'admin','5bdef91ec3e73fba855ac27ac7d5d76c38474e58',NULL,'43FE81B0994019ED811355170AB7CF3FFA1F1D9F35999685','Solution','Administrador','ADMINISTRADOR SOLUTION','admin@bhteck.com','M',1,0,'2010-07-05','2010-07-05 00:21:51','A'),(32,1,'asistente','dc2779de73859eefa36fe6678b0bc1fec63a2d9c',NULL,'4191A57AB8014F0B2973C64B8358E90BF22986C51125CFEB','Asistente','Contable Gold','CONTABLE GOLD ASISTENTE','asistentecontabledorado@gmail.com','F',NULL,NULL,NULL,'2013-08-21 13:00:42','A'),(33,1,'pedidos','d3ea2f9f78389b2051ccd215dde2b1c3ca15a10e',NULL,'A10728AF7AA1FF8F8DAECD4211C45BD35FCF70AFE5AA6489','Solicitud','Almacen','ALMACEN SOLICITUD','mantenimient.parque93@bhhoteles.com.co','M',27,NULL,NULL,'2013-09-07 11:54:44','I'),(34,1,'soporte','8b1a0ad372db1f3290b6f7025d4a6399ce1816ec',NULL,'00006BC8E1CBEFF523E428BAE8690E350D5184D67EBD6047','HIGUERA','NICOLAS','NICOLAS HIGUERA','soporte@bhhoteles.com','M',32,NULL,NULL,'2013-10-29 14:50:20','A'),(35,3,'nataliacorrea','1bf64763bbe2e92086d6f2710aa9fba4f0dc0e83',NULL,'CD44B52569EFC55D3384F82D22669AB879F8B9A95A389C82','Correa','Natalia','NATALIA CORREA',NULL,'F',NULL,NULL,NULL,'2014-01-29 10:36:36','I'),(36,1,'recepcion','77b92713a1b79468972840e6b208baec01091fa5',NULL,'13600371C2E0C9F8118D0C608391C2151E73DE444D009CAF','recepcion','bh','BH RECEPCION','soporte@bhhoteles.com','M',22,NULL,NULL,'2014-04-25 11:01:26','A'),(37,1,'admin.bh','010c98a47fb31e2e77f6e81f90a80c05bf9e6765',NULL,'0E0947751AB57E4C75777725D90C80FA4983D1F69EE908C4','Villamil','John','JOHN VILLAMIL','john.villamil@bhhoteles.com.co','M',59,NULL,NULL,'2014-05-20 12:42:45','I'),(38,3,'asis.adminis','b7661427b8b09678d4a900bbb4754ad7990a4470',NULL,'5161EC809EF1B1D5C2B0BCA741476F87110129A4762DB56E','villamil','john','JOHN VILLAMIL',NULL,'M',59,NULL,NULL,'2014-12-01 14:25:53','I'),(39,1,'almacen93','d8f6f5068de18f5ee47ab9963ef224694cff58c9',NULL,'ABE54811AACA028ECB5279F7650BF95E206FB89E35C8ED89','PARQUE 93','ALMACEN','ALMACEN PARQUE 93','mantenimiento.parque93@bhhoteles.com','M',11,NULL,NULL,'2014-12-17 09:30:58','A'),(40,1,'asis.admini','eb143baebdf81b5faa2976b96f97f7c75ead94fe',NULL,'2948F455FA75EB1538BC82E61D6FCF9FB438B0A1173A320D','ADMINISTRATIVO','ASISTENTE','ASISTENTE ADMINISTRATIVO','john.villamil@bhhoteles.com.co','M',59,NULL,NULL,'2015-10-07 09:56:08','A'),(41,1,'j.villamil','5566ce0202c634c7cbd1e5defb8d0d1765d5a51c',NULL,'2EBA08B3ECF403F58275160554295A1CF6CDB4AB834D502F','villamil','jhon','JHON VILLAMIL',NULL,'M',1,NULL,NULL,'2016-06-20 07:11:50','A'),(42,1,'norberto.hernandez','73f267498b180bc790c16944a80d2d425271bc3a',NULL,'9F3B6D4491DD49215D217BA96605B1B73968410D928515F2','hernandez','norberto','NORBERTO HERNANDEZ',NULL,'M',NULL,NULL,NULL,'2016-08-25 14:14:00','A'),(43,1,'contadordg','215b75005004b2ad5860f3fc99d6a4d7e1f3528f',NULL,'61091DD3545F336CE44986E44341A16C547E7C51D8C86958','dorado gold','contador','CONTADOR DORADO GOLD',NULL,'F',6,NULL,NULL,'2016-10-11 16:59:36','A'),(44,1,'contador.dg','e7a0c6951cd410d7e515a7e17d5cb6387d98b62d',NULL,'6F3D62571C456936815B8C6CEB2811127D68E73AADE7252D','gold','contador','CONTADOR GOLD',NULL,'F',7,NULL,NULL,'2017-02-09 16:40:12','A'),(45,1,'auxcont1','250e5b234ce4fc07f16df30a228e17aad7e73be1',NULL,'B56F09FD36F91238057C10C2CA5C73A0FBB77DF46F1F24C6','Avellaneda','Gina','GINA AVELLANEDA','asistentecontabledorado@gmail.com','F',20,NULL,NULL,'2017-04-10 09:27:11','A'),(46,1,'tesoreria','8033b733b34df9d2137c7b50cbb321e9f6722667',NULL,'3427E3E3BBBA6DEC1F3482E5C711278BBA1C99337DCB1A54','BETANCOURT','MARY','MARY BETANCOURT',NULL,'F',21,NULL,NULL,'2017-04-10 17:58:44','A');

--
-- Dumping routines for database 'itorrea'
--


